{"id":387027,"date":"2024-05-08T07:14:34","date_gmt":"2024-05-08T07:14:34","guid":{"rendered":"https:\/\/dev.codekraft.it\/rotary-2024\/products\/uncategorized\/blitz-professional-master-module-2\/"},"modified":"2024-05-08T07:14:34","modified_gmt":"2024-05-08T07:14:34","slug":"blitz-professional-master-module-2","status":"publish","type":"product","link":"https:\/\/dev.codekraft.it\/rotary-2024\/fr\/produits\/accessoires-technologie-de-lair-comprime-fr\/accessoires-compresseurs-a-pistons-fr\/blitz-professional-master-module-2\/","title":{"rendered":"BLITZ Professional MASTER Module"},"content":{"rendered":"<ul>\n<li>8 modules de connexion suppl\u00e9mentaires pour :\n<ul>\n<li>16 capteurs analogiques externes<\/li>\n<li>24 entr\u00e9es num\u00e9riques externes pour les messages de d\u00e9faut ou de fonctionnement du dessiccateur d\u2019air comprim\u00e9, du filtre, de l\u2019\u00e9vacuation des condensats, etc. avec programme de commande pour 2 compresseurs r\u00e9gul\u00e9s<\/li>\n<\/ul>\n<\/li>\n<li>Visualisation de l\u2019air comprim\u00e9 (serveur Web)\n<ul>\n<li>utilisation \u00e0 distance possible, avec transmetteur de pression, 52 entr\u00e9es analogiques maximum<\/li>\n<li>Connexion r\u00e9seau (RJ45), 4 interfaces RS-485, m\u00e9moire de donn\u00e9es de 1 Go<\/li>\n<\/ul>\n<\/li>\n<li>Interrupteur \u00e0 cl\u00e9 avec 4 positions : D\u00e9marrage\/arr\u00eat des compresseurs, Mode manuel, Minuterie \u00ab\u00a0ON\u00a0\u00bb, Programmation activ\u00e9e<\/li>\n<\/ul>\n","protected":false},"excerpt":{"rendered":"<p>dans un bo\u00eetier en plastique standard &#8211; syst\u00e8me de gestion de compresseur pour 16 compresseurs maximum<\/p>\n","protected":false},"featured_media":0,"template":"","meta":[],"product_cat":[1033388],"product_tag":[],"product_approvals":[],"product_application":[],"class_list":{"0":"post-387027","1":"product","2":"type-product","3":"status-publish","5":"product_cat-accessoires-compresseurs-a-pistons-fr","7":"first","8":"instock","9":"shipping-taxable","10":"product-type-simple"},"approvals":[],"application":[],"brb_media_brochure":"","brb_media_drawing":"","brb_media_manuals":"","brb_media_safety_datasheets":"","brb_media_spare_parts":[],"_cdmm_p_id":"483860","_company":"Blitz","_gtin":"4057612685619","accessories":[],"components":[],"related":[],"similar":[],"lang":"fr","translations":{"fr":387027,"en":387025,"de":387026,"it":387028,"es":387029,"ru":387030},"pll_sync_post":[],"_links":{"self":[{"href":"https:\/\/dev.codekraft.it\/rotary-2024\/wp-json\/wp\/v2\/product\/387027","targetHints":{"allow":["GET"]}}],"collection":[{"href":"https:\/\/dev.codekraft.it\/rotary-2024\/wp-json\/wp\/v2\/product"}],"about":[{"href":"https:\/\/dev.codekraft.it\/rotary-2024\/wp-json\/wp\/v2\/types\/product"}],"wp:attachment":[{"href":"https:\/\/dev.codekraft.it\/rotary-2024\/wp-json\/wp\/v2\/media?parent=387027"}],"wp:term":[{"taxonomy":"product_cat","embeddable":true,"href":"https:\/\/dev.codekraft.it\/rotary-2024\/wp-json\/wp\/v2\/product_cat?post=387027"},{"taxonomy":"product_tag","embeddable":true,"href":"https:\/\/dev.codekraft.it\/rotary-2024\/wp-json\/wp\/v2\/product_tag?post=387027"},{"taxonomy":"product_approvals","embeddable":true,"href":"https:\/\/dev.codekraft.it\/rotary-2024\/wp-json\/wp\/v2\/product_approvals?post=387027"},{"taxonomy":"product_application","embeddable":true,"href":"https:\/\/dev.codekraft.it\/rotary-2024\/wp-json\/wp\/v2\/product_application?post=387027"}],"curies":[{"name":"wp","href":"https:\/\/api.w.org\/{rel}","templated":true}]}}