{"id":386792,"date":"2025-11-03T10:26:40","date_gmt":"2025-11-03T10:26:40","guid":{"rendered":"https:\/\/dev.codekraft.it\/rotary-2024\/products\/uncategorized\/hochdruck-kaltetrockner-bthd-450-50\/"},"modified":"2025-11-03T10:26:40","modified_gmt":"2025-11-03T10:26:40","slug":"hochdruck-kaltetrockner-bthd-450-50","status":"publish","type":"product","link":"https:\/\/dev.codekraft.it\/rotary-2024\/produkte\/drucklufttechnik-de\/kaltetrockner-de\/hochdruck-kaltetrockner-bthd-450-50\/","title":{"rendered":"Hochdruck-K\u00e4ltetrockner BTHD 450-50"},"content":{"rendered":"<p>Hochdruck-K\u00e4ltetrockner der BTHD Baureihe stellen eine zuverl\u00e4ssige, kosteng\u00fcnstige und vor allem einfache L\u00f6sung dar. Mit diesem Programm werden \u00fcberlegene Vorteile zu einem erfolgreichen Konzept vereinigt. Die Schwerpunkte der Entwicklung wurden dabei auf optimale Sicherheit, niedrigste Betriebskosten, kompakte Bauweise und Umweltvertr\u00e4glichkeit gelegt.<\/p>\n<ul>\n<li>Edelstahlplattenw\u00e4rmetauscher f\u00fcr Betriebsdr\u00fccke bis 50bar<\/li>\n<li>Niedrigste Differenzdr\u00fccke<\/li>\n<li>Konstante Drucktaupunkte<\/li>\n<\/ul>\n<ul>\n<li>Maximale W\u00e4rme\u00fcbertragung durch Luft-Luft-W\u00e4rmetauscher: Dies wirkt sich direkt auf die Reduzierung des Energieverbrauchs aus.<\/li>\n<li>Edelstahldemister in vertikaler Anordnung zur sicheren Abscheidung. Nasse Druckluft wird bis zum automatischen Kondensatableiter geleitet.<\/li>\n<li>Die gro\u00dfz\u00fcgig dimensionierten Querschnitte der Str\u00f6mungskan\u00e4le im W\u00e4rmetauscher f\u00fchren zu niedrigen Flie\u00dfgeschwindigkeiten und geringen Energiebedarfen.<\/li>\n<li>Ein gro\u00dfvolumiger Beruhigungsraum verhindert das Mitrei\u00dfen von Kondensat.<\/li>\n<li>Der W\u00e4rmeaustausch im Gegenstrom und gro\u00dfz\u00fcgige Abmessungen erm\u00f6glichen eine vollst\u00e4ndige Verdampfung des K\u00e4ltemittels.<\/li>\n<\/ul>\n<ul>\n<li>Luft\/Luft- und K\u00e4ltemittel-\/Luftw\u00e4rmetauscher inkl. Demister platzsparend in einem Geh\u00e4use integriert<\/li>\n<li>Potentialfreier Kontakt serienm\u00e4\u00dfig in Steuerung integriert<\/li>\n<\/ul>\n","protected":false},"excerpt":{"rendered":"<p>450 m\u00b3\/h Volumenstrom, f\u00fcr Betriebsdr\u00fccke bis 50 bar<\/p>\n","protected":false},"featured_media":352548,"template":"","meta":[],"product_cat":[1033588],"product_tag":[],"product_approvals":[],"product_application":[],"class_list":{"0":"post-386792","1":"product","2":"type-product","3":"status-publish","4":"has-post-thumbnail","6":"product_cat-kaltetrockner-de","8":"first","9":"instock","10":"shipping-taxable","11":"product-type-simple"},"approvals":[],"application":[],"brb_media_brochure":[{"id":352549,"url":"https:\/\/dev.codekraft.it\/rotary-2024\/wp-content\/uploads\/brb_media\/00423601_air-dryer-bthd-br-128313-de-2019-10-screen.pdf","title":"air dryer bthd br 128313 de 2019 10 screen","thumbnail":"https:\/\/dev.codekraft.it\/rotary-2024\/wp-content\/uploads\/brb_media\/00423601_air-dryer-bthd-br-128313-de-2019-10-screen-pdf-106x150.png","description":""},{"id":352550,"url":"https:\/\/dev.codekraft.it\/rotary-2024\/wp-content\/uploads\/brb_media\/00423602_air-dryer-bthd-br-128314-en-2019-10-screen.pdf","title":"air dryer bthd br 128314 en 2019 10 screen","thumbnail":"https:\/\/dev.codekraft.it\/rotary-2024\/wp-content\/uploads\/brb_media\/00423602_air-dryer-bthd-br-128314-en-2019-10-screen-pdf-106x150.png","description":""},{"id":352551,"url":"https:\/\/dev.codekraft.it\/rotary-2024\/wp-content\/uploads\/brb_media\/00423603_air-dryer-bthd-br-128315-fr-2019-10-screen.pdf","title":"air dryer bthd br 128315 fr 2019 10 screen","thumbnail":"https:\/\/dev.codekraft.it\/rotary-2024\/wp-content\/uploads\/brb_media\/00423603_air-dryer-bthd-br-128315-fr-2019-10-screen-pdf-106x150.png","description":""},{"id":352552,"url":"https:\/\/dev.codekraft.it\/rotary-2024\/wp-content\/uploads\/brb_media\/00423604_air-dryer-bthd-br-128316-it-2019-10-screen.pdf","title":"air dryer bthd br 128316 it 2019 10 screen","thumbnail":"https:\/\/dev.codekraft.it\/rotary-2024\/wp-content\/uploads\/brb_media\/00423604_air-dryer-bthd-br-128316-it-2019-10-screen-pdf-106x150.png","description":""},{"id":352553,"url":"https:\/\/dev.codekraft.it\/rotary-2024\/wp-content\/uploads\/brb_media\/00423605_air-dryer-bthd-br-128317-es-2019-10-screen.pdf","title":"air dryer bthd br 128317 es 2019 10 screen","thumbnail":"https:\/\/dev.codekraft.it\/rotary-2024\/wp-content\/uploads\/brb_media\/00423605_air-dryer-bthd-br-128317-es-2019-10-screen-pdf-106x150.png","description":""},{"id":352554,"url":"https:\/\/dev.codekraft.it\/rotary-2024\/wp-content\/uploads\/brb_media\/00423606_air-dryer-bthd-br-128318-ru-2019-10-screen.pdf","title":"air dryer bthd br 128318 ru 2019 10 screen","thumbnail":"https:\/\/dev.codekraft.it\/rotary-2024\/wp-content\/uploads\/brb_media\/00423606_air-dryer-bthd-br-128318-ru-2019-10-screen-pdf-106x150.png","description":""}],"brb_media_drawing":"","brb_media_manuals":"","brb_media_safety_datasheets":"","brb_media_spare_parts":[],"_cdmm_p_id":"481360","_company":"Blitz","_gtin":"4057612148725","accessories":[],"components":[],"related":[],"similar":[],"lang":"de","translations":{"de":386792,"en":386791,"fr":386793,"it":386794,"es":386795,"ru":386796},"pll_sync_post":[],"_links":{"self":[{"href":"https:\/\/dev.codekraft.it\/rotary-2024\/wp-json\/wp\/v2\/product\/386792","targetHints":{"allow":["GET"]}}],"collection":[{"href":"https:\/\/dev.codekraft.it\/rotary-2024\/wp-json\/wp\/v2\/product"}],"about":[{"href":"https:\/\/dev.codekraft.it\/rotary-2024\/wp-json\/wp\/v2\/types\/product"}],"wp:featuredmedia":[{"embeddable":true,"href":"https:\/\/dev.codekraft.it\/rotary-2024\/wp-json\/wp\/v2\/media\/352548"}],"wp:attachment":[{"href":"https:\/\/dev.codekraft.it\/rotary-2024\/wp-json\/wp\/v2\/media?parent=386792"}],"wp:term":[{"taxonomy":"product_cat","embeddable":true,"href":"https:\/\/dev.codekraft.it\/rotary-2024\/wp-json\/wp\/v2\/product_cat?post=386792"},{"taxonomy":"product_tag","embeddable":true,"href":"https:\/\/dev.codekraft.it\/rotary-2024\/wp-json\/wp\/v2\/product_tag?post=386792"},{"taxonomy":"product_approvals","embeddable":true,"href":"https:\/\/dev.codekraft.it\/rotary-2024\/wp-json\/wp\/v2\/product_approvals?post=386792"},{"taxonomy":"product_application","embeddable":true,"href":"https:\/\/dev.codekraft.it\/rotary-2024\/wp-json\/wp\/v2\/product_application?post=386792"}],"curies":[{"name":"wp","href":"https:\/\/api.w.org\/{rel}","templated":true}]}}