{"id":386511,"date":"2024-03-25T11:51:58","date_gmt":"2024-03-25T11:51:58","guid":{"rendered":"https:\/\/dev.codekraft.it\/rotary-2024\/products\/uncategorized\/chauffage-anti-condensation-chauffage-anti-condensation-dynamic-37-installe\/"},"modified":"2024-03-25T11:51:58","modified_gmt":"2024-03-25T11:51:58","slug":"chauffage-anti-condensation-chauffage-anti-condensation-dynamic-37-installe","status":"publish","type":"product","link":"https:\/\/dev.codekraft.it\/rotary-2024\/fr\/produits\/accessoires-technologie-de-lair-comprime-fr\/accessoires-compresseurs-a-vis-fr\/chauffage-anti-condensation-chauffage-anti-condensation-dynamic-37-installe\/","title":{"rendered":"Chauffage anti-condensation Chauffage anti-condensation Dynamic 37 install\u00e9"},"content":{"rendered":"","protected":false},"excerpt":{"rendered":"<p>Le chauffage auto-r\u00e9gul\u00e9 garantit un fonctionnement sans probl\u00e8me jusqu&#8217;\u00e0 -10\u00b0 C<\/p>\n","protected":false},"featured_media":351781,"template":"","meta":[],"product_cat":[1033504],"product_tag":[],"product_approvals":[],"product_application":[],"class_list":{"0":"post-386511","1":"product","2":"type-product","3":"status-publish","4":"has-post-thumbnail","6":"product_cat-accessoires-compresseurs-a-vis-fr","8":"first","9":"instock","10":"shipping-taxable","11":"product-type-simple"},"approvals":[],"application":[],"brb_media_brochure":"","brb_media_drawing":"","brb_media_manuals":"","brb_media_safety_datasheets":"","brb_media_spare_parts":[],"_cdmm_p_id":"472787","_company":"Blitz","_gtin":"4057612696097","accessories":[],"components":[],"related":[],"similar":[],"lang":"fr","translations":{"fr":386511,"en":386509,"de":386510,"it":386512,"es":386513,"ru":386514},"pll_sync_post":[],"_links":{"self":[{"href":"https:\/\/dev.codekraft.it\/rotary-2024\/wp-json\/wp\/v2\/product\/386511","targetHints":{"allow":["GET"]}}],"collection":[{"href":"https:\/\/dev.codekraft.it\/rotary-2024\/wp-json\/wp\/v2\/product"}],"about":[{"href":"https:\/\/dev.codekraft.it\/rotary-2024\/wp-json\/wp\/v2\/types\/product"}],"wp:featuredmedia":[{"embeddable":true,"href":"https:\/\/dev.codekraft.it\/rotary-2024\/wp-json\/wp\/v2\/media\/351781"}],"wp:attachment":[{"href":"https:\/\/dev.codekraft.it\/rotary-2024\/wp-json\/wp\/v2\/media?parent=386511"}],"wp:term":[{"taxonomy":"product_cat","embeddable":true,"href":"https:\/\/dev.codekraft.it\/rotary-2024\/wp-json\/wp\/v2\/product_cat?post=386511"},{"taxonomy":"product_tag","embeddable":true,"href":"https:\/\/dev.codekraft.it\/rotary-2024\/wp-json\/wp\/v2\/product_tag?post=386511"},{"taxonomy":"product_approvals","embeddable":true,"href":"https:\/\/dev.codekraft.it\/rotary-2024\/wp-json\/wp\/v2\/product_approvals?post=386511"},{"taxonomy":"product_application","embeddable":true,"href":"https:\/\/dev.codekraft.it\/rotary-2024\/wp-json\/wp\/v2\/product_application?post=386511"}],"curies":[{"name":"wp","href":"https:\/\/api.w.org\/{rel}","templated":true}]}}