{"id":385725,"date":"2025-12-11T10:11:04","date_gmt":"2025-12-11T10:11:04","guid":{"rendered":"https:\/\/dev.codekraft.it\/rotary-2024\/products\/uncategorized\/purgeur-de-condensat-bekomat-31\/"},"modified":"2025-12-11T10:11:04","modified_gmt":"2025-12-11T10:11:04","slug":"purgeur-de-condensat-bekomat-31","status":"publish","type":"product","link":"https:\/\/dev.codekraft.it\/rotary-2024\/fr\/produits\/accessoires-technologie-de-lair-comprime-fr\/traitement-dair-comprime-fr\/purgeur-de-condensat-bekomat-31\/","title":{"rendered":"Purgeur de condensat Bekomat 31"},"content":{"rendered":"<p>Quelle que soit l\u2019application, production d\u2019air ou de gaz comprim\u00e9, une qualit\u00e9 \u00e9lev\u00e9e et constante est requise. Toutefois, le condensat form\u00e9 vient alt\u00e9rer cette qualit\u00e9 et perturber le bon fonctionnement de l\u2019installation.<\/p>\n<p>La formation de condensat est un ph\u00e9nom\u00e8ne physique incontournable lors de la production d\u2019air comprim\u00e9. Ce condensat peut avoir un caract\u00e8re huileux ou non huileux mais agressif. Dans la plupart des cas, il est charg\u00e9 de particules et autres impuret\u00e9s en suspension (par ex. la rouille). Tous ces composants ind\u00e9sirables doivent \u00eatre \u00e9vacu\u00e9s en toute fiabilit\u00e9 pour restituer un air comprim\u00e9 propre et sec.\u00a0<\/p>\n<ul>\n<li>La commande intelligente \u00e9carte toute perte d\u2019air comprim\u00e9 gr\u00e2ce \u00e0 sa mesure capacitive. Ce principe de fonctionnement permet ainsi de r\u00e9aliser de substantielles \u00e9connomies d\u2019\u00e9nergie.<\/li>\n<li>Le raccordement au r\u00e9seau d\u2019air comprim\u00e9 est tr\u00e8s facile. L\u2019arriv\u00e9e et le d\u00e9part se trouvent sur le m\u00eame axe du Bekomat\u00ae. L\u2019\u00e9coulement peut \u00eatre r\u00e9alis\u00e9 au moyen d\u2019un flexible ou d\u2019une conduite rigide (kids de raccordement propos\u00e9s en option).<\/li>\n<li>La sonde capacitive, sans usure, d\u00e9tecte la pr\u00e9sence de tout condensat, \u00e9galement l\u2019huile pure. M\u00eame en cas d\u2019encrassement important, la purge s\u2019effectue en toute fiabili\u00e9.<\/li>\n<li>Le Bekomat\u00ae r\u00e9alise en permanence un autodiagnostic; des t\u00e9moins LED signalent les \u00e9tats de fonctionnement, en toute fiabilit\u00e9.<\/li>\n<li>Les \u00e9l\u00e9ments de commande ainsi que l\u2019\u00e9lectronique sont prot\u00e9g\u00e9s contre les projections d\u2019eau (degr\u00e9 de protection IP 65).<\/li>\n<\/ul>\n","protected":false},"excerpt":{"rendered":"<p>R\u00e9gulation de niveau, pour capacit\u00e9s de compresseur jusqu\u2019\u00e0 90 m\u00b3\/min<\/p>\n","protected":false},"featured_media":280388,"template":"","meta":[],"product_cat":[1033606],"product_tag":[],"product_approvals":[],"product_application":[],"class_list":{"0":"post-385725","1":"product","2":"type-product","3":"status-publish","4":"has-post-thumbnail","6":"product_cat-traitement-dair-comprime-fr","8":"first","9":"instock","10":"shipping-taxable","11":"product-type-simple"},"approvals":[],"application":[],"brb_media_brochure":[{"id":374263,"url":"https:\/\/dev.codekraft.it\/rotary-2024\/wp-content\/uploads\/brb_media\/00359080_compressed-air-treatment-br-725514-de-2017-01-screen.pdf","title":"compressed air treatment br 725514 de 2017 01 screen","thumbnail":"https:\/\/dev.codekraft.it\/rotary-2024\/wp-content\/uploads\/brb_media\/00359080_compressed-air-treatment-br-725514-de-2017-01-screen-pdf-150x106.png","description":""},{"id":374264,"url":"https:\/\/dev.codekraft.it\/rotary-2024\/wp-content\/uploads\/brb_media\/00359081_compressed-air-treatment-br-109881-en-2017-01-screen.pdf","title":"compressed air treatment br 109881 en 2017 01 screen","thumbnail":"https:\/\/dev.codekraft.it\/rotary-2024\/wp-content\/uploads\/brb_media\/00359081_compressed-air-treatment-br-109881-en-2017-01-screen-pdf-150x106.png","description":""},{"id":374265,"url":"https:\/\/dev.codekraft.it\/rotary-2024\/wp-content\/uploads\/brb_media\/00359084_compressed-air-treatment-br-109884-es-2017-01-screen.pdf","title":"compressed air treatment br 109884 es 2017 01 screen","thumbnail":"https:\/\/dev.codekraft.it\/rotary-2024\/wp-content\/uploads\/brb_media\/00359084_compressed-air-treatment-br-109884-es-2017-01-screen-pdf-150x106.png","description":""},{"id":374266,"url":"https:\/\/dev.codekraft.it\/rotary-2024\/wp-content\/uploads\/brb_media\/00359082_compressed-air-treatment-br-109882-fr-2017-01-screen.pdf","title":"compressed air treatment br 109882 fr 2017 01 screen","thumbnail":"https:\/\/dev.codekraft.it\/rotary-2024\/wp-content\/uploads\/brb_media\/00359082_compressed-air-treatment-br-109882-fr-2017-01-screen-pdf-150x106.png","description":""},{"id":374267,"url":"https:\/\/dev.codekraft.it\/rotary-2024\/wp-content\/uploads\/brb_media\/00359083_compressed-air-treatment-br-109883-it-2017-01-screen.pdf","title":"compressed air treatment br 109883 it 2017 01 screen","thumbnail":"https:\/\/dev.codekraft.it\/rotary-2024\/wp-content\/uploads\/brb_media\/00359083_compressed-air-treatment-br-109883-it-2017-01-screen-pdf-150x106.png","description":""}],"brb_media_drawing":"","brb_media_manuals":[{"id":374268,"url":"https:\/\/dev.codekraft.it\/rotary-2024\/wp-content\/uploads\/brb_media\/00022094_condensate-drain-bekomat-21-im-om-de-en-fr-nl-2002-08-print.pdf","title":"condensate drain bekomat 21 im om de en fr nl 2002 08 print","thumbnail":"https:\/\/dev.codekraft.it\/rotary-2024\/wp-content\/uploads\/brb_media\/00022094_condensate-drain-bekomat-21-im-om-de-en-fr-nl-2002-08-print-pdf-106x150.png","description":""}],"brb_media_safety_datasheets":"","brb_media_spare_parts":[],"_cdmm_p_id":"967","_company":"Blitz","_gtin":"4057612586299","accessories":[],"components":[],"related":[],"similar":[],"lang":"fr","translations":{"fr":385725,"en":385723,"de":385724,"it":385726,"es":385727,"ru":385728},"pll_sync_post":[],"_links":{"self":[{"href":"https:\/\/dev.codekraft.it\/rotary-2024\/wp-json\/wp\/v2\/product\/385725","targetHints":{"allow":["GET"]}}],"collection":[{"href":"https:\/\/dev.codekraft.it\/rotary-2024\/wp-json\/wp\/v2\/product"}],"about":[{"href":"https:\/\/dev.codekraft.it\/rotary-2024\/wp-json\/wp\/v2\/types\/product"}],"wp:featuredmedia":[{"embeddable":true,"href":"https:\/\/dev.codekraft.it\/rotary-2024\/wp-json\/wp\/v2\/media\/280388"}],"wp:attachment":[{"href":"https:\/\/dev.codekraft.it\/rotary-2024\/wp-json\/wp\/v2\/media?parent=385725"}],"wp:term":[{"taxonomy":"product_cat","embeddable":true,"href":"https:\/\/dev.codekraft.it\/rotary-2024\/wp-json\/wp\/v2\/product_cat?post=385725"},{"taxonomy":"product_tag","embeddable":true,"href":"https:\/\/dev.codekraft.it\/rotary-2024\/wp-json\/wp\/v2\/product_tag?post=385725"},{"taxonomy":"product_approvals","embeddable":true,"href":"https:\/\/dev.codekraft.it\/rotary-2024\/wp-json\/wp\/v2\/product_approvals?post=385725"},{"taxonomy":"product_application","embeddable":true,"href":"https:\/\/dev.codekraft.it\/rotary-2024\/wp-json\/wp\/v2\/product_application?post=385725"}],"curies":[{"name":"wp","href":"https:\/\/api.w.org\/{rel}","templated":true}]}}