{"id":385724,"date":"2025-12-11T10:04:41","date_gmt":"2025-12-11T10:04:41","guid":{"rendered":"https:\/\/dev.codekraft.it\/rotary-2024\/products\/uncategorized\/kondensatableiter-bekomat-31\/"},"modified":"2025-12-11T10:04:41","modified_gmt":"2025-12-11T10:04:41","slug":"kondensatableiter-bekomat-31","status":"publish","type":"product","link":"https:\/\/dev.codekraft.it\/rotary-2024\/produkte\/zubehor-drucklufttechnik-de\/druckluftaufbereitung-de\/kondensatableiter-bekomat-31\/","title":{"rendered":"Kondensatableiter Bekomat 31"},"content":{"rendered":"<p>Gleich f\u00fcr welchen Zweck Sie Druckluft einsetzen, Sie mu\u00df sich permanent durch sehr gute Qualit\u00e4t auszeichnen. Aber: Im Druckluftnetz vorhandenes Kondensat nimmt Ihnen diese Qualit\u00e4t.<\/p>\n<p>Bei der Drucklufterzeugung f\u00e4llt Kondensat unvermeidbar an. Es kann stark \u00f6lhaltig sein oder \u00f6lfrei und damit aggressiv. Dar\u00fcber hinaus ist es mit Schmutzpartikeln (z.B. Rost) und anderen sch\u00e4dlichen Verunreinigungen durchsetzt. An die Druckluftaufbereitung werden daher h\u00f6chste Anforderungen gestellt. Einziges Ziel: Kondensat mit seinen Verunreinigungen zu entfernen.<\/p>\n<p>Warum Sie einen \u201eintelligenten\u201d Kondensatableiter brauchen? Druckluftkondensat f\u00e4llt nicht in kontinuierlichen Mengen an. Eine zuverl\u00e4ssige und intelligente, mengenangepa\u00dfte Ableitung bekommen Sie nur in den Griff, wenn es effektiv an allen Anfallstellen aus der Druckluftanalge entfernt wird &#8211; und zwar ohne dabei unn\u00f6tige Druckverluste und somit Energiekosten zu verursachen.<\/p>\n<ul>\n<li>Die intelligente Steuerung vermeidet unn\u00f6tige Druckluftverluste und erm\u00f6glicht so erhebliche Einsparungen.<\/li>\n<li>Der Anschlu\u00df an das Druckluftnetz ist denkbar einfach, da Zu- und Ablauf symmetrisch angeordnet sind.\u00a0Der Ablauf ist mit Schlauchanschlu\u00df oder Verrohrung m\u00f6glich.<\/li>\n<li>Der verschlei\u00dffreie kapazitive Sensor erfa\u00dft jedes Kondensat &#8211; selbst reines \u00d6l.\u00a0Auch bei starken Verschmutzungen erfolgt die Ableitung problemlos.<\/li>\n<li>Die Elektronik besteht aus einem integrierten Netzteilmodul und der Steuereinheit, die stets mit 24 VDC ber\u00fchrbarer Kleinspannung arbeitet.\u00a0<\/li>\n<li>Der Bekomat \u00fcberwacht sich st\u00e4ndig selbst, ein LED-Display zeigt alle Betriebszust\u00e4nde zuverl\u00e4ssig an.\u00a0Bedienelemente und Steuerung sind spritzwasserdicht in IP 65 ausgef\u00fchrt.<\/li>\n<\/ul>\n","protected":false},"excerpt":{"rendered":"<p>Niveaugeregelt, f\u00fcr Kompressorleistungen bis 90 m\u00b3\/min<\/p>\n","protected":false},"featured_media":280388,"template":"","meta":[],"product_cat":[1033590],"product_tag":[],"product_approvals":[],"product_application":[],"class_list":{"0":"post-385724","1":"product","2":"type-product","3":"status-publish","4":"has-post-thumbnail","6":"product_cat-druckluftaufbereitung-de","8":"first","9":"instock","10":"shipping-taxable","11":"product-type-simple"},"approvals":[],"application":[],"brb_media_brochure":[{"id":374263,"url":"https:\/\/dev.codekraft.it\/rotary-2024\/wp-content\/uploads\/brb_media\/00359080_compressed-air-treatment-br-725514-de-2017-01-screen.pdf","title":"compressed air treatment br 725514 de 2017 01 screen","thumbnail":"https:\/\/dev.codekraft.it\/rotary-2024\/wp-content\/uploads\/brb_media\/00359080_compressed-air-treatment-br-725514-de-2017-01-screen-pdf-150x106.png","description":""},{"id":374264,"url":"https:\/\/dev.codekraft.it\/rotary-2024\/wp-content\/uploads\/brb_media\/00359081_compressed-air-treatment-br-109881-en-2017-01-screen.pdf","title":"compressed air treatment br 109881 en 2017 01 screen","thumbnail":"https:\/\/dev.codekraft.it\/rotary-2024\/wp-content\/uploads\/brb_media\/00359081_compressed-air-treatment-br-109881-en-2017-01-screen-pdf-150x106.png","description":""},{"id":374265,"url":"https:\/\/dev.codekraft.it\/rotary-2024\/wp-content\/uploads\/brb_media\/00359084_compressed-air-treatment-br-109884-es-2017-01-screen.pdf","title":"compressed air treatment br 109884 es 2017 01 screen","thumbnail":"https:\/\/dev.codekraft.it\/rotary-2024\/wp-content\/uploads\/brb_media\/00359084_compressed-air-treatment-br-109884-es-2017-01-screen-pdf-150x106.png","description":""},{"id":374266,"url":"https:\/\/dev.codekraft.it\/rotary-2024\/wp-content\/uploads\/brb_media\/00359082_compressed-air-treatment-br-109882-fr-2017-01-screen.pdf","title":"compressed air treatment br 109882 fr 2017 01 screen","thumbnail":"https:\/\/dev.codekraft.it\/rotary-2024\/wp-content\/uploads\/brb_media\/00359082_compressed-air-treatment-br-109882-fr-2017-01-screen-pdf-150x106.png","description":""},{"id":374267,"url":"https:\/\/dev.codekraft.it\/rotary-2024\/wp-content\/uploads\/brb_media\/00359083_compressed-air-treatment-br-109883-it-2017-01-screen.pdf","title":"compressed air treatment br 109883 it 2017 01 screen","thumbnail":"https:\/\/dev.codekraft.it\/rotary-2024\/wp-content\/uploads\/brb_media\/00359083_compressed-air-treatment-br-109883-it-2017-01-screen-pdf-150x106.png","description":""}],"brb_media_drawing":"","brb_media_manuals":[{"id":374268,"url":"https:\/\/dev.codekraft.it\/rotary-2024\/wp-content\/uploads\/brb_media\/00022094_condensate-drain-bekomat-21-im-om-de-en-fr-nl-2002-08-print.pdf","title":"condensate drain bekomat 21 im om de en fr nl 2002 08 print","thumbnail":"https:\/\/dev.codekraft.it\/rotary-2024\/wp-content\/uploads\/brb_media\/00022094_condensate-drain-bekomat-21-im-om-de-en-fr-nl-2002-08-print-pdf-106x150.png","description":""}],"brb_media_safety_datasheets":"","brb_media_spare_parts":[],"_cdmm_p_id":"967","_company":"Blitz","_gtin":"4057612586299","accessories":[],"components":[],"related":[],"similar":[],"page_logo_src":"https:\/\/dev.codekraft.it\/rotary-2024\/wp-content\/uploads\/2024\/05\/cropped-rotary-logo-2022.png","lang":"de","translations":{"de":385724,"en":385723,"fr":385725,"it":385726,"es":385727,"ru":385728},"pll_sync_post":[],"_links":{"self":[{"href":"https:\/\/dev.codekraft.it\/rotary-2024\/wp-json\/wp\/v2\/product\/385724","targetHints":{"allow":["GET"]}}],"collection":[{"href":"https:\/\/dev.codekraft.it\/rotary-2024\/wp-json\/wp\/v2\/product"}],"about":[{"href":"https:\/\/dev.codekraft.it\/rotary-2024\/wp-json\/wp\/v2\/types\/product"}],"wp:featuredmedia":[{"embeddable":true,"href":"https:\/\/dev.codekraft.it\/rotary-2024\/wp-json\/wp\/v2\/media\/280388"}],"wp:attachment":[{"href":"https:\/\/dev.codekraft.it\/rotary-2024\/wp-json\/wp\/v2\/media?parent=385724"}],"wp:term":[{"taxonomy":"product_cat","embeddable":true,"href":"https:\/\/dev.codekraft.it\/rotary-2024\/wp-json\/wp\/v2\/product_cat?post=385724"},{"taxonomy":"product_tag","embeddable":true,"href":"https:\/\/dev.codekraft.it\/rotary-2024\/wp-json\/wp\/v2\/product_tag?post=385724"},{"taxonomy":"product_approvals","embeddable":true,"href":"https:\/\/dev.codekraft.it\/rotary-2024\/wp-json\/wp\/v2\/product_approvals?post=385724"},{"taxonomy":"product_application","embeddable":true,"href":"https:\/\/dev.codekraft.it\/rotary-2024\/wp-json\/wp\/v2\/product_application?post=385724"}],"curies":[{"name":"wp","href":"https:\/\/api.w.org\/{rel}","templated":true}]}}