{"id":385596,"date":"2025-12-11T10:04:39","date_gmt":"2025-12-11T10:04:39","guid":{"rendered":"https:\/\/dev.codekraft.it\/rotary-2024\/products\/uncategorized\/reifenmontiermaschine-ts-45-26dp-premium\/"},"modified":"2025-12-11T10:04:39","modified_gmt":"2025-12-11T10:04:39","slug":"reifenmontiermaschine-ts-45-26dp-premium","status":"publish","type":"product","link":"https:\/\/dev.codekraft.it\/rotary-2024\/produkte\/reifenservice-de\/reifenmontiermaschinen-de\/reifenmontiermaschine-ts-45-26dp-premium\/","title":{"rendered":"Reifenmontiermaschine TS 45.26DP Premium"},"content":{"rendered":"<p><strong>REIFENMONTIERMASCHINEN AUTOMATISCHE MIT KIPPBARER MONTAGES\u00c4ULE<\/strong><\/p>\n<ul>\n<li>Ablagebereich an ausgew\u00e4hlten Modellen.<\/li>\n<li>Montagekopf mit pneumatischer Positionierung mit Auf- und Abbewegung. (Nur Modelle DP).<\/li>\n<li>Spannteller mit Durchmesser bis 26\u201d mit verstellbaren Spannklauen.<\/li>\n<li>Professioneller pneumatischer Hilfsmontagearm f\u00fcr ausgew\u00e4hlte Modelle.<\/li>\n<li>Alle Pedale sind leicht zug\u00e4nglich und intuitiv positioniert und ihre Bet\u00e4tigung erfordert keine unnat\u00fcrlichen Bewegungen.<\/li>\n<li>Pneumatischer Abdr\u00fccker mit verstellbarer Abdr\u00fcckschaufel. (Nur Modell DPW Plus).<\/li>\n<\/ul>\n<p>Der Rahmen und die kippbare Montages\u00e4ule sind extrem robust und erm\u00f6glichen das Arbeiten an allen Arten von PKW- und Transporterr\u00e4dern bei Gew\u00e4hrleistung maximaler Sicherheit f\u00fcr Reifen und Felgen.<\/p>\n<ul>\n<ul>\n<li>Werkzeughalterstange \u00d8 40 mm<\/li>\n<li>Horizontaler Arm 60 x 60 mm\n<\/li>\n<\/ul>\n<li>Invertermotor.<br \/>Erm\u00f6glicht dem Bediener die variable Regelung der Radgeschwindigkeit (0 &#8211; 15 U\/min).Elastung am Wulst verlangsamt sich die Drehung automatisch, um Sch\u00e4den am Reifen zu vermeiden.<\/li>\n<\/ul>\n<p>Das optimierte Design erm\u00f6glicht den einfachen Zugang zu den innenliegenden Bauteilen und erleichtert die Einstellvorg\u00e4nge.<\/p>\n","protected":false},"excerpt":{"rendered":"<p>Reifenmontiermaschine mit kippbarer Montages\u00e4ule, selbstzentrierendem Spannteller 26\u201d mit verstellbaren Spannklauen, inkl. Montagekopf aus Kunststoff, Wulstabdr\u00fcckvorrichtung, max. Felgenbreite 16\u2033, max. Raddurchmesser 45\u2033<\/p>\n","protected":false},"featured_media":385594,"template":"","meta":[],"product_cat":[1033364],"product_tag":[1034161,1034178,1034195],"product_approvals":[],"product_application":[],"class_list":{"0":"post-385596","1":"product","2":"type-product","3":"status-publish","4":"has-post-thumbnail","6":"product_cat-reifenmontiermaschinen-de","7":"product_tag-passenger-cars-de","8":"product_tag-light-commercial-de","9":"product_tag-motor-homes-de","11":"first","12":"instock","13":"shipping-taxable","14":"product-type-simple"},"approvals":[],"application":[],"brb_media_brochure":[{"id":385545,"url":"https:\/\/dev.codekraft.it\/rotary-2024\/wp-content\/uploads\/brb_media\/00551362_tyre-changers-ts4526-series-br-de-2025-12.pdf","title":"Tyre Changers TS4526 Series BR DE 2025 12","thumbnail":"https:\/\/dev.codekraft.it\/rotary-2024\/wp-content\/uploads\/brb_media\/00551362_tyre-changers-ts4526-series-br-de-2025-12-pdf-106x150.png","description":""},{"id":385546,"url":"https:\/\/dev.codekraft.it\/rotary-2024\/wp-content\/uploads\/brb_media\/00551363_tyre-changers-ts4526-series-br-en-2025-12.pdf","title":"Tyre Changers TS4526 Series BR EN 2025 12","thumbnail":"https:\/\/dev.codekraft.it\/rotary-2024\/wp-content\/uploads\/brb_media\/00551363_tyre-changers-ts4526-series-br-en-2025-12-pdf-106x150.png","description":""},{"id":385547,"url":"https:\/\/dev.codekraft.it\/rotary-2024\/wp-content\/uploads\/brb_media\/00551365_tyre-changers-ts4526-series-br-fr-2025-12.pdf","title":"Tyre Changers TS4526 Series BR FR 2025 12","thumbnail":"https:\/\/dev.codekraft.it\/rotary-2024\/wp-content\/uploads\/brb_media\/00551365_tyre-changers-ts4526-series-br-fr-2025-12-pdf-106x150.png","description":""},{"id":385548,"url":"https:\/\/dev.codekraft.it\/rotary-2024\/wp-content\/uploads\/brb_media\/00551366_tyre-changers-ts4526-series-br-it-2025-12.pdf","title":"Tyre Changers TS4526 Series BR IT 2025 12","thumbnail":"https:\/\/dev.codekraft.it\/rotary-2024\/wp-content\/uploads\/brb_media\/00551366_tyre-changers-ts4526-series-br-it-2025-12-pdf-106x150.png","description":""},{"id":385549,"url":"https:\/\/dev.codekraft.it\/rotary-2024\/wp-content\/uploads\/brb_media\/00551364_tyre-changers-ts4526-series-br-es-2025-12.pdf","title":"Tyre Changers TS4526 Series BR ES 2025 12","thumbnail":"https:\/\/dev.codekraft.it\/rotary-2024\/wp-content\/uploads\/brb_media\/00551364_tyre-changers-ts4526-series-br-es-2025-12-pdf-106x150.png","description":""},{"id":385550,"url":"https:\/\/dev.codekraft.it\/rotary-2024\/wp-content\/uploads\/brb_media\/00551367_tyre-changers-ts4526-series-br-ru-2025-12.pdf","title":"Tyre Changers TS4526 Series BR RU 2025 12","thumbnail":"https:\/\/dev.codekraft.it\/rotary-2024\/wp-content\/uploads\/brb_media\/00551367_tyre-changers-ts4526-series-br-ru-2025-12-pdf-106x150.png","description":""}],"brb_media_drawing":[{"id":385552,"url":"https:\/\/dev.codekraft.it\/rotary-2024\/wp-content\/uploads\/brb_media\/00551328_tyre-changers-ts45-sg45-series-td.pdf","title":"Tyre changers TS45 SG45 Series TD","thumbnail":"https:\/\/dev.codekraft.it\/rotary-2024\/wp-content\/uploads\/brb_media\/00551328_tyre-changers-ts45-sg45-series-td-pdf-150x134.png","description":""}],"brb_media_manuals":[{"id":385551,"url":"https:\/\/dev.codekraft.it\/rotary-2024\/wp-content\/uploads\/brb_media\/00551314_tyre-changers-rotts45-ravsg45-im-7301-m002-00_vsg_rev00-multi-2025-10.pdf","title":"Tyre Changers ROTTS45 RAVSG45 IM 7301 M002 00 VSG rev00 MULTI 2025 10","thumbnail":"https:\/\/dev.codekraft.it\/rotary-2024\/wp-content\/uploads\/brb_media\/00551314_tyre-changers-rotts45-ravsg45-im-7301-m002-00_vsg_rev00-multi-2025-10-pdf-106x150.png","description":""}],"brb_media_safety_datasheets":"","brb_media_spare_parts":[],"_cdmm_p_id":"507192","_company":"Elektron","_gtin":"5063084202031","accessories":[{"id":381455,"cdmm_p_id":"497554","name":"Kunststoffschutz f\u00fcr Abdr\u00fcckschaufel","description":"1 St\u00fcck","thumbnail":"https:\/\/dev.codekraft.it\/rotary-2024\/wp-content\/uploads\/brb_media\/00506714_g800a11-01-150x150.png","url":"https:\/\/dev.codekraft.it\/rotary-2024\/produkte\/zubehor-reifenservice-de\/zubehor-reifenmontiermaschinen-de\/kunststoffschutz-fur-abdruckschaufel\/"},{"id":383620,"cdmm_p_id":"502221","name":"Kunststoffschutz f\u00fcr Montagekopf | Quick insert","description":"Montagekopf-Steck-Alufelgenschutz | 1 Satz","thumbnail":"https:\/\/dev.codekraft.it\/rotary-2024\/wp-content\/uploads\/brb_media\/00506624_g800a117-150x150.png","url":"https:\/\/dev.codekraft.it\/rotary-2024\/produkte\/zubehor-reifenservice-de\/zubehor-reifenmontiermaschinen-de\/kunststoffschutz-fur-montagekopf-quick-insert-2\/"},{"id":385497,"cdmm_p_id":"507171","name":"Tubeless-Reifenf\u00fcllvorrichtung G800A137","description":"Tubeless-Aufpump-Kit f\u00fcr Reifenmontiermaschinen mit Spannteller","thumbnail":"https:\/\/dev.codekraft.it\/rotary-2024\/wp-content\/uploads\/brb_media\/00551288_tyre-changers-vsg8a137902160-mi-150x150.png","url":"https:\/\/dev.codekraft.it\/rotary-2024\/produkte\/zubehor-reifenservice-de\/zubehor-reifenmontiermaschinen-de\/tubeless-reifenfullvorrichtung-g800a137\/"},{"id":385504,"cdmm_p_id":"507172","name":"Vorderrad-Radheber G800A138","description":"","thumbnail":"https:\/\/dev.codekraft.it\/rotary-2024\/wp-content\/uploads\/brb_media\/00551289_tyre-changers-vsg8a138902184-mi-150x150.png","url":"https:\/\/dev.codekraft.it\/rotary-2024\/produkte\/zubehor-reifenservice-de\/zubehor-reifenmontiermaschinen-de\/vorderrad-radheber-g800a138\/"},{"id":385511,"cdmm_p_id":"507173","name":"Abdr\u00fcckrolle mit Wulstniederhaltearm G800A140","description":"Ausstattung PL100 erforderlich","thumbnail":"https:\/\/dev.codekraft.it\/rotary-2024\/wp-content\/uploads\/brb_media\/00551290_tyre-changers-vsg8a139902207-mi-150x150.png","url":"https:\/\/dev.codekraft.it\/rotary-2024\/produkte\/zubehor-reifenservice-de\/zubehor-reifenmontiermaschinen-de\/abdruckrolle-mit-wulstniederhaltearm-g800a140\/"},{"id":385518,"cdmm_p_id":"507174","name":"Kunststoffschutz f\u00fcr Spannklauen | G800A140","description":"1 Satz \/ 4 St\u00fcck","thumbnail":"https:\/\/dev.codekraft.it\/rotary-2024\/wp-content\/uploads\/brb_media\/00551291_tyre-changers-vsg8a140902221-mi-150x150.png","url":"https:\/\/dev.codekraft.it\/rotary-2024\/produkte\/zubehor-reifenservice-de\/zubehor-reifenmontiermaschinen-de\/kunststoffschutz-fur-spannklauen-g800a140\/"},{"id":385524,"cdmm_p_id":"507175","name":"Kunststoffschutz f\u00fcr Spannklauen | G800A140K","description":"10 S\u00e4tze \/ 40 St\u00fcck","thumbnail":"https:\/\/dev.codekraft.it\/rotary-2024\/wp-content\/uploads\/brb_media\/00551291_tyre-changers-vsg8a140902221-mi-150x150.png","url":"https:\/\/dev.codekraft.it\/rotary-2024\/produkte\/zubehor-reifenservice-de\/zubehor-reifenmontiermaschinen-de\/kunststoffschutz-fur-spannklauen-g800a140k\/"},{"id":385531,"cdmm_p_id":"507176","name":"Seitliche Ablages\u00e4ule G800A141","description":"S\u00e4ulen-Ablageregal mit integriertem Manometer","thumbnail":"https:\/\/dev.codekraft.it\/rotary-2024\/wp-content\/uploads\/brb_media\/00551292_tyre-changers-vsg8a141902269-mi-150x150.png","url":"https:\/\/dev.codekraft.it\/rotary-2024\/produkte\/zubehor-reifenservice-de\/zubehor-reifenmontiermaschinen-de\/seitliche-ablagesaule-g800a141\/"},{"id":385538,"cdmm_p_id":"507177","name":"Hilfsmontagearm PL100","description":"Wulstniederhaltevorrichtung f\u00fcr Reifenmontiermaschinen mit kippbarer Montages\u00e4ule | Rechtsseitige Montage","thumbnail":"https:\/\/dev.codekraft.it\/rotary-2024\/wp-content\/uploads\/brb_media\/00551293_tyre-changers-vsgpl100900401-mi-150x150.png","url":"https:\/\/dev.codekraft.it\/rotary-2024\/produkte\/zubehor-reifenservice-de\/zubehor-reifenmontiermaschinen-de\/hilfsmontagearm-pl100\/"}],"components":[],"related":[],"similar":[{"id":385566,"cdmm_p_id":"507188","name":"Reifenmontiermaschine TS 45.26D","description":"Reifenmontiermaschine mit kippbarer Montages\u00e4ule, selbstzentrierendem Spannteller 26\u201d mit verstellbaren Spannklauen, Wulstabdr\u00fcckvorrichtung, max. Felgenbreite 16\u2033, max. Raddurchmesser 45\u2033","thumbnail":"https:\/\/dev.codekraft.it\/rotary-2024\/wp-content\/uploads\/brb_media\/00551315_tyre-changer-ts4526d-mi-150x150.png","url":"https:\/\/dev.codekraft.it\/rotary-2024\/produkte\/reifenservice-de\/reifenmontiermaschinen-de\/reifenmontiermaschine-ts-45-26d\/"},{"id":385573,"cdmm_p_id":"507189","name":"Reifenmontiermaschine TS 45.26DP","description":"Reifenmontiermaschine mit kippbarer Montages\u00e4ule, selbstzentrierendem Spannteller 26\u201d mit verstellbaren Spannklauen, Wulstabdr\u00fcckvorrichtung, max. Felgenbreite 16\u2033, max. Raddurchmesser 45\u2033","thumbnail":"https:\/\/dev.codekraft.it\/rotary-2024\/wp-content\/uploads\/brb_media\/00551316_tyre-changer-ts4526dp-mi-150x150.png","url":"https:\/\/dev.codekraft.it\/rotary-2024\/produkte\/reifenservice-de\/reifenmontiermaschinen-de\/reifenmontiermaschine-ts-45-26dp\/"},{"id":385581,"cdmm_p_id":"507190","name":"Reifenmontiermaschine TS 45.26D Pro","description":"Reifenmontiermaschine mit kippbarer Montages\u00e4ule, selbstzentrierendem Spannteller 26\u201d mit verstellbaren Spannklauen, Wulstabdr\u00fcckvorrichtung, max. Felgenbreite 16\u2033, max. Raddurchmesser 45\u2033","thumbnail":"https:\/\/dev.codekraft.it\/rotary-2024\/wp-content\/uploads\/brb_media\/00551318_tyre-changer-ts4526d-pro-mi-150x150.png","url":"https:\/\/dev.codekraft.it\/rotary-2024\/produkte\/reifenservice-de\/reifenmontiermaschinen-de\/reifenmontiermaschine-ts-45-26d-pro\/"},{"id":385588,"cdmm_p_id":"507191","name":"Reifenmontiermaschine TS 45.26D Pro W","description":"Reifenmontiermaschine mit kippbarer Montages\u00e4ule, selbstzentrierendem Spannteller 26\u201d mit verstellbaren Spannklauen, inkl. Montagekopf aus Kunststoff, Wulstabdr\u00fcckvorrichtung, max. Felgenbreite 16\u2033, max. Raddurchmesser 45\u2033","thumbnail":"https:\/\/dev.codekraft.it\/rotary-2024\/wp-content\/uploads\/brb_media\/00551319_tyre-changer-ts4526d-prow-mi-150x150.png","url":"https:\/\/dev.codekraft.it\/rotary-2024\/produkte\/reifenservice-de\/reifenmontiermaschinen-de\/reifenmontiermaschine-ts-45-26d-pro-w\/"}],"lang":"de","translations":{"de":385596,"en":385593,"fr":385597,"it":385598,"es":385599,"ru":385600},"pll_sync_post":[],"_links":{"self":[{"href":"https:\/\/dev.codekraft.it\/rotary-2024\/wp-json\/wp\/v2\/product\/385596","targetHints":{"allow":["GET"]}}],"collection":[{"href":"https:\/\/dev.codekraft.it\/rotary-2024\/wp-json\/wp\/v2\/product"}],"about":[{"href":"https:\/\/dev.codekraft.it\/rotary-2024\/wp-json\/wp\/v2\/types\/product"}],"wp:featuredmedia":[{"embeddable":true,"href":"https:\/\/dev.codekraft.it\/rotary-2024\/wp-json\/wp\/v2\/media\/385594"}],"wp:attachment":[{"href":"https:\/\/dev.codekraft.it\/rotary-2024\/wp-json\/wp\/v2\/media?parent=385596"}],"wp:term":[{"taxonomy":"product_cat","embeddable":true,"href":"https:\/\/dev.codekraft.it\/rotary-2024\/wp-json\/wp\/v2\/product_cat?post=385596"},{"taxonomy":"product_tag","embeddable":true,"href":"https:\/\/dev.codekraft.it\/rotary-2024\/wp-json\/wp\/v2\/product_tag?post=385596"},{"taxonomy":"product_approvals","embeddable":true,"href":"https:\/\/dev.codekraft.it\/rotary-2024\/wp-json\/wp\/v2\/product_approvals?post=385596"},{"taxonomy":"product_application","embeddable":true,"href":"https:\/\/dev.codekraft.it\/rotary-2024\/wp-json\/wp\/v2\/product_application?post=385596"}],"curies":[{"name":"wp","href":"https:\/\/api.w.org\/{rel}","templated":true}]}}