{"id":385387,"date":"2025-09-10T10:54:00","date_gmt":"2025-09-10T10:54:00","guid":{"rendered":"https:\/\/dev.codekraft.it\/rotary-2024\/products\/uncategorized\/desmontadora-de-neumaticos-pc240-bike-3\/"},"modified":"2025-09-10T10:54:00","modified_gmt":"2025-09-10T10:54:00","slug":"desmontadora-de-neumaticos-pc240-bike-3","status":"publish","type":"product","link":"https:\/\/dev.codekraft.it\/rotary-2024\/es\/productos\/servicio-de-llantas-es\/desmontadoras-es\/desmontadora-de-neumaticos-pc240-bike-3\/","title":{"rendered":"Desmontadora de neum\u00e1ticos PC240.BIKE"},"content":{"rendered":"<ul>\n<li>Desmontadora de neum\u00e1ticos equipada para ruedas de moto<\/li>\n<li>Bloqueo exterior de 6 &#8211; 24\u2033<\/li>\n<li>Garras m\u00f3viles de 3 posiciones<\/li>\n<li>Garras dise\u00f1adas para alojar llantas con discos de freno y poleas de gran tama\u00f1o<\/li>\n<li>Paleta destalonadora espec\u00edfica para llantas de moto y scooter<\/li>\n<\/ul>\n","protected":false},"excerpt":{"rendered":"<p>\u00datil de montaje especial y palanca de montaje, incl. pistola de inflado con v\u00e1lvula inflado rapido con limitadora de presi\u00f3n, garras y destalonador, moto, di\u00e1metro de llanta 6 &#8211; 24\u2033, anchura llante max. 12\u2033 | Rojo (RAL 3002)<\/p>\n","protected":false},"featured_media":353102,"template":"","meta":[],"product_cat":[1033424],"product_tag":[1035654,1035671],"product_approvals":[],"product_application":[],"class_list":{"0":"post-385387","1":"product","2":"type-product","3":"status-publish","4":"has-post-thumbnail","6":"product_cat-desmontadoras-es","7":"product_tag-motorbikes-es","8":"product_tag-scooter-es","10":"first","11":"instock","12":"shipping-taxable","13":"product-type-simple"},"approvals":[],"application":[],"brb_media_brochure":"","brb_media_drawing":"","brb_media_manuals":[{"id":380564,"url":"https:\/\/dev.codekraft.it\/rotary-2024\/wp-content\/uploads\/brb_media\/00539695_tyre-changer-rot-rav-pc240bike-pc240bike-mf-g7240bike-g7240bike-mf-g724020-g7240i22a-g7246id26a-im-7300-m051-01_vsg_rev01-multi-2024-07.pdf","title":"tyre changer rot rav pc240bike pc240bike mf g7240bike g7240bike mf g724020 g7240i22a g7246id26a im 7300 m051 01 vsg rev01 multi 2024 07","thumbnail":"https:\/\/dev.codekraft.it\/rotary-2024\/wp-content\/uploads\/brb_media\/00539695_tyre-changer-rot-rav-pc240bike-pc240bike-mf-g7240bike-g7240bike-mf-g724020-g7240i22a-g7246id26a-im-7300-m051-01_vsg_rev01-multi-2024-07-pdf-106x150.png","description":""}],"brb_media_safety_datasheets":"","brb_media_spare_parts":[],"_cdmm_p_id":"506901","_company":"Elektron","_gtin":"5063084200648","accessories":[{"id":381465,"cdmm_p_id":"497557","name":"Juego enganche r\u00e1pido \u00fatiles | sin \u00fatil","description":"El juego G800A70 reduce la altura m\u00e1xima de rueda de 2\u2033","thumbnail":"https:\/\/dev.codekraft.it\/rotary-2024\/wp-content\/uploads\/brb_media\/00506641_g800a70-150x150.png","url":"https:\/\/dev.codekraft.it\/rotary-2024\/es\/productos\/accesorios-servicio-de-llantas-es\/accesorios-desmontadoras-es\/juego-enganche-rapido-utiles-sin-util\/"},{"id":381471,"cdmm_p_id":"497558","name":"Casquillo para enganche r\u00e1pido","description":"Para todos los modelos con enganche r\u00e1pido","thumbnail":"https:\/\/dev.codekraft.it\/rotary-2024\/wp-content\/uploads\/brb_media\/00506644_g800a75-150x150.png","url":"https:\/\/dev.codekraft.it\/rotary-2024\/es\/productos\/accesorios-servicio-de-llantas-es\/accesorios-desmontadoras-es\/casquillo-para-enganche-rapido\/"},{"id":381483,"cdmm_p_id":"497561","name":"Cabezal de montaje para ruedas ATV","description":"Para todos los modelos con enganche r\u00e1pido | completo de soporte para enganche rapido","thumbnail":"https:\/\/dev.codekraft.it\/rotary-2024\/wp-content\/uploads\/brb_media\/00506645_g800a76-150x150.png","url":"https:\/\/dev.codekraft.it\/rotary-2024\/es\/productos\/accesorios-servicio-de-llantas-es\/accesorios-desmontadoras-es\/cabezal-de-montaje-para-ruedas-atv\/"},{"id":381489,"cdmm_p_id":"497562","name":"Cabezal de montaje para motocicletas | en pl\u00e1stico","description":"Para todos los modelos con enganche r\u00e1pido | completo de casquillo para enganche r\u00e1pido","thumbnail":"https:\/\/dev.codekraft.it\/rotary-2024\/wp-content\/uploads\/brb_media\/00506643_g800a74-150x150.png","url":"https:\/\/dev.codekraft.it\/rotary-2024\/es\/productos\/accesorios-servicio-de-llantas-es\/accesorios-desmontadoras-es\/cabezal-de-montaje-para-motocicletas-en-plastico\/"},{"id":380617,"cdmm_p_id":"490269","name":"Palanca Est\u00e1ndar","description":"Turismos","thumbnail":"https:\/\/dev.codekraft.it\/rotary-2024\/wp-content\/uploads\/brb_media\/00506696_g1000a52-150x150.png","url":"https:\/\/dev.codekraft.it\/rotary-2024\/es\/productos\/accesorios-servicio-de-llantas-es\/accesorios-desmontadoras-es\/palanca-estandar\/"},{"id":382021,"cdmm_p_id":"499799","name":"Palanca | en forma de \u201cpl\u00e1tano\u201d","description":"","thumbnail":"https:\/\/dev.codekraft.it\/rotary-2024\/wp-content\/uploads\/brb_media\/00506725_b2440002-150x150.png","url":"https:\/\/dev.codekraft.it\/rotary-2024\/es\/productos\/accesorios-servicio-de-llantas-es\/accesorios-desmontadoras-es\/palanca-en-forma-de-platano\/"},{"id":383308,"cdmm_p_id":"502060","name":"Protecciones palanca levanta talones para palanca | 1 juego \/ 50 piezas","description":"","thumbnail":"https:\/\/dev.codekraft.it\/rotary-2024\/wp-content\/uploads\/brb_media\/00506686_g1000a13k-150x150.png","url":"https:\/\/dev.codekraft.it\/rotary-2024\/es\/productos\/accesorios-servicio-de-llantas-es\/accesorios-desmontadoras-es\/protecciones-palanca-levanta-talones-para-palanca-1-juego-50-piezas\/"},{"id":381514,"cdmm_p_id":"497566","name":"Brocha Pl\u00e1stico","description":"","thumbnail":"https:\/\/dev.codekraft.it\/rotary-2024\/wp-content\/uploads\/brb_media\/00506719_g800a38-150x150.png","url":"https:\/\/dev.codekraft.it\/rotary-2024\/es\/productos\/accesorios-servicio-de-llantas-es\/accesorios-desmontadoras-es\/brocha-plastico\/"},{"id":382108,"cdmm_p_id":"499819","name":"Jab\u00f3n lubricante para montaje\/desmontaje neum\u00e1ticos | 3,5 kg","description":"","thumbnail":"https:\/\/dev.codekraft.it\/rotary-2024\/wp-content\/uploads\/brb_media\/00506743_g800a37-150x150.png","url":"https:\/\/dev.codekraft.it\/rotary-2024\/es\/productos\/accesorios-servicio-de-llantas-es\/accesorios-desmontadoras-es\/jabon-lubricante-para-montaje-desmontaje-neumaticos-35-kg\/"},{"id":382003,"cdmm_p_id":"499796","name":"Juego contenedor para v\u00e1lvulas\/accesorios | con palo de fijaci\u00f3n","description":"","thumbnail":"https:\/\/dev.codekraft.it\/rotary-2024\/wp-content\/uploads\/brb_media\/00506646_g800a77-02-150x150.png","url":"https:\/\/dev.codekraft.it\/rotary-2024\/es\/productos\/accesorios-servicio-de-llantas-es\/accesorios-desmontadoras-es\/juego-contenedor-para-valvulas-accesorios-con-palo-de-fijacion\/"}],"components":[],"related":[],"similar":[{"id":380574,"cdmm_p_id":"490240","name":"Desmontadora de neum\u00e1ticos PC240.BIKE","description":"\u00datil de montaje especial y palanca de montaje, incl. pistola de inflado con v\u00e1lvula inflado rapido con limitadora de presi\u00f3n, garras y destalonador, moto, di\u00e1metro de llanta 6 - 24\u2033, anchura llante max. 12\u2033 | Gris (RAL 7016)","thumbnail":"https:\/\/dev.codekraft.it\/rotary-2024\/wp-content\/uploads\/brb_media\/00524027_tyre-changers-pc240bike-ral7016-mi-150x150.png","url":"https:\/\/dev.codekraft.it\/rotary-2024\/es\/productos\/servicio-de-llantas-es\/desmontadoras-es\/desmontadora-de-neumaticos-pc240-bike-2\/"}],"lang":"es","translations":{"es":385387,"en":385383,"de":385384,"fr":385385,"it":385386,"ru":385388},"pll_sync_post":[],"_links":{"self":[{"href":"https:\/\/dev.codekraft.it\/rotary-2024\/wp-json\/wp\/v2\/product\/385387","targetHints":{"allow":["GET"]}}],"collection":[{"href":"https:\/\/dev.codekraft.it\/rotary-2024\/wp-json\/wp\/v2\/product"}],"about":[{"href":"https:\/\/dev.codekraft.it\/rotary-2024\/wp-json\/wp\/v2\/types\/product"}],"wp:featuredmedia":[{"embeddable":true,"href":"https:\/\/dev.codekraft.it\/rotary-2024\/wp-json\/wp\/v2\/media\/353102"}],"wp:attachment":[{"href":"https:\/\/dev.codekraft.it\/rotary-2024\/wp-json\/wp\/v2\/media?parent=385387"}],"wp:term":[{"taxonomy":"product_cat","embeddable":true,"href":"https:\/\/dev.codekraft.it\/rotary-2024\/wp-json\/wp\/v2\/product_cat?post=385387"},{"taxonomy":"product_tag","embeddable":true,"href":"https:\/\/dev.codekraft.it\/rotary-2024\/wp-json\/wp\/v2\/product_tag?post=385387"},{"taxonomy":"product_approvals","embeddable":true,"href":"https:\/\/dev.codekraft.it\/rotary-2024\/wp-json\/wp\/v2\/product_approvals?post=385387"},{"taxonomy":"product_application","embeddable":true,"href":"https:\/\/dev.codekraft.it\/rotary-2024\/wp-json\/wp\/v2\/product_application?post=385387"}],"curies":[{"name":"wp","href":"https:\/\/api.w.org\/{rel}","templated":true}]}}