{"id":385326,"date":"2026-01-14T11:14:25","date_gmt":"2026-01-14T11:14:25","guid":{"rendered":"https:\/\/dev.codekraft.it\/rotary-2024\/products\/uncategorized\/3d-achsmessgerat-rot3dtower-4\/"},"modified":"2026-01-14T11:14:25","modified_gmt":"2026-01-14T11:14:25","slug":"3d-achsmessgerat-rot3dtower-4","status":"publish","type":"product","link":"https:\/\/dev.codekraft.it\/rotary-2024\/produkte\/diagnose-de\/achsmessgerate-de\/3d-achsmessgerat-rot3dtower-4\/","title":{"rendered":"3D-Achsmessger\u00e4t ROT3DTOWER.4"},"content":{"rendered":"<p>3D-Achsmessger\u00e4t mit Turm<\/p>\n<ul>\n<li>Offener Fahrwagen, ausgestattet mit PC, Drucker und 22\u201d LCD-Monitor.<\/li>\n<li>3D Turm mit HD-Kameras.<\/li>\n<\/ul>\n<ul>\n<li><strong>Eigenschaften der 3D-Targets:<\/strong>\n<ul>\n<li>Extrem leicht<\/li>\n<li>Keine elektronischen Komponenten innerhalb des Targets<\/li>\n<li>Keine Batterien erforderlich<\/li>\n<li>Wartungsfrei<\/li>\n<\/ul>\n<\/li>\n<\/ul>\n<ul>\n<li><strong>Eigenschaften der 4-Punkt-Klammern:<\/strong>\n<ul>\n<li>M\u00f6glichkeit zur Verwendung der Klammern mit oder ohne Radspanner<\/li>\n<li>Selbstzentrierende Ausf\u00fchrung<\/li>\n<li>Felgenspannbereich (254 &#8211; 610 mm)<\/li>\n<\/ul>\n<\/li>\n<\/ul>\n<ul>\n<li><strong>Eigenschaften der HD-Kamera:<\/strong>\n<ul>\n<li>Erstklassige hohe Aufl\u00f6sung<\/li>\n<li>Das Tracking-System passt die Kameras automatisch an die Vermessungsh\u00f6he an<\/li>\n<li>LED-Anzeigen blinken zur Anzeige der R\u00fccklaufphasen<\/li>\n<\/ul>\n<\/li>\n<\/ul>\n<ul>\n<li><strong>Automatische Bewegung des Kameratr\u00e4gers. <\/strong>Der Turm folgt dem Fahrzeug beim Anheben und Absenken der Hebeb\u00fchne, so dass keine manuelle Nachjustierung der Kamera notwendig ist. Dadurch wird weniger Zeit an der Konsole ben\u00f6tigt, wodurch die Werkst\u00e4tten schnelle und effiziente Achsvermessungen durchf\u00fchren k\u00f6nnen.<\/li>\n<li><strong>Rotary-Software. <\/strong>Leicht verst\u00e4ndliche animierte Anweisungen und Grafiken f\u00fchren die Anwender durch den gesamten Ausrichtungsvorgang.<\/li>\n<\/ul>\n","protected":false},"excerpt":{"rendered":"<p>3D-Achsmessger\u00e4t mit Turm, automatische Bewegung des HD-Kameratr\u00e4gers am Turm, LED-Anzeigen zur optischen Meldung f\u00fcr alle Phasen des Rundlaufs, 4-Punkt-Klammern mit leichten 3D-Targets und 22\u2033 LCD-Monitor<\/p>\n","protected":false},"featured_media":376585,"template":"","meta":[],"product_brand":[],"product_cat":[1033370],"product_tag":[1034161,1034178,1034195],"product_approvals":[],"product_application":[],"class_list":{"0":"post-385326","1":"product","2":"type-product","3":"status-publish","4":"has-post-thumbnail","6":"product_cat-achsmessgerate-de","7":"product_tag-passenger-cars-de","8":"product_tag-light-commercial-de","9":"product_tag-motor-homes-de","11":"first","12":"instock","13":"shipping-taxable","14":"product-type-simple"},"approvals":[],"application":[],"brb_media_brochure":[{"id":385313,"url":"https:\/\/dev.codekraft.it\/rotary-2024\/wp-content\/uploads\/brb_media\/00550211_wheel-aligner-rot3dtower4-br-de-2025-09.pdf","title":"Wheel Aligner ROT3DTOWER4 BR de 2025 09","mpn":"","thumbnail":"https:\/\/dev.codekraft.it\/rotary-2024\/wp-content\/uploads\/brb_media\/00550211_wheel-aligner-rot3dtower4-br-de-2025-09-pdf-106x150.png","description":""},{"id":385314,"url":"https:\/\/dev.codekraft.it\/rotary-2024\/wp-content\/uploads\/brb_media\/00550217_wheel-aligners-rot3dtower4-br-en-2025-09.pdf","title":"Wheel Aligners ROT3DTOWER4 BR en 2025 09","mpn":"","thumbnail":"https:\/\/dev.codekraft.it\/rotary-2024\/wp-content\/uploads\/brb_media\/00550217_wheel-aligners-rot3dtower4-br-en-2025-09-pdf-106x150.png","description":""},{"id":385315,"url":"https:\/\/dev.codekraft.it\/rotary-2024\/wp-content\/uploads\/brb_media\/00550218_wheel-aligners-rot3dtower4-br-fr-2025-09.pdf","title":"Wheel Aligners ROT3DTOWER4 BR fr 2025 09","mpn":"","thumbnail":"https:\/\/dev.codekraft.it\/rotary-2024\/wp-content\/uploads\/brb_media\/00550218_wheel-aligners-rot3dtower4-br-fr-2025-09-pdf-106x150.png","description":""},{"id":385316,"url":"https:\/\/dev.codekraft.it\/rotary-2024\/wp-content\/uploads\/brb_media\/00550214_wheel-aligner-rot3dtower4-br-it-2025-09.pdf","title":"Wheel Aligner ROT3DTOWER4 BR it 2025 09","mpn":"","thumbnail":"https:\/\/dev.codekraft.it\/rotary-2024\/wp-content\/uploads\/brb_media\/00550214_wheel-aligner-rot3dtower4-br-it-2025-09-pdf-106x150.png","description":""},{"id":385317,"url":"https:\/\/dev.codekraft.it\/rotary-2024\/wp-content\/uploads\/brb_media\/00550212_wheel-aligner-rot3dtower4-br-es-2025-09.pdf","title":"Wheel Aligner ROT3DTOWER4 BR es 2025 09","mpn":"","thumbnail":"https:\/\/dev.codekraft.it\/rotary-2024\/wp-content\/uploads\/brb_media\/00550212_wheel-aligner-rot3dtower4-br-es-2025-09-pdf-106x150.png","description":""},{"id":385318,"url":"https:\/\/dev.codekraft.it\/rotary-2024\/wp-content\/uploads\/brb_media\/00550215_wheel-aligner-rot3dtower4-br-ru-2025-09.pdf","title":"Wheel Aligner ROT3DTOWER4 BR ru 2025 09","mpn":"","thumbnail":"https:\/\/dev.codekraft.it\/rotary-2024\/wp-content\/uploads\/brb_media\/00550215_wheel-aligner-rot3dtower4-br-ru-2025-09-pdf-106x150.png","description":""},{"id":385319,"url":"https:\/\/dev.codekraft.it\/rotary-2024\/wp-content\/uploads\/brb_media\/00551380_rotary-floor-plan-wheel-aligner-3d_tower-fy-de-2025-11.pdf","title":"Rotary Floor Plan wheel aligner 3D Tower FY de 2025 11","mpn":"","thumbnail":"https:\/\/dev.codekraft.it\/rotary-2024\/wp-content\/uploads\/brb_media\/00551380_rotary-floor-plan-wheel-aligner-3d_tower-fy-de-2025-11-pdf-150x106.png","description":""},{"id":385320,"url":"https:\/\/dev.codekraft.it\/rotary-2024\/wp-content\/uploads\/brb_media\/00551381_rotary-floor-plan-wheel-aligner-3d_tower-fy-en-2025-11.pdf","title":"Rotary Floor Plan wheel aligner 3D Tower FY en 2025 11","mpn":"","thumbnail":"https:\/\/dev.codekraft.it\/rotary-2024\/wp-content\/uploads\/brb_media\/00551381_rotary-floor-plan-wheel-aligner-3d_tower-fy-en-2025-11-pdf-150x106.png","description":""},{"id":385321,"url":"https:\/\/dev.codekraft.it\/rotary-2024\/wp-content\/uploads\/brb_media\/00551407_rotary-floor-plan-wheel-aligner-3d_tower-fy-fr-2025-12.pdf","title":"Rotary Floor Plan wheel aligner 3D Tower FY fr 2025 12","mpn":"","thumbnail":"https:\/\/dev.codekraft.it\/rotary-2024\/wp-content\/uploads\/brb_media\/00551407_rotary-floor-plan-wheel-aligner-3d_tower-fy-fr-2025-12-pdf-150x106.png","description":""},{"id":385322,"url":"https:\/\/dev.codekraft.it\/rotary-2024\/wp-content\/uploads\/brb_media\/00551384_rotary-floor-plan-wheel-aligner-3d_tower-fy-it-2025-11.pdf","title":"Rotary Floor Plan wheel aligner 3D Tower FY it 2025 11","mpn":"","thumbnail":"https:\/\/dev.codekraft.it\/rotary-2024\/wp-content\/uploads\/brb_media\/00551384_rotary-floor-plan-wheel-aligner-3d_tower-fy-it-2025-11-pdf-150x106.png","description":""},{"id":385323,"url":"https:\/\/dev.codekraft.it\/rotary-2024\/wp-content\/uploads\/brb_media\/00551382_rotary-floor-plan-wheel-aligner-3d_tower-fy-es-2025-11.pdf","title":"Rotary Floor Plan wheel aligner 3D Tower FY es 2025 11","mpn":"","thumbnail":"https:\/\/dev.codekraft.it\/rotary-2024\/wp-content\/uploads\/brb_media\/00551382_rotary-floor-plan-wheel-aligner-3d_tower-fy-es-2025-11-pdf-150x106.png","description":""},{"id":385324,"url":"https:\/\/dev.codekraft.it\/rotary-2024\/wp-content\/uploads\/brb_media\/00551385_rotary-floor-plan-wheel-aligner-3d_tower-fy-ru-2025-11.pdf","title":"Rotary Floor Plan wheel aligner 3D Tower FY ru 2025 11","mpn":"","thumbnail":"https:\/\/dev.codekraft.it\/rotary-2024\/wp-content\/uploads\/brb_media\/00551385_rotary-floor-plan-wheel-aligner-3d_tower-fy-ru-2025-11-pdf-150x106.png","description":""}],"brb_media_drawing":[{"id":376593,"url":"https:\/\/dev.codekraft.it\/rotary-2024\/wp-content\/uploads\/brb_media\/00549479_wheel-aligner-rot3dtow-td-2025_0700_0-2024-12.pdf","title":"Wheel aligner ROT3DTOW TD 2025 0700 0 2024 12","mpn":"","thumbnail":"https:\/\/dev.codekraft.it\/rotary-2024\/wp-content\/uploads\/brb_media\/00549479_wheel-aligner-rot3dtow-td-2025_0700_0-2024-12-pdf-150x107.png","description":""}],"brb_media_manuals":[{"id":385325,"url":"https:\/\/dev.codekraft.it\/rotary-2024\/wp-content\/uploads\/brb_media\/00550219_wheel-aligner-rav3dtow-rot3dtow-spa3dtow-im-2025-r400-00-multi-2025-09.pdf","title":"Wheel Aligner RAV3DTOW ROT3DTOW SPA3DTOW IM 2025 R400 00 multi 2025 09","mpn":"","thumbnail":"https:\/\/dev.codekraft.it\/rotary-2024\/wp-content\/uploads\/brb_media\/00550219_wheel-aligner-rav3dtow-rot3dtow-spa3dtow-im-2025-r400-00-multi-2025-09-pdf-116x150.png","description":""}],"brb_media_safety_datasheets":"","brb_media_spare_parts":[],"_cdmm_p_id":"506629","_company":"Elektron","_gtin":"5063084701985","accessories":[{"id":381765,"mpn":"STDA124","name":"Drehteller Premium STDA124","description":"HD | \u00d8 360 mm | 1 Satz \/ 2 St\u00fcck","thumbnail":"https:\/\/dev.codekraft.it\/rotary-2024\/wp-content\/uploads\/brb_media\/00509909_wheel-aligner-stda124-mi-150x150.png","url":"https:\/\/dev.codekraft.it\/rotary-2024\/produkte\/zubehor-diagnose-de\/zubehor-achsmessgerate-de\/drehteller-premium-stda124\/"}],"components":[],"related":[],"page_logo_src":"https:\/\/dev.codekraft.it\/rotary-2024\/wp-content\/uploads\/2026\/04\/rotary-negative-logo.png","lang":"de","translations":{"de":385326,"en":385312,"fr":385327,"it":385328,"es":385329,"ru":385330},"pll_sync_post":[],"_links":{"self":[{"href":"https:\/\/dev.codekraft.it\/rotary-2024\/wp-json\/wp\/v2\/product\/385326","targetHints":{"allow":["GET"]}}],"collection":[{"href":"https:\/\/dev.codekraft.it\/rotary-2024\/wp-json\/wp\/v2\/product"}],"about":[{"href":"https:\/\/dev.codekraft.it\/rotary-2024\/wp-json\/wp\/v2\/types\/product"}],"wp:featuredmedia":[{"embeddable":true,"href":"https:\/\/dev.codekraft.it\/rotary-2024\/wp-json\/wp\/v2\/media\/376585"}],"wp:attachment":[{"href":"https:\/\/dev.codekraft.it\/rotary-2024\/wp-json\/wp\/v2\/media?parent=385326"}],"wp:term":[{"taxonomy":"product_brand","embeddable":true,"href":"https:\/\/dev.codekraft.it\/rotary-2024\/wp-json\/wp\/v2\/product_brand?post=385326"},{"taxonomy":"product_cat","embeddable":true,"href":"https:\/\/dev.codekraft.it\/rotary-2024\/wp-json\/wp\/v2\/product_cat?post=385326"},{"taxonomy":"product_tag","embeddable":true,"href":"https:\/\/dev.codekraft.it\/rotary-2024\/wp-json\/wp\/v2\/product_tag?post=385326"},{"taxonomy":"product_approvals","embeddable":true,"href":"https:\/\/dev.codekraft.it\/rotary-2024\/wp-json\/wp\/v2\/product_approvals?post=385326"},{"taxonomy":"product_application","embeddable":true,"href":"https:\/\/dev.codekraft.it\/rotary-2024\/wp-json\/wp\/v2\/product_application?post=385326"}],"curies":[{"name":"wp","href":"https:\/\/api.w.org\/{rel}","templated":true}]}}