{"id":385214,"date":"2025-04-01T08:53:26","date_gmt":"2025-04-01T08:53:26","guid":{"rendered":"https:\/\/dev.codekraft.it\/rotary-2024\/products\/uncategorized\/demonte-pneu-automatique-vas-741065a\/"},"modified":"2025-04-01T08:53:26","modified_gmt":"2025-04-01T08:53:26","slug":"demonte-pneu-automatique-vas-741065a","status":"publish","type":"product","link":"https:\/\/dev.codekraft.it\/rotary-2024\/fr\/produits\/service-de-pneus-fr\/demonte-pneus-fr\/demonte-pneu-automatique-vas-741065a\/","title":{"rendered":"D\u00e9monte pneu automatique VAS 741065A"},"content":{"rendered":"<p>D\u00e9monte-pneu sans levier 10 &#8211; 30\u2033, dot\u00e9 de l&#8217;outil de montage brevet\u00e9 Butler, pour monter et d\u00e9monter sans effort tous les pneumatiques sur toutes les jantes (Standard, UHP et RunFlat)<\/p>\n<ul>\n<li>Plateau de blocage auto serrant brevet\u00e9:\n<ul>\n<li>\u00c9galement adapt\u00e9 aux jantes invers\u00e9es<\/li>\n<li>Le blocage de la roue est rapide et ne n\u00e9cessite qu&#8217;un effort minime gr\u00e2ce au plateau de roue autobloquant<\/li>\n<\/ul>\n<\/li>\n<li>Positionnement synchronis\u00e9 des 2 rouleaux et de la t\u00eate de montage en une seule phase de travail &#8211; Deux rouleaux oppos\u00e9s et synchronis\u00e9s font pression sur le pneumatique de mani\u00e8re rapide et s\u00fbre<\/li>\n<li>Outils de montage brevet\u00e9 en mat\u00e9riau anti-rayures pour ne pas endommager les bords de jantes (effet z\u00e9ro stress)<\/li>\n<\/ul>\n<ul>\n<li>Console de commandes intuitive, simple et ergonomique<\/li>\n<li>Commande d&#8217;avance des rouleaux pour un d\u00e9talonnage efficace et s\u00fbr sans dommage pour le flanc du pneumatique et pour le capteur de pression<\/li>\n<li>Vitesse variable en fonction des exigences de l&#8217;op\u00e9rateur<\/li>\n<li>Moteur inverter \u00e0 limiteur de vitesse pour prot\u00e9ger le pneumatique<\/li>\n<li>Blocage rapide<\/li>\n<li>Bras presse-talon<\/li>\n<li>\u00c9l\u00e9vateur pneumatique de roues<\/li>\n<\/ul>\n<p><em><strong>Accessoires sur demande :<\/strong><\/em><\/p>\n<ul>\n<li>Bride universelle pour jantes ferm\u00e9es, \u00e9galement adapt\u00e9e aux jantes \u00e0 invers\u00e9es<\/li>\n<\/ul>\n","protected":false},"excerpt":{"rendered":"<p>Kendo.30 Premium | Sans levier, avec presse-talon e et \u00e9l\u00e9vateur pneumatique de roues, voiture de tourisme, diam\u00e8tre de la jante 10 &#8211; 30\u2033 | Certifi\u00e9 wdk<\/p>\n","protected":false},"featured_media":376111,"template":"","meta":[],"product_cat":[1033384],"product_tag":[1034197,1034248,1034180,1034163],"product_approvals":[1014533],"product_application":[1041424,1044147,1044153,1043104,1041427,1044150,1041421,1044159,1044156],"class_list":{"0":"post-385214","1":"product","2":"type-product","3":"status-publish","4":"has-post-thumbnail","6":"product_cat-demonte-pneus-fr","7":"product_tag-motor-homes-fr","8":"product_tag-trailer-fr","9":"product_tag-light-commercial-fr","10":"product_tag-passenger-cars-fr","11":"product_approvals-mercedes-benz-fr","12":"product_application-ateliers-fr","13":"product_application-carrosserie-fr","14":"product_application-installation-montage-fr","15":"product_application-montage-des-pneus-fr","16":"product_application-parc-automobile-fr","17":"product_application-reparation-de-camions-bas-fr","18":"product_application-reparation-de-voitures-fr","19":"product_application-stations-service-fr","20":"product_application-vidange-fr","22":"first","23":"instock","24":"shipping-taxable","25":"product-type-simple"},"approvals":[{"term_id":1014533,"name":"Mercedes-Benz","slug":"mercedes-benz-fr","term_group":0,"term_taxonomy_id":1014532,"taxonomy":"product_approvals","description":"","parent":0,"count":43,"filter":"raw"}],"application":[{"term_id":1041424,"name":"Ateliers","slug":"ateliers-fr","term_group":0,"term_taxonomy_id":1041423,"taxonomy":"product_application","description":"","parent":0,"count":4,"filter":"raw","tax_image_id":""},{"term_id":1044147,"name":"Carrosserie","slug":"carrosserie-fr","term_group":0,"term_taxonomy_id":1044146,"taxonomy":"product_application","description":"","parent":0,"count":1,"filter":"raw","tax_image_id":""},{"term_id":1044153,"name":"Installation\/montage","slug":"installation-montage-fr","term_group":0,"term_taxonomy_id":1044152,"taxonomy":"product_application","description":"","parent":0,"count":1,"filter":"raw","tax_image_id":""},{"term_id":1043104,"name":"Montage des pneus","slug":"montage-des-pneus-fr","term_group":0,"term_taxonomy_id":1043103,"taxonomy":"product_application","description":"","parent":0,"count":7,"filter":"raw","tax_image_id":""},{"term_id":1041427,"name":"Parc automobile","slug":"parc-automobile-fr","term_group":0,"term_taxonomy_id":1041426,"taxonomy":"product_application","description":"","parent":0,"count":4,"filter":"raw","tax_image_id":""},{"term_id":1044150,"name":"R\u00e9paration de camions bas","slug":"reparation-de-camions-bas-fr","term_group":0,"term_taxonomy_id":1044149,"taxonomy":"product_application","description":"","parent":0,"count":1,"filter":"raw","tax_image_id":""},{"term_id":1041421,"name":"R\u00e9paration de voitures","slug":"reparation-de-voitures-fr","term_group":0,"term_taxonomy_id":1041420,"taxonomy":"product_application","description":"","parent":0,"count":4,"filter":"raw","tax_image_id":""},{"term_id":1044159,"name":"Stations-service","slug":"stations-service-fr","term_group":0,"term_taxonomy_id":1044158,"taxonomy":"product_application","description":"","parent":0,"count":1,"filter":"raw","tax_image_id":""},{"term_id":1044156,"name":"Vidange","slug":"vidange-fr","term_group":0,"term_taxonomy_id":1044155,"taxonomy":"product_application","description":"","parent":0,"count":1,"filter":"raw","tax_image_id":""}],"brb_media_brochure":"","brb_media_drawing":"","brb_media_manuals":"","brb_media_safety_datasheets":"","brb_media_spare_parts":[],"_cdmm_p_id":"505757","_company":"Elektron","_gtin":"4057612923599","accessories":[{"id":380621,"cdmm_p_id":"490282","name":"T\u00eate de montage sup\u00e9rieure pour les jantes avec rayons en saille","description":"","thumbnail":"https:\/\/dev.codekraft.it\/rotary-2024\/wp-content\/uploads\/brb_media\/00506689_g1000a142-150x150.png","url":"https:\/\/dev.codekraft.it\/rotary-2024\/fr\/produits\/accessoires-service-de-pneus-fr\/accessoires-demonte-pneu-fr\/tete-de-montage-superieure-pour-les-jantes-avec-rayons-en-saille\/"},{"id":382106,"cdmm_p_id":"499819","name":"P\u00e2te de montage\/d\u00e9montage | 3,5 kg","description":"","thumbnail":"https:\/\/dev.codekraft.it\/rotary-2024\/wp-content\/uploads\/brb_media\/00506743_g800a37-150x150.png","url":"https:\/\/dev.codekraft.it\/rotary-2024\/fr\/produits\/accessoires-service-de-pneus-fr\/accessoires-demonte-pneu-fr\/pate-de-montage-demontage-35-kg\/"},{"id":381512,"cdmm_p_id":"497566","name":"Pinceau Plastique","description":"","thumbnail":"https:\/\/dev.codekraft.it\/rotary-2024\/wp-content\/uploads\/brb_media\/00506719_g800a38-150x150.png","url":"https:\/\/dev.codekraft.it\/rotary-2024\/fr\/produits\/accessoires-service-de-pneus-fr\/accessoires-demonte-pneu-fr\/pinceau-plastique\/"},{"id":381524,"cdmm_p_id":"497568","name":"Protection en caoutchouc pour plateau appui roue","description":"Jeu de protections pour roues invers\u00e9es | 1 jeu \/ 10 pi\u00e8ces","thumbnail":"https:\/\/dev.codekraft.it\/rotary-2024\/wp-content\/uploads\/brb_media\/00506708_g1000a81k-sp-150x150.png","url":"https:\/\/dev.codekraft.it\/rotary-2024\/fr\/produits\/accessoires-service-de-pneus-fr\/accessoires-demonte-pneu-fr\/protection-en-caoutchouc-pour-plateau-appui-roue\/"},{"id":382013,"cdmm_p_id":"499798","name":"Plaques de protection de talon | approuv\u00e9es WDK","description":"Compris dans le kit WDK | 1\u00a0jeu \/ 50\u00a0pi\u00e8ces","thumbnail":"https:\/\/dev.codekraft.it\/rotary-2024\/wp-content\/uploads\/brb_media\/00506667_g1000a100k-01-150x150.png","url":"https:\/\/dev.codekraft.it\/rotary-2024\/fr\/produits\/accessoires-service-de-pneus-fr\/accessoires-demonte-pneu-fr\/plaques-de-protection-de-talon-approuvees-wdk\/"},{"id":380372,"cdmm_p_id":"482616","name":"Wulstboy avec dispositif de remorquage Standard","description":"Compris dans le kit WDK","thumbnail":"https:\/\/dev.codekraft.it\/rotary-2024\/wp-content\/uploads\/brb_media\/00506688_g1000a140-150x150.png","url":"https:\/\/dev.codekraft.it\/rotary-2024\/fr\/produits\/accessoires-service-de-pneus-fr\/accessoires-demonte-pneu-fr\/wulstboy-avec-dispositif-de-remorquage-standard\/"},{"id":381334,"cdmm_p_id":"497532","name":"Rallonge pour pousse talon \u00e0 28\u2033 | pour G1000A32","description":"Compris dans le kit WDK","thumbnail":"https:\/\/dev.codekraft.it\/rotary-2024\/wp-content\/uploads\/brb_media\/00506693_g1000a36-150x150.png","url":"https:\/\/dev.codekraft.it\/rotary-2024\/fr\/produits\/accessoires-service-de-pneus-fr\/accessoires-demonte-pneu-fr\/rallonge-pour-pousse-talon-a-28%e2%80%b3-pour-g1000a32\/"},{"id":381548,"cdmm_p_id":"497572","name":"Bride pour LT (camion l\u00e9ger)","description":"","thumbnail":"https:\/\/dev.codekraft.it\/rotary-2024\/wp-content\/uploads\/brb_media\/00506669_g1000a101-150x150.png","url":"https:\/\/dev.codekraft.it\/rotary-2024\/fr\/produits\/accessoires-service-de-pneus-fr\/accessoires-demonte-pneu-fr\/bride-pour-lt-camion-leger\/"},{"id":381560,"cdmm_p_id":"497574","name":"C\u00f4ne avec cale | pour arbre \u00d8 40 | \u00d8 69 mm","description":"Necessaire le G1000A80 - G1000A138","thumbnail":"https:\/\/dev.codekraft.it\/rotary-2024\/wp-content\/uploads\/brb_media\/00471557_tyre-changers-cone-for-40-mm-shaft-di-150x150.png","url":"https:\/\/dev.codekraft.it\/rotary-2024\/fr\/produits\/accessoires-service-de-pneus-fr\/accessoires-demonte-pneu-fr\/cone-avec-cale-pour-arbre-o-40-o-69-mm\/"}],"components":[],"related":[],"similar":[{"id":385208,"cdmm_p_id":"505753","name":"D\u00e9monte-pneu VAS 741063A","description":"Aikido.Evo Premium | Sans levier, automatique, incl. pousse talon pneumatique et l\u00e9ve roue, voiture de tourisme, diam\u00e8tre de jante 10 - 34\u2033 | Certifi\u00e9 wdk","thumbnail":"https:\/\/dev.codekraft.it\/rotary-2024\/wp-content\/uploads\/brb_media\/00539674_tyre-changer-aikidoevo-premium-vas-741063a-mi-150x150.png","url":"https:\/\/dev.codekraft.it\/rotary-2024\/fr\/produits\/service-de-pneus-fr\/demonte-pneus-fr\/demonte-pneu-vas-741063a\/"}],"lang":"fr","translations":{"fr":385214,"en":385212,"de":385213,"it":385215,"es":385216,"ru":385217},"pll_sync_post":[],"_links":{"self":[{"href":"https:\/\/dev.codekraft.it\/rotary-2024\/wp-json\/wp\/v2\/product\/385214","targetHints":{"allow":["GET"]}}],"collection":[{"href":"https:\/\/dev.codekraft.it\/rotary-2024\/wp-json\/wp\/v2\/product"}],"about":[{"href":"https:\/\/dev.codekraft.it\/rotary-2024\/wp-json\/wp\/v2\/types\/product"}],"wp:featuredmedia":[{"embeddable":true,"href":"https:\/\/dev.codekraft.it\/rotary-2024\/wp-json\/wp\/v2\/media\/376111"}],"wp:attachment":[{"href":"https:\/\/dev.codekraft.it\/rotary-2024\/wp-json\/wp\/v2\/media?parent=385214"}],"wp:term":[{"taxonomy":"product_cat","embeddable":true,"href":"https:\/\/dev.codekraft.it\/rotary-2024\/wp-json\/wp\/v2\/product_cat?post=385214"},{"taxonomy":"product_tag","embeddable":true,"href":"https:\/\/dev.codekraft.it\/rotary-2024\/wp-json\/wp\/v2\/product_tag?post=385214"},{"taxonomy":"product_approvals","embeddable":true,"href":"https:\/\/dev.codekraft.it\/rotary-2024\/wp-json\/wp\/v2\/product_approvals?post=385214"},{"taxonomy":"product_application","embeddable":true,"href":"https:\/\/dev.codekraft.it\/rotary-2024\/wp-json\/wp\/v2\/product_application?post=385214"}],"curies":[{"name":"wp","href":"https:\/\/api.w.org\/{rel}","templated":true}]}}