{"id":384673,"date":"2025-09-08T09:01:36","date_gmt":"2025-09-08T09:01:36","guid":{"rendered":"https:\/\/dev.codekraft.it\/rotary-2024\/products\/uncategorized\/alineador-de-ruedas-ccd-speed8060ptws-3\/"},"modified":"2025-09-08T09:01:36","modified_gmt":"2025-09-08T09:01:36","slug":"alineador-de-ruedas-ccd-speed8060ptws-3","status":"publish","type":"product","link":"https:\/\/dev.codekraft.it\/rotary-2024\/es\/productos\/diagnostico-es\/alineadores-de-ruedas-es\/alineador-de-ruedas-ccd-speed8060ptws-3\/","title":{"rendered":"Alineador de ruedas CCD SPEED8060PTWS.3"},"content":{"rendered":"<p>Alineadores de ruedas equipados con sensores CCD con transmisi\u00f3n de datos Bluetooth y alimentados por bater\u00edas de carga r\u00e1pida. El armario con ruedas permite una gran movilidad entre varios puestos de trabajo gracias a la ausencia de cables.<\/p>\n<ul>\n<li>Eco Cabinet: armario realizado con material respetuoso con el medio ambiente<\/li>\n<li>Movilidad sin concesiones: los nuevos detectores CCD, ligeros y compactos, ofrecen lo \u00faltimo en comodidad<\/li>\n<li>Tecnolog\u00eda inteligente: software con gr\u00e1ficos actualizados, interfaz de usuario intuitiva, animaciones y ayudas para el ajuste que permiten un trabajo r\u00e1pido y eficaz.<\/li>\n<\/ul>\n<ul>\n<li>Los detectores provistos con teclado permiten un control remoto sencillo e intuitivo, sin necesidad de acceder a un PC u otro dispositivo.<\/li>\n<li>Las bases de carga r\u00e1pida para los detectores est\u00e1n situadas en los laterales del armario, lo que hace que sean accesibles y f\u00e1ciles de usar.<\/li>\n<li>La consola sobre ruedas contiene el PC, la impresora y el monitor.<\/li>\n<li>Transmisi\u00f3n por infrarrojos entre detectores; eficaz incluso en condiciones de poca luz.<\/li>\n<li>Pr\u00e1ctico compartimento para las garras y accesorios.<\/li>\n<li>Las garras de 3 puntos STDA92 permiten suprimir el procedimiento de alabeo.<\/li>\n<li>Los 3 LEDs situados en los detectores indican claramente al operador cu\u00e1ndo los \u00e1ngulos coinciden con los valores requeridos. Los nuevos detectores garantizan lecturas angulares de hasta 18 metros.<\/li>\n<li>Transmisi\u00f3n Bluetooth entre detectores CCD y consola PC.<\/li>\n<li>Programa de gesti\u00f3n y visualizaci\u00f3n de datos en entorno Microsoft Windows.<\/li>\n<li>Base de datos internacional con fichas t\u00e9cnicas propias de veh\u00edculos y con la posibilidad de crear una propia base de datos de clientes para el registro de los alineados.<\/li>\n<li>Permite la medici\u00f3n r\u00e1pida y sencilla de veh\u00edculos con varios ejes. El procedimiento est\u00e1 guiado y es f\u00e1cil de seguir, incluso para los operadores menos experimentados.<\/li>\n<\/ul>\n<ul>\n<li>El programa Movie simplifica la fase de registro, gracias a gr\u00e1ficos animados en 3D que gu\u00edan al operador a lo largo del procedimiento.<\/li>\n<li>Posibilidad de efectuar la compensaci\u00f3n del alabeo con el motor en marcha sin necesidad de empujar el veh\u00edculo.<\/li>\n<li>Compensaci\u00f3n del alabeo simult\u00e1neo de varios ejes adquiriendo un juego adicional de garras.<\/li>\n<\/ul>\n","protected":false},"excerpt":{"rendered":"<p>Dispositivo de alineaci\u00f3n de ruedas 6-CCD para camiones, con sensores est\u00e1ndar | incl. garras de 3 puntos, consola cerrada, platos giratorios y LCD pantalla 22\u2033 | Rojo (RAL 3002) | 1 x 230 V \/ 50 &#8211; 60 Hz<\/p>\n","protected":false},"featured_media":356164,"template":"","meta":[],"product_cat":[1033430],"product_tag":[1034151,1034134,1034203,1034265],"product_approvals":[],"product_application":[],"class_list":{"0":"post-384673","1":"product","2":"type-product","3":"status-publish","4":"has-post-thumbnail","6":"product_cat-alineadores-de-ruedas-es","7":"product_tag-buses-es","8":"product_tag-trucks-es","9":"product_tag-motor-homes-es","10":"product_tag-remolques-es","12":"first","13":"instock","14":"shipping-taxable","15":"product-type-simple"},"approvals":[],"application":[],"brb_media_brochure":[{"id":380577,"url":"https:\/\/dev.codekraft.it\/rotary-2024\/wp-content\/uploads\/brb_media\/00528233_wheel-aligner-speed8080-8060-de-2024-07-screen.pdf","title":"wheel aligner speed8080 8060 de 2024 07 screen","thumbnail":"https:\/\/dev.codekraft.it\/rotary-2024\/wp-content\/uploads\/brb_media\/00528233_wheel-aligner-speed8080-8060-de-2024-07-screen-pdf-106x150.png","description":""},{"id":380578,"url":"https:\/\/dev.codekraft.it\/rotary-2024\/wp-content\/uploads\/brb_media\/00528234_wheel-aligner-speed8080-8060-en-2024-07-screen.pdf","title":"wheel aligner speed8080 8060 en 2024 07 screen","thumbnail":"https:\/\/dev.codekraft.it\/rotary-2024\/wp-content\/uploads\/brb_media\/00528234_wheel-aligner-speed8080-8060-en-2024-07-screen-pdf-106x150.png","description":""},{"id":380579,"url":"https:\/\/dev.codekraft.it\/rotary-2024\/wp-content\/uploads\/brb_media\/00528235_wheel-aligner-speed8080-8060-fr-2024-07-screen.pdf","title":"wheel aligner speed8080 8060 fr 2024 07 screen","thumbnail":"https:\/\/dev.codekraft.it\/rotary-2024\/wp-content\/uploads\/brb_media\/00528235_wheel-aligner-speed8080-8060-fr-2024-07-screen-pdf-106x150.png","description":""},{"id":380580,"url":"https:\/\/dev.codekraft.it\/rotary-2024\/wp-content\/uploads\/brb_media\/00528236_wheel-aligner-speed8080-8060-it-2024-07-screen.pdf","title":"wheel aligner speed8080 8060 it 2024 07 screen","thumbnail":"https:\/\/dev.codekraft.it\/rotary-2024\/wp-content\/uploads\/brb_media\/00528236_wheel-aligner-speed8080-8060-it-2024-07-screen-pdf-106x150.png","description":""},{"id":380581,"url":"https:\/\/dev.codekraft.it\/rotary-2024\/wp-content\/uploads\/brb_media\/00528237_wheel-aligner-speed8080-8060-es-2024-07-screen.pdf","title":"wheel aligner speed8080 8060 es 2024 07 screen","thumbnail":"https:\/\/dev.codekraft.it\/rotary-2024\/wp-content\/uploads\/brb_media\/00528237_wheel-aligner-speed8080-8060-es-2024-07-screen-pdf-106x150.png","description":""},{"id":380582,"url":"https:\/\/dev.codekraft.it\/rotary-2024\/wp-content\/uploads\/brb_media\/00528238_wheel-aligner-speed8080-8060-ru-2024-07-screen.pdf","title":"wheel aligner speed8080 8060 ru 2024 07 screen","thumbnail":"https:\/\/dev.codekraft.it\/rotary-2024\/wp-content\/uploads\/brb_media\/00528238_wheel-aligner-speed8080-8060-ru-2024-07-screen-pdf-106x150.png","description":""},{"id":384646,"url":"https:\/\/dev.codekraft.it\/rotary-2024\/wp-content\/uploads\/brb_media\/00528381_wheel-aligner-ccd-accessories-speed8060-de-screen.pdf","title":"wheel aligner ccd accessories speed8060 de screen","thumbnail":"https:\/\/dev.codekraft.it\/rotary-2024\/wp-content\/uploads\/brb_media\/00528381_wheel-aligner-ccd-accessories-speed8060-de-screen-pdf-106x150.png","description":""},{"id":384647,"url":"https:\/\/dev.codekraft.it\/rotary-2024\/wp-content\/uploads\/brb_media\/00528382_wheel-aligner-ccd-accessories-speed8060-en-screen.pdf","title":"wheel aligner ccd accessories speed8060 en screen","thumbnail":"https:\/\/dev.codekraft.it\/rotary-2024\/wp-content\/uploads\/brb_media\/00528382_wheel-aligner-ccd-accessories-speed8060-en-screen-pdf-106x150.png","description":""},{"id":384648,"url":"https:\/\/dev.codekraft.it\/rotary-2024\/wp-content\/uploads\/brb_media\/00528383_wheel-aligner-ccd-accessories-speed8060-fr-screen.pdf","title":"wheel aligner ccd accessories speed8060 fr screen","thumbnail":"https:\/\/dev.codekraft.it\/rotary-2024\/wp-content\/uploads\/brb_media\/00528383_wheel-aligner-ccd-accessories-speed8060-fr-screen-pdf-106x150.png","description":""},{"id":384649,"url":"https:\/\/dev.codekraft.it\/rotary-2024\/wp-content\/uploads\/brb_media\/00528384_wheel-aligner-ccd-accessories-speed8060-it-screen.pdf","title":"wheel aligner ccd accessories speed8060 it screen","thumbnail":"https:\/\/dev.codekraft.it\/rotary-2024\/wp-content\/uploads\/brb_media\/00528384_wheel-aligner-ccd-accessories-speed8060-it-screen-pdf-106x150.png","description":""},{"id":384650,"url":"https:\/\/dev.codekraft.it\/rotary-2024\/wp-content\/uploads\/brb_media\/00528385_wheel-aligner-ccd-accessories-speed8060-es-screen.pdf","title":"wheel aligner ccd accessories speed8060 es screen","thumbnail":"https:\/\/dev.codekraft.it\/rotary-2024\/wp-content\/uploads\/brb_media\/00528385_wheel-aligner-ccd-accessories-speed8060-es-screen-pdf-106x150.png","description":""},{"id":384651,"url":"https:\/\/dev.codekraft.it\/rotary-2024\/wp-content\/uploads\/brb_media\/00528386_wheel-aligner-ccd-accessories-speed8060-ru-screen.pdf","title":"wheel aligner ccd accessories speed8060 ru screen","thumbnail":"https:\/\/dev.codekraft.it\/rotary-2024\/wp-content\/uploads\/brb_media\/00528386_wheel-aligner-ccd-accessories-speed8060-ru-screen-pdf-106x150.png","description":""}],"brb_media_drawing":"","brb_media_manuals":[{"id":380589,"url":"https:\/\/dev.codekraft.it\/rotary-2024\/wp-content\/uploads\/brb_media\/00539875_wheel-aligner-ravtd808-ravtd806-rotsp808-rotsp806-spaart98-spaart86-im-2015-m362-00_vsg_00_rev00_multi-2024-04.pdf","title":"Wheel Aligner RAVTD808 RAVTD806 ROTSP808 ROTSP806 SPAART98 SPAART86 IM 2015 M362 00 VSG 00 rev00 multi 2024 04","thumbnail":"https:\/\/dev.codekraft.it\/rotary-2024\/wp-content\/uploads\/brb_media\/00539875_wheel-aligner-ravtd808-ravtd806-rotsp808-rotsp806-spaart98-spaart86-im-2015-m362-00_vsg_00_rev00_multi-2024-04-pdf-106x150.png","description":""}],"brb_media_safety_datasheets":"","brb_media_spare_parts":[],"_cdmm_p_id":"503983","_company":"Elektron","_gtin":"5063084700360","accessories":[{"id":380651,"cdmm_p_id":"490309","name":"Garras de ruedas Cami\u00f3n | 4 puntos | \u00d8 llanta 12 &#8211; 28\u2033, \u00d8 neumatico min 700 mm","description":"Garras para camiones de 4 puntos con autocentrado, bloqueo r\u00e1pido y soporte movil | incl. u\u00f1as largas desmontables | 1 juego \/ 2 piezas","thumbnail":"https:\/\/dev.codekraft.it\/rotary-2024\/wp-content\/uploads\/brb_media\/00528314_wheel-aligner-stda30e-mi-150x150.png","url":"https:\/\/dev.codekraft.it\/rotary-2024\/es\/productos\/accesorios-diagnostico-es\/accesorios-alineadores-de-ruedas-es\/garras-de-ruedas-camion-4-puntos-o-llanta-12-28%e2%80%b3-o-neumatico-min-700-mm\/"},{"id":382718,"cdmm_p_id":"501818","name":"Garras de ruedas Cami\u00f3n | 4 puntos | \u00d8 llanta 12 &#8211; 28\u2033, \u00d8 neumatico 780 &#8211; 1220 mm","description":"Garras para camiones autocentrantes a 4 puntos de apoyo, bloqueo r\u00e1pido y soporte movil | incl. u\u00f1as met\u00e1licas | 1 juego \/ 2 piezas","thumbnail":"https:\/\/dev.codekraft.it\/rotary-2024\/wp-content\/uploads\/brb_media\/00528313_wheel-aligners-stda48e-mi-150x150.png","url":"https:\/\/dev.codekraft.it\/rotary-2024\/es\/productos\/accesorios-diagnostico-es\/accesorios-alineadores-de-ruedas-es\/garras-de-ruedas-camion-4-puntos-o-llanta-12-28%e2%80%b3-o-neumatico-780-1220-mm\/"},{"id":383699,"cdmm_p_id":"502265","name":"Extensiones 200 mm","description":"Para garras de ruedas de cami\u00f3n STDA92 | 1 juego \/ 6 piezas","thumbnail":"https:\/\/dev.codekraft.it\/rotary-2024\/wp-content\/uploads\/brb_media\/00528329_wheel-aligner-stda92a1-mi-150x150.png","url":"https:\/\/dev.codekraft.it\/rotary-2024\/es\/productos\/accesorios-diagnostico-es\/accesorios-alineadores-de-ruedas-es\/extensiones-200-mm\/"},{"id":379807,"cdmm_p_id":"472285","name":"Calibre de nivel y de altura","description":"Calibre de nivel y de altura (opci\u00f3n)","thumbnail":"https:\/\/dev.codekraft.it\/rotary-2024\/wp-content\/uploads\/brb_media\/00528316_wheel-aligner-stda23-bth-mi-150x150.png","url":"https:\/\/dev.codekraft.it\/rotary-2024\/es\/productos\/accesorios-diagnostico-es\/accesorios-alineadores-de-ruedas-es\/calibre-de-nivel-y-de-altura\/"},{"id":383611,"cdmm_p_id":"502218","name":"Goni\u00f3metros para platos giratorios de camiones STDA29L","description":"Escala graduada para alineadores de ruedas | 1 juego \/ 2 unidades","thumbnail":"https:\/\/dev.codekraft.it\/rotary-2024\/wp-content\/uploads\/brb_media\/00528323_wheel-aligner-stda44l-mi-150x150.png","url":"https:\/\/dev.codekraft.it\/rotary-2024\/es\/productos\/accesorios-diagnostico-es\/accesorios-alineadores-de-ruedas-es\/goniometros-para-platos-giratorios-de-camiones-stda29l\/"},{"id":381645,"cdmm_p_id":"497592","name":"Bastidor auxiliar para medici\u00f3n de remolques","description":"","thumbnail":"https:\/\/dev.codekraft.it\/rotary-2024\/wp-content\/uploads\/brb_media\/00528324_wheel-aligner-stda49n-mi-150x150.png","url":"https:\/\/dev.codekraft.it\/rotary-2024\/es\/productos\/accesorios-diagnostico-es\/accesorios-alineadores-de-ruedas-es\/bastidor-auxiliar-para-medicion-de-remolques\/"},{"id":383741,"cdmm_p_id":"502281","name":"Kit de calibraci\u00f3n Standard | para serie WS y WD","description":"Solo para serie WS y WD, reemplaza STDA14","thumbnail":"https:\/\/dev.codekraft.it\/rotary-2024\/wp-content\/uploads\/brb_media\/00513153_wheel-aligner-stda163-mi-150x150.png","url":"https:\/\/dev.codekraft.it\/rotary-2024\/es\/productos\/accesorios-diagnostico-es\/accesorios-alineadores-de-ruedas-es\/kit-de-calibracion-standard-para-serie-ws-y-wd\/"},{"id":383166,"cdmm_p_id":"502008","name":"Juego access point para utilizo APP desde control remoto","description":"Punto de acceso Wi-Fi | STDA141 requerido","thumbnail":"https:\/\/dev.codekraft.it\/rotary-2024\/wp-content\/uploads\/brb_media\/00528338_wheel-aligner-stda142-mi-150x150.png","url":"https:\/\/dev.codekraft.it\/rotary-2024\/es\/productos\/accesorios-diagnostico-es\/accesorios-alineadores-de-ruedas-es\/juego-access-point-para-utilizo-app-desde-control-remoto\/"},{"id":381736,"cdmm_p_id":"499589","name":"Software de conectividad del taller TEq-Link","description":"Software para conectar equipos en el taller y supervisar su uso, gestionar el mantenimiento preventivo, enviar informes por correo electr\u00f3nico y mucho m\u00e1s.","thumbnail":"https:\/\/dev.codekraft.it\/rotary-2024\/wp-content\/uploads\/brb_media\/00409445-150x150.png","url":"https:\/\/dev.codekraft.it\/rotary-2024\/es\/productos\/diagnostico-es\/connected-workshop-es\/software-de-conectividad-del-taller-teq-link\/"},{"id":379814,"cdmm_p_id":"472293","name":"Token Aligner Connect","description":"Pantalla remota en un dispositivo m\u00f3vil | utilizo APP desde control remoto","thumbnail":"https:\/\/dev.codekraft.it\/rotary-2024\/wp-content\/uploads\/brb_media\/00528337_wheel-aligner-stda141-mi-150x150.png","url":"https:\/\/dev.codekraft.it\/rotary-2024\/es\/productos\/accesorios-diagnostico-es\/accesorios-alineadores-de-ruedas-es\/token-aligner-connect-5\/"},{"id":383766,"cdmm_p_id":"502287","name":"Token","description":"Activaci\u00f3n del programa de ajuste de la suspensi\u00f3n de doble horquilla \u00abDouble Wishbone\u00bb","thumbnail":"https:\/\/dev.codekraft.it\/rotary-2024\/wp-content\/uploads\/brb_media\/00528351_wheel-aligner-stdawishbone-mi-150x150.png","url":"https:\/\/dev.codekraft.it\/rotary-2024\/es\/productos\/accesorios-diagnostico-es\/accesorios-alineadores-de-ruedas-es\/token-23\/"},{"id":381698,"cdmm_p_id":"499586","name":"Token","description":"Clave virtual para la consulta de base de datos en l\u00ednea a trav\u00e9s de la consulta de la Oficina Federal de Veh\u00edculos Motorizados (KBA) de Alemania | incl. 200 consultas","thumbnail":"https:\/\/dev.codekraft.it\/rotary-2024\/wp-content\/uploads\/brb_media\/00510471_wheel-aligners-shootgo-mi-150x150.png","url":"https:\/\/dev.codekraft.it\/rotary-2024\/es\/productos\/accesorios-diagnostico-es\/accesorios-alineadores-de-ruedas-es\/token-10\/"},{"id":380104,"cdmm_p_id":"477148","name":"Cr\u00e9dito de consulta de base de datos Shoot &amp; Go 200","description":"Paquete de cr\u00e9ditos para consultar la base de datos en l\u00ednea a trav\u00e9s de la consulta de la Oficina Federal de Veh\u00edculos Motorizados (KBA) de Alemania | 200 consultas","thumbnail":"https:\/\/dev.codekraft.it\/rotary-2024\/wp-content\/uploads\/brb_media\/00510471_wheel-aligners-shootgo-mi-150x150.png","url":"https:\/\/dev.codekraft.it\/rotary-2024\/es\/productos\/accesorios-diagnostico-es\/accesorios-alineadores-de-ruedas-es\/credito-de-consulta-de-base-de-datos-shoot-go-200\/"},{"id":380689,"cdmm_p_id":"490346","name":"Cr\u00e9dito de consulta de base de datos Shoot &amp; Go 500","description":"Paquete de cr\u00e9ditos para consultar la base de datos en l\u00ednea a trav\u00e9s de la consulta de la Oficina Federal de Veh\u00edculos Motorizados (KBA) de Alemania | 500 consultas","thumbnail":"https:\/\/dev.codekraft.it\/rotary-2024\/wp-content\/uploads\/brb_media\/00510471_wheel-aligners-shootgo-mi-150x150.png","url":"https:\/\/dev.codekraft.it\/rotary-2024\/es\/productos\/accesorios-diagnostico-es\/accesorios-alineadores-de-ruedas-es\/credito-de-consulta-de-base-de-datos-shoot-go-500\/"},{"id":385058,"cdmm_p_id":"504694","name":"Cr\u00e9dito de consulta de base de datos Shoot &amp; Go 350","description":"Paquete de cr\u00e9ditos para consultar la base de datos en l\u00ednea a trav\u00e9s de la consulta de la Oficina Federal de Veh\u00edculos Motorizados (KBA) de Alemania | 350 consultas","thumbnail":"https:\/\/dev.codekraft.it\/rotary-2024\/wp-content\/uploads\/brb_media\/00510471_wheel-aligners-shootgo-mi-150x150.png","url":"https:\/\/dev.codekraft.it\/rotary-2024\/es\/productos\/accesorios-diagnostico-es\/accesorios-alineadores-de-ruedas-es\/credito-de-consulta-de-base-de-datos-shoot-go-350\/"}],"components":[],"related":[],"similar":[{"id":384655,"cdmm_p_id":"503980","name":"Alineador de ruedas CCD SPEED8060PTWSR.4","description":"Dispositivo de alineaci\u00f3n de ruedas 6-CCD para camiones, con sensores rebajados | incl. garras de 4 puntos, consola cerrada, platos giratorios y LCD pantalla 22\u2033 | Rojo (RAL 3002) | 1 x 230 V \/ 50 - 60 Hz","thumbnail":"https:\/\/dev.codekraft.it\/rotary-2024\/wp-content\/uploads\/brb_media\/00523708_wheel-aligner-speed8060ptwsr-side-mi-150x150.png","url":"https:\/\/dev.codekraft.it\/rotary-2024\/es\/productos\/diagnostico-es\/alineadores-de-ruedas-es\/alineador-de-ruedas-ccd-speed8060ptwsr-4\/"},{"id":384661,"cdmm_p_id":"503981","name":"Alineador de ruedas CCD SPEED8060PTWS.4","description":"Dispositivo de alineaci\u00f3n de ruedas 6-CCD para camiones, con sensores est\u00e1ndar | incl. garras de 4 puntos, consola cerrada, platos giratorios y LCD pantalla 22\u2033 | Rojo (RAL 3002) | 1 x 230 V \/ 50 - 60 Hz","thumbnail":"https:\/\/dev.codekraft.it\/rotary-2024\/wp-content\/uploads\/brb_media\/00523709_wheel-aligner-speed8060ptws-side-mi-150x150.png","url":"https:\/\/dev.codekraft.it\/rotary-2024\/es\/productos\/diagnostico-es\/alineadores-de-ruedas-es\/alineador-de-ruedas-ccd-speed8060ptws-4\/"},{"id":384667,"cdmm_p_id":"503982","name":"Alineador de ruedas CCD SPEED8060PTWSR.3","description":"Dispositivo de alineaci\u00f3n de ruedas 6-CCD para camiones, con sensores rebajados | incl. garras de 3 puntos, consola cerrada, platos giratorios y LCD pantalla 22\u2033 | Rojo (RAL 3002) | 1 x 230 V \/ 50 - 60 Hz","thumbnail":"https:\/\/dev.codekraft.it\/rotary-2024\/wp-content\/uploads\/brb_media\/00523708_wheel-aligner-speed8060ptwsr-side-mi-150x150.png","url":"https:\/\/dev.codekraft.it\/rotary-2024\/es\/productos\/diagnostico-es\/alineadores-de-ruedas-es\/alineador-de-ruedas-ccd-speed8060ptwsr-3\/"},{"id":384681,"cdmm_p_id":"503984","name":"Alineador de ruedas CCD SPEED8060PTWSR.3 (gris)","description":"Dispositivo de alineaci\u00f3n de ruedas 6-CCD para camiones, con sensores rebajados | incl. garras de 3 puntos, consola cerrada, platos giratorios y LCD pantalla 22\u2033 | Gris (RAL 7040) | 1 x 230 V \/ 50 - 60 Hz","thumbnail":"https:\/\/dev.codekraft.it\/rotary-2024\/wp-content\/uploads\/brb_media\/00539827_wheel-aligner-speed-8060ptwsr-side02-ral7040-mi-150x150.png","url":"https:\/\/dev.codekraft.it\/rotary-2024\/es\/productos\/diagnostico-es\/alineadores-de-ruedas-es\/alineador-de-ruedas-ccd-speed8060ptwsr-3-gris\/"},{"id":384689,"cdmm_p_id":"503985","name":"Alineador de ruedas CCD SPEED8060PTWS.3 (gris)","description":"Dispositivo de alineaci\u00f3n de ruedas 6-CCD para camiones, con sensores est\u00e1ndar | incl. garras de 3 puntos, consola cerrada, platos giratorios y LCD pantalla 22\u2033 | Gris (RAL 7040) | 1 x 230 V \/ 50 - 60 Hz","thumbnail":"https:\/\/dev.codekraft.it\/rotary-2024\/wp-content\/uploads\/brb_media\/00539825_wheel-aligner-speed-8060ptws-side-ral7040-mi-150x150.png","url":"https:\/\/dev.codekraft.it\/rotary-2024\/es\/productos\/diagnostico-es\/alineadores-de-ruedas-es\/alineador-de-ruedas-ccd-speed8060ptws-3-gris\/"},{"id":384695,"cdmm_p_id":"503986","name":"Alineador de ruedas CCD SPEED8060PTWSR.4 (gris)","description":"Dispositivo de alineaci\u00f3n de ruedas 6-CCD para camiones, con sensores rebajados | incl. garras de 4 puntos, consola cerrada, platos giratorios y LCD pantalla 22\u2033 | Gris (RAL 7040) | 1 x 230 V \/ 50 - 60 Hz","thumbnail":"https:\/\/dev.codekraft.it\/rotary-2024\/wp-content\/uploads\/brb_media\/00539827_wheel-aligner-speed-8060ptwsr-side02-ral7040-mi-150x150.png","url":"https:\/\/dev.codekraft.it\/rotary-2024\/es\/productos\/diagnostico-es\/alineadores-de-ruedas-es\/alineador-de-ruedas-ccd-speed8060ptwsr-4-gris\/"},{"id":384701,"cdmm_p_id":"503987","name":"Alineador de ruedas CCD SPEED8060PTWS.4 (gris)","description":"Dispositivo de alineaci\u00f3n de ruedas 6-CCD para camiones, con sensores est\u00e1ndar | incl. garras de 4 puntos, consola cerrada, platos giratorios y LCD pantalla 22\u2033 | Gris (RAL 7040) | 1 x 230 V \/ 50 - 60 Hz","thumbnail":"https:\/\/dev.codekraft.it\/rotary-2024\/wp-content\/uploads\/brb_media\/00539825_wheel-aligner-speed-8060ptws-side-ral7040-mi-150x150.png","url":"https:\/\/dev.codekraft.it\/rotary-2024\/es\/productos\/diagnostico-es\/alineadores-de-ruedas-es\/alineador-de-ruedas-ccd-speed8060ptws-4-gris\/"}],"lang":"es","translations":{"es":384673,"en":384669,"de":384670,"fr":384671,"it":384672,"ru":384674},"pll_sync_post":[],"_links":{"self":[{"href":"https:\/\/dev.codekraft.it\/rotary-2024\/wp-json\/wp\/v2\/product\/384673","targetHints":{"allow":["GET"]}}],"collection":[{"href":"https:\/\/dev.codekraft.it\/rotary-2024\/wp-json\/wp\/v2\/product"}],"about":[{"href":"https:\/\/dev.codekraft.it\/rotary-2024\/wp-json\/wp\/v2\/types\/product"}],"wp:featuredmedia":[{"embeddable":true,"href":"https:\/\/dev.codekraft.it\/rotary-2024\/wp-json\/wp\/v2\/media\/356164"}],"wp:attachment":[{"href":"https:\/\/dev.codekraft.it\/rotary-2024\/wp-json\/wp\/v2\/media?parent=384673"}],"wp:term":[{"taxonomy":"product_cat","embeddable":true,"href":"https:\/\/dev.codekraft.it\/rotary-2024\/wp-json\/wp\/v2\/product_cat?post=384673"},{"taxonomy":"product_tag","embeddable":true,"href":"https:\/\/dev.codekraft.it\/rotary-2024\/wp-json\/wp\/v2\/product_tag?post=384673"},{"taxonomy":"product_approvals","embeddable":true,"href":"https:\/\/dev.codekraft.it\/rotary-2024\/wp-json\/wp\/v2\/product_approvals?post=384673"},{"taxonomy":"product_application","embeddable":true,"href":"https:\/\/dev.codekraft.it\/rotary-2024\/wp-json\/wp\/v2\/product_application?post=384673"}],"curies":[{"name":"wp","href":"https:\/\/api.w.org\/{rel}","templated":true}]}}