{"id":384384,"date":"2025-09-08T08:40:20","date_gmt":"2025-09-08T08:40:20","guid":{"rendered":"https:\/\/dev.codekraft.it\/rotary-2024\/products\/uncategorized\/reifenmontiermaschine-aikido-evofi-premium\/"},"modified":"2025-09-08T08:40:20","modified_gmt":"2025-09-08T08:40:20","slug":"reifenmontiermaschine-aikido-evofi-premium","status":"publish","type":"product","link":"https:\/\/dev.codekraft.it\/rotary-2024\/produkte\/reifenservice-de\/reifenmontiermaschinen-de\/reifenmontiermaschine-aikido-evofi-premium\/","title":{"rendered":"Reifenmontiermaschine Aikido.EvoFI Premium"},"content":{"rendered":"<p>Die Aikido.Evo Premium ist eine hebelfreie Reifenmontiermaschine mit dem patentierten Butler Montierwerkzeug f\u00fcr belastungsfreie Montage und Demontage aller Reifen und Felgen mit 10 &#8211; 34\u2033 Durchmesser. Sie bietet gen\u00fcgend Stauraum zum Verstauen aller Werkzeuge und Teile am Arbeitsplatz und passt mit ihrem kompakten Aufbau in jede Werkstatt.<\/p>\n<ul>\n<li>Platz sparend: keine Kabel auf der R\u00fcckseite, mitgeliefertes Staufach<\/li>\n<li>Schnellerer Arbeitsablauf: Memory-Funktion zum Abspeichern der Werkzeugh\u00f6he<\/li>\n<li>Ideale &amp; schnelle Radpositionierung: elektrisch bet\u00e4tigte Spanntellerverstellung mit extra Grip &amp; Smart Lock-Verriegelung<\/li>\n<\/ul>\n<ul>\n<li>Patentierter Spannteller mit extra Grip, auch f\u00fcr Umkehrfelgen geeignet\n<ul>\n<li>Erh\u00f6ht bei der Drehung automatisch den Spanndruck<\/li>\n<li>Drei einstellbare Arbeitspositionen<\/li>\n<\/ul>\n<\/li>\n<li>Felgensensoren an den Rollen gew\u00e4hrleisten ordnungsgem\u00e4\u00dfes und sicheres Abdr\u00fccken ohne Besch\u00e4digung von Reifenseitenwand und Drucksensor<\/li>\n<li>Memory-Taste zum Speichern der Werkzeugh\u00f6he, spart Zeit beim Montieren und Demontieren<\/li>\n<li>Mechanische Synchronisation der Arme, stets auf die Radmitte ausgerichtet<\/li>\n<li>Smart Lock erm\u00f6glicht schnelleres und pr\u00e4ziseres Arretieren und Entriegeln der Felge, wobei die Eigenschaften der Sicherheit und Anpassungsf\u00e4higkeit einer manuellen mechanischen Arretierung erhalten bleiben<\/li>\n<\/ul>\n<ul>\n<li>Anwenderfreundliche Konsole mit Memory-Funktion<\/li>\n<li>Synchronisierte Positionierung der Arbeitsarme entsprechend dem Raddurchmesser<\/li>\n<li>Patentierter Werkzeugkopf aus nicht kratzendem Material f\u00fcr besch\u00e4digungsfreies Arbeiten an der Felge in Randn\u00e4he (Null-Stress-Effekt).<\/li>\n<li>Hebelfrei &#8211; ohne Montagehebel<\/li>\n<li>Luftaufbereitungseinheit (Wasserabscheider, Druckregelung und Schmierung)<\/li>\n<li>Haltering f\u00fcr Montagepaste im Lieferumfang enthalten<\/li>\n<li>Stauraum zur Ablage von Zubeh\u00f6rteilen, Ventilen und Werkzeugen<\/li>\n<li>Rotierender pneumatischer Wulstniederhalter<\/li>\n<li>Pneumatischer Radlift, hebt das Rad vom Boden auf die zentrale Spannung<\/li>\n<li>Elektromotor mit Inverter zur Drehzahlregelung; Rotation wird bei Wulstbelastung automatisch verlangsamt<\/li>\n<li>Einfache und genaue Durchmessereinstellung durch elektrisch bet\u00e4tigte Bewegung des Spanntellers<\/li>\n<li>Gleichzeitige Bewegung von Armen und Radaufnahme zum Gew\u00e4hrleisten des besten Anfahrwinkels f\u00fcr die Werkzeuge<\/li>\n<li>Freiraum im Heck zur besseren Handhabung und freien Bewegung um die Maschine herum<\/li>\n<\/ul>\n<ul>\n<li>Tubeless-Bef\u00fcllungssystem: Leistungsstarkes Tubeless-Bef\u00fcllungssystem f\u00fcr alle Felgendurchmesser; ausgestattet mit einer Schutzvorrichtung f\u00fcr den Bediener<\/li>\n<\/ul>\n","protected":false},"excerpt":{"rendered":"<p>Ohne Montiereisen, automatisch, inkl. Tubeless-Reifenf\u00fcllvorrichtung, pneumatischem Wulstniederhalter und Radheber, Pkw, Felgendurchmesser 10 &#8211; 34\u2033 | Rot (RAL 3002) | wdk-zertifiziert<\/p>\n","protected":false},"featured_media":355935,"template":"","meta":[],"product_brand":[],"product_cat":[1033364],"product_tag":[1034161,1034178,1034195],"product_approvals":[],"product_application":[],"class_list":{"0":"post-384384","1":"product","2":"type-product","3":"status-publish","4":"has-post-thumbnail","6":"product_cat-reifenmontiermaschinen-de","7":"product_tag-passenger-cars-de","8":"product_tag-light-commercial-de","9":"product_tag-motor-homes-de","11":"first","12":"instock","13":"shipping-taxable","14":"product-type-simple"},"approvals":[],"application":[],"brb_media_brochure":"","brb_media_drawing":"","brb_media_manuals":[{"id":380919,"url":"https:\/\/dev.codekraft.it\/rotary-2024\/wp-content\/uploads\/brb_media\/00536838_tyre-changer-aikidoevo-fi-premium-im-7109-m008-00_vsg_rev00-de-2024-11.pdf","title":"tyre changer aikidoevo fi premium im 7109 m008 00 vsg rev00 de 2024 11","mpn":"","thumbnail":"https:\/\/dev.codekraft.it\/rotary-2024\/wp-content\/uploads\/brb_media\/00536838_tyre-changer-aikidoevo-fi-premium-im-7109-m008-00_vsg_rev00-de-2024-11-pdf-106x150.png","description":""},{"id":380920,"url":"https:\/\/dev.codekraft.it\/rotary-2024\/wp-content\/uploads\/brb_media\/00536839_tyre-changer-aikidoevo-fi-premium-im-7109-m008-00_vsg_rev00-en-2024-11.pdf","title":"tyre changer aikidoevo fi premium im 7109 m008 00 vsg rev00 en 2024 11","mpn":"","thumbnail":"https:\/\/dev.codekraft.it\/rotary-2024\/wp-content\/uploads\/brb_media\/00536839_tyre-changer-aikidoevo-fi-premium-im-7109-m008-00_vsg_rev00-en-2024-11-pdf-106x150.png","description":""},{"id":380921,"url":"https:\/\/dev.codekraft.it\/rotary-2024\/wp-content\/uploads\/brb_media\/00536840_tyre-changer-aikidoevo-fi-premium-im-7109-m008-00_vsg_rev00-fr-2024-11.pdf","title":"tyre changer aikidoevo fi premium im 7109 m008 00 vsg rev00 fr 2024 11","mpn":"","thumbnail":"https:\/\/dev.codekraft.it\/rotary-2024\/wp-content\/uploads\/brb_media\/00536840_tyre-changer-aikidoevo-fi-premium-im-7109-m008-00_vsg_rev00-fr-2024-11-pdf-106x150.png","description":""},{"id":380922,"url":"https:\/\/dev.codekraft.it\/rotary-2024\/wp-content\/uploads\/brb_media\/00536841_tyre-changer-aikidoevo-fi-premium-im-7109-m008-00_vsg_rev00-it-2024-11.pdf","title":"tyre changer aikidoevo fi premium im 7109 m008 00 vsg rev00 it 2024 11","mpn":"","thumbnail":"https:\/\/dev.codekraft.it\/rotary-2024\/wp-content\/uploads\/brb_media\/00536841_tyre-changer-aikidoevo-fi-premium-im-7109-m008-00_vsg_rev00-it-2024-11-pdf-106x150.png","description":""},{"id":380923,"url":"https:\/\/dev.codekraft.it\/rotary-2024\/wp-content\/uploads\/brb_media\/00536842_tyre-changer-aikidoevo-fi-premium-im-7109-m008-00_vsg_rev00-es-2024-11.pdf","title":"tyre changer aikidoevo fi premium im 7109 m008 00 vsg rev00 es 2024 11","mpn":"","thumbnail":"https:\/\/dev.codekraft.it\/rotary-2024\/wp-content\/uploads\/brb_media\/00536842_tyre-changer-aikidoevo-fi-premium-im-7109-m008-00_vsg_rev00-es-2024-11-pdf-106x150.png","description":""}],"brb_media_safety_datasheets":"","brb_media_spare_parts":[],"_cdmm_p_id":"503663","_company":"Elektron","_gtin":"5063084200099","accessories":[{"id":381523,"mpn":"G1000A81K","name":"Gummischutz f\u00fcr Montageteller","description":"Gummischutz-Set f\u00fcr Tiefbettfelgen | 1 Satz \/ 10 St\u00fcck","thumbnail":"https:\/\/dev.codekraft.it\/rotary-2024\/wp-content\/uploads\/brb_media\/00506708_g1000a81k-sp-150x150.png","url":"https:\/\/dev.codekraft.it\/rotary-2024\/produkte\/zubehor-reifenservice-de\/zubehor-reifenmontiermaschinen-de\/gummischutz-fur-montageteller\/"},{"id":381529,"mpn":"G1000A84K","name":"Kunststoffschutz f\u00fcr Zentrierkegel","description":"Konusschutz f\u00fcr G1000A138 - G1000A80  | 1 Satz \/ 5 St\u00fcck","thumbnail":"https:\/\/dev.codekraft.it\/rotary-2024\/wp-content\/uploads\/brb_media\/00506709_g1000a84k-150x150.png","url":"https:\/\/dev.codekraft.it\/rotary-2024\/produkte\/zubehor-reifenservice-de\/zubehor-reifenmontiermaschinen-de\/kunststoffschutz-fur-zentrierkegel\/"},{"id":381535,"mpn":"G1000A70K","name":"Kunststoffschutz f\u00fcr Zugstangenbolzen","description":"Schutz f\u00fcr Zugvorrichtung am Spanntisch | 1 Satz \/ 5 St\u00fcck","thumbnail":"https:\/\/dev.codekraft.it\/rotary-2024\/wp-content\/uploads\/brb_media\/00506705_g1000a70k-150x150.png","url":"https:\/\/dev.codekraft.it\/rotary-2024\/produkte\/zubehor-reifenservice-de\/zubehor-reifenmontiermaschinen-de\/kunststoffschutz-fur-zugstangenbolzen\/"},{"id":383639,"mpn":"G1000A65","name":"Kunststoffschutz G1000A65","description":"F\u00fcr obere Montagevorrichtung | 1 St\u00fcck","thumbnail":"https:\/\/dev.codekraft.it\/rotary-2024\/wp-content\/uploads\/brb_media\/00535626_tyre-changer-g1000a65k-mi-150x150.png","url":"https:\/\/dev.codekraft.it\/rotary-2024\/produkte\/zubehor-reifenservice-de\/zubehor-reifenmontiermaschinen-de\/kunststoffschutz-g1000a65\/"},{"id":380620,"mpn":"G1000A142","name":"Oberer Montagekopf f\u00fcr gew\u00f6lbte Felgen","description":"","thumbnail":"https:\/\/dev.codekraft.it\/rotary-2024\/wp-content\/uploads\/brb_media\/00506689_g1000a142-150x150.png","url":"https:\/\/dev.codekraft.it\/rotary-2024\/produkte\/zubehor-reifenservice-de\/zubehor-reifenmontiermaschinen-de\/oberer-montagekopf-fur-gewolbte-felgen\/"},{"id":382696,"mpn":"G1000A142K","name":"Oberer Montagekopf f\u00fcr gew\u00f6lbte Felgen | 1 Satz \/ 6 St\u00fcck","description":"","thumbnail":"https:\/\/dev.codekraft.it\/rotary-2024\/wp-content\/uploads\/brb_media\/00506689_g1000a142-150x150.png","url":"https:\/\/dev.codekraft.it\/rotary-2024\/produkte\/zubehor-reifenservice-de\/zubehor-reifenmontiermaschinen-de\/oberer-montagekopf-fur-gewolbte-felgen-1-satz-6-stuck\/"},{"id":382012,"mpn":"G1000A100K","name":"Wulstschutzfolien | mit WDK-Zulassung","description":"Im WDK-Kit enthalten | 1 Satz \/ 50 St\u00fcck","thumbnail":"https:\/\/dev.codekraft.it\/rotary-2024\/wp-content\/uploads\/brb_media\/00506667_g1000a100k-01-150x150.png","url":"https:\/\/dev.codekraft.it\/rotary-2024\/produkte\/zubehor-reifenservice-de\/zubehor-reifenmontiermaschinen-de\/wulstschutzfolien-mit-wdk-zulassung\/"},{"id":383820,"mpn":"G1000A161","name":"Typenspannplatte Universal | f\u00fcr CLAD-Felgen mit Mittenloch","description":"Universaltypenflansch zum Fixieren von Felgen mit Zentralloch f\u00fcr die Fixierung","thumbnail":"https:\/\/dev.codekraft.it\/rotary-2024\/wp-content\/uploads\/brb_media\/00535630_g1000a161-mi-150x150.png","url":"https:\/\/dev.codekraft.it\/rotary-2024\/produkte\/zubehor-reifenservice-de\/zubehor-reifenmontiermaschinen-de\/typenspannplatte-universal-fur-clad-felgen-mit-mittenloch\/"},{"id":383523,"mpn":"G1000A102","name":"Zentrierbolzen f\u00fcr Tiefbettfelgen | 110 mm","description":"Inkl. Konus | 1 Satz \/ 5 St\u00fcck","thumbnail":"https:\/\/dev.codekraft.it\/rotary-2024\/wp-content\/uploads\/brb_media\/00506670_g1000a102-150x150.png","url":"https:\/\/dev.codekraft.it\/rotary-2024\/produkte\/zubehor-reifenservice-de\/zubehor-reifenmontiermaschinen-de\/zentrierbolzen-fur-tiefbettfelgen-110-mm\/"},{"id":381547,"mpn":"G1000A101","name":"Flansch f\u00fcr LT (LLkw)","description":"F\u00fcr Reifenmontiermaschinen mit Zentralspannung","thumbnail":"https:\/\/dev.codekraft.it\/rotary-2024\/wp-content\/uploads\/brb_media\/00506669_g1000a101-150x150.png","url":"https:\/\/dev.codekraft.it\/rotary-2024\/produkte\/zubehor-reifenservice-de\/zubehor-reifenmontiermaschinen-de\/flansch-fur-lt-llkw\/"},{"id":383224,"mpn":"G1000A152A","name":"Flansch f\u00fcr LT (LLkw) | Antriebswelle \u00d8 14 mm","description":"F\u00fcr Reifenmontiermaschinen mit Zentralspannung","thumbnail":"https:\/\/dev.codekraft.it\/rotary-2024\/wp-content\/uploads\/brb_media\/00506669_g1000a101-150x150.png","url":"https:\/\/dev.codekraft.it\/rotary-2024\/produkte\/zubehor-reifenservice-de\/zubehor-reifenmontiermaschinen-de\/flansch-fur-lt-llkw-antriebswelle-o-14-mm\/"},{"id":380371,"mpn":"G1000A140","name":"Wulstboy mit Zugvorrichtung Standard","description":"Im WDK-Kit enthalten","thumbnail":"https:\/\/dev.codekraft.it\/rotary-2024\/wp-content\/uploads\/brb_media\/00506688_g1000a140-150x150.png","url":"https:\/\/dev.codekraft.it\/rotary-2024\/produkte\/zubehor-reifenservice-de\/zubehor-reifenmontiermaschinen-de\/wulstboy-mit-zugvorrichtung-standard\/"},{"id":380602,"mpn":"G1000A67","name":"WulstBoy mit Zugvorrichtung und Wulstkette bis 28\u2033","description":"","thumbnail":"https:\/\/dev.codekraft.it\/rotary-2024\/wp-content\/uploads\/brb_media\/00506701_g1000a67-150x150.png","url":"https:\/\/dev.codekraft.it\/rotary-2024\/produkte\/zubehor-reifenservice-de\/zubehor-reifenmontiermaschinen-de\/wulstboy-mit-zugvorrichtung-und-wulstkette-bis-28%e2%80%b3\/"},{"id":382105,"mpn":"G800A37","name":"Montagepaste | 3,5 kg","description":"","thumbnail":"https:\/\/dev.codekraft.it\/rotary-2024\/wp-content\/uploads\/brb_media\/00506743_g800a37-150x150.png","url":"https:\/\/dev.codekraft.it\/rotary-2024\/produkte\/zubehor-reifenservice-de\/zubehor-reifenmontiermaschinen-de\/montagepaste-35-kg\/"},{"id":380226,"mpn":"G108A16","name":"Pinsel Holz, abgewinkelt","description":"F\u00fcr Radmontagemaschinen","thumbnail":"https:\/\/dev.codekraft.it\/rotary-2024\/wp-content\/uploads\/brb_media\/00506731_g108a16-150x114.png","url":"https:\/\/dev.codekraft.it\/rotary-2024\/produkte\/zubehor-reifenservice-de\/zubehor-reifenmontiermaschinen-de\/pinsel-holz-abgewinkelt\/"},{"id":381595,"mpn":"G1000A71K","name":"Felgenrandtaster f\u00fcr Abdr\u00fcckrollen oben\/unten | magnetisch | 1 Satz \/ 5 St\u00fcck","description":"","thumbnail":"https:\/\/dev.codekraft.it\/rotary-2024\/wp-content\/uploads\/brb_media\/00506706_g1000a71k-150x150.png","url":"https:\/\/dev.codekraft.it\/rotary-2024\/produkte\/zubehor-reifenservice-de\/zubehor-reifenmontiermaschinen-de\/felgenrandtaster-fur-abdruckrollen-oben-unten-magnetisch-1-satz-5-stuck\/"},{"id":383595,"mpn":"G1000A66K","name":"Kunststoffschutz f\u00fcr Konus der Spannvorrichtung","description":"1 Satz \/ 5 St\u00fcck","thumbnail":"https:\/\/dev.codekraft.it\/rotary-2024\/wp-content\/uploads\/brb_media\/00192777_g1000a66k-150x150.png","url":"https:\/\/dev.codekraft.it\/rotary-2024\/produkte\/zubehor-reifenservice-de\/zubehor-reifenmontiermaschinen-de\/kunststoffschutz-fur-konus-der-spannvorrichtung\/"},{"id":381583,"mpn":"G1000A86","name":"Spiegel mit Magnethalterung","description":"","thumbnail":"https:\/\/dev.codekraft.it\/rotary-2024\/wp-content\/uploads\/brb_media\/00506710_g1000a86-150x150.png","url":"https:\/\/dev.codekraft.it\/rotary-2024\/produkte\/zubehor-reifenservice-de\/zubehor-reifenmontiermaschinen-de\/spiegel-mit-magnethalterung\/"},{"id":385171,"mpn":"G1000A66","name":"Kunststoffschutz f\u00fcr Konus der Spannvorrichtung","description":"1 St\u00fcck","thumbnail":"https:\/\/dev.codekraft.it\/rotary-2024\/wp-content\/uploads\/brb_media\/00192777_g1000a66k-150x150.png","url":"https:\/\/dev.codekraft.it\/rotary-2024\/produkte\/zubehor-reifenservice-de\/zubehor-reifenmontiermaschinen-de\/kunststoffschutz-fur-konus-der-spannvorrichtung-2\/"}],"components":[],"related":[],"page_logo_src":"https:\/\/dev.codekraft.it\/rotary-2024\/wp-content\/uploads\/2024\/05\/cropped-rotary-logo-2022.png","lang":"de","translations":{"de":384384,"en":384383,"fr":384385,"it":384386,"es":384387,"ru":384388},"pll_sync_post":[],"_links":{"self":[{"href":"https:\/\/dev.codekraft.it\/rotary-2024\/wp-json\/wp\/v2\/product\/384384","targetHints":{"allow":["GET"]}}],"collection":[{"href":"https:\/\/dev.codekraft.it\/rotary-2024\/wp-json\/wp\/v2\/product"}],"about":[{"href":"https:\/\/dev.codekraft.it\/rotary-2024\/wp-json\/wp\/v2\/types\/product"}],"wp:featuredmedia":[{"embeddable":true,"href":"https:\/\/dev.codekraft.it\/rotary-2024\/wp-json\/wp\/v2\/media\/355935"}],"wp:attachment":[{"href":"https:\/\/dev.codekraft.it\/rotary-2024\/wp-json\/wp\/v2\/media?parent=384384"}],"wp:term":[{"taxonomy":"product_brand","embeddable":true,"href":"https:\/\/dev.codekraft.it\/rotary-2024\/wp-json\/wp\/v2\/product_brand?post=384384"},{"taxonomy":"product_cat","embeddable":true,"href":"https:\/\/dev.codekraft.it\/rotary-2024\/wp-json\/wp\/v2\/product_cat?post=384384"},{"taxonomy":"product_tag","embeddable":true,"href":"https:\/\/dev.codekraft.it\/rotary-2024\/wp-json\/wp\/v2\/product_tag?post=384384"},{"taxonomy":"product_approvals","embeddable":true,"href":"https:\/\/dev.codekraft.it\/rotary-2024\/wp-json\/wp\/v2\/product_approvals?post=384384"},{"taxonomy":"product_application","embeddable":true,"href":"https:\/\/dev.codekraft.it\/rotary-2024\/wp-json\/wp\/v2\/product_application?post=384384"}],"curies":[{"name":"wp","href":"https:\/\/api.w.org\/{rel}","templated":true}]}}