{"id":384367,"date":"2025-12-11T10:10:51","date_gmt":"2025-12-11T10:10:51","guid":{"rendered":"https:\/\/dev.codekraft.it\/rotary-2024\/products\/uncategorized\/pont-elevateur-a-colonne-mobile-hydrolift-s3-1-62\/"},"modified":"2025-12-11T10:10:51","modified_gmt":"2025-12-11T10:10:51","slug":"pont-elevateur-a-colonne-mobile-hydrolift-s3-1-62","status":"publish","type":"product","link":"https:\/\/dev.codekraft.it\/rotary-2024\/fr\/produits\/ponts-elevateurs-fr\/ponts-elevateurs-a-colonnes-mobiles-fr\/pont-elevateur-a-colonne-mobile-hydrolift-s3-1-62\/","title":{"rendered":"Pont el\u00e9vateur \u00e0 colonne mobile HydroLift S3 1-6,2"},"content":{"rendered":"<p>Le syst\u00e8me de serre-roues de Blitz est un m\u00e9lange parfait de flexibilit\u00e9 et de stabilit\u00e9. Lib\u00e8re de l\u2019espace &#8211; optimisez l\u2019utilisation de votre espace, dans l\u2019atelier et dehors.<\/p>\n<ul>\n<li>Double protection contre la surcharge<\/li>\n<li>Contr\u00f4le intuitif<\/li>\n<li>Changement de position plus rapide gr\u00e2ce aux chariots \u00e9l\u00e9vateurs<\/li>\n<\/ul>\n<ul>\n<li>Le chariot \u00e9l\u00e9vateur VARIO assure la compatibilit\u00e9 avec diff\u00e9rentes tailles de pneu, sans adaptateur suppl\u00e9mentaire : de 570 \u00e0 1300 mm &#8211; et bien s\u00fbr, Super-Single.<\/li>\n<li>Des batteries de taille g\u00e9n\u00e9reuse offrant une autonomie de 15 mont\u00e9es et descentes sur une charge compl\u00e8te.<\/li>\n<li>Direction \u00e0 d\u00e9viation automatique mobile avec verrou de frein int\u00e9gr\u00e9 pour \u00e9viter que l\u2019unit\u00e9 de levage ne se d\u00e9place par accident.<\/li>\n<li>Les adaptateurs de chariot \u00e9l\u00e9vateur permettent un transport rapide et ais\u00e9 des serres-roues dans l\u2019atelier.<\/li>\n<li>Le profile FS unique offre une protection optimale pour le moyeu de la roue.<\/li>\n<li>Contr\u00f4le intuitif avec contr\u00f4les clairement organis\u00e9s.<\/li>\n<\/ul>\n<ul>\n<li>Dispositif de recharge int\u00e9gr\u00e9 permettant de recharger HYDROLIFT pendant son utilisation. Une heure de recharge rapide permet un cycle de mont\u00e9e et de descente complet.<\/li>\n<li>La construction modulaire permet une extension ult\u00e9rieure de 2 \u00e0 4 et de 6 \u00e0 8 unit\u00e9s de levage. Double protection contre la surcharge avec le dispositif de s\u00e9curit\u00e9 hydraulique ajustable \u00e0 l\u2019infini (valve de coupure) et le m\u00e9canisme de loquet de verrouillage autonome.<\/li>\n<li>Symboles simples \u00e0 comprendre et boutons-poussoirs organis\u00e9s de mani\u00e8re claire pour simplifier l\u2019utilisation. Les mises \u00e0 jour logicielles sont effectu\u00e9es via carte SD.<\/li>\n<li>La production \u00e0 grande \u00e9chelle dans nos usines de production certifi\u00e9es ISO assure une haute qualit\u00e9 de fabrication constante.<\/li>\n<li>La communication entre les groupes de levage individuels se fait sans fil sur la base des standards IEEE 802.15.4.<\/li>\n<li>Hydro-Protect : Le cylindre de levage est prot\u00e9g\u00e9 contre les influences ext\u00e9rieures dans le chariot de levage. Le moteur et les unit\u00e9s hydrauliques sont totalement couverts.<\/li>\n<li>Chaque unit\u00e9 de levage est \u00e9quip\u00e9e d\u2019un bouton d&#8217;arr\u00eat d\u2019urgence.<\/li>\n<li>Easy Drive : Rouleaux basse friction rend l\u2019installation sur le lieu de travail un vrai jeu d\u2019enfant.<\/li>\n<li>Le contr\u00f4le de la synchronisation garantit une synchronisation parfaite entre toutes les unit\u00e9s de levage &#8211; m\u00eame en cas de distribution de charge non \u00e9quilibr\u00e9e.<\/li>\n<li>Pas de colonne principale &#8211; Toutes les fonctions sont disponibles dans chaque colonne de serre-roue.<\/li>\n<\/ul>\n","protected":false},"excerpt":{"rendered":"<p>1 x 6,2 t, \u00e9lectrohydraulique, sans fil, fonctionnement \u00e0 batterie | Colonne d&#8217;extension pour former un lot de 3 ou 5 &#8211; id\u00e9ale pour le secteur agricole<\/p>\n","protected":false},"featured_media":351510,"template":"","meta":[],"product_cat":[1033808],"product_tag":[1034145,1034128,1034197,1034262,1034180],"product_approvals":[],"product_application":[],"class_list":{"0":"post-384367","1":"product","2":"type-product","3":"status-publish","4":"has-post-thumbnail","6":"product_cat-ponts-elevateurs-a-colonnes-mobiles-fr","7":"product_tag-buses-fr","8":"product_tag-trucks-fr","9":"product_tag-motor-homes-fr","10":"product_tag-remorques-fr","11":"product_tag-light-commercial-fr","13":"first","14":"instock","15":"shipping-taxable","16":"product-type-simple"},"approvals":[],"application":[],"brb_media_brochure":[{"id":351642,"url":"https:\/\/dev.codekraft.it\/rotary-2024\/wp-content\/uploads\/brb_media\/00398670_mobile-column-lift-hydrolift-s3-6-2-7-5-br-127066-de-2018-09-screen.pdf","title":"mobile column lift hydrolift s3 6 2 7 5 br 127066 de 2018 09 screen","thumbnail":"https:\/\/dev.codekraft.it\/rotary-2024\/wp-content\/uploads\/brb_media\/00398670_mobile-column-lift-hydrolift-s3-6-2-7-5-br-127066-de-2018-09-screen-pdf-106x150.png","description":""},{"id":351643,"url":"https:\/\/dev.codekraft.it\/rotary-2024\/wp-content\/uploads\/brb_media\/00398671_mobile-column-lift-hydrolift-s3-6-2-7-5-br-127067-en-2018-09-screen.pdf","title":"mobile column lift hydrolift s3 6 2 7 5 br 127067 en 2018 09 screen","thumbnail":"https:\/\/dev.codekraft.it\/rotary-2024\/wp-content\/uploads\/brb_media\/00398671_mobile-column-lift-hydrolift-s3-6-2-7-5-br-127067-en-2018-09-screen-pdf-106x150.png","description":""},{"id":351644,"url":"https:\/\/dev.codekraft.it\/rotary-2024\/wp-content\/uploads\/brb_media\/00398672_mobile-column-lift-hydrolift-s3-6-2-7-5-br-127068-fr-2018-09-screen.pdf","title":"mobile column lift hydrolift s3 6 2 7 5 br 127068 fr 2018 09 screen","thumbnail":"https:\/\/dev.codekraft.it\/rotary-2024\/wp-content\/uploads\/brb_media\/00398672_mobile-column-lift-hydrolift-s3-6-2-7-5-br-127068-fr-2018-09-screen-pdf-106x150.png","description":""},{"id":351645,"url":"https:\/\/dev.codekraft.it\/rotary-2024\/wp-content\/uploads\/brb_media\/00398673_mobile-column-lift-hydrolift-s3-6-2-7-5-br-127069-it-2018-09-screen.pdf","title":"mobile column lift hydrolift s3 6 2 7 5 br 127069 it 2018 09 screen","thumbnail":"https:\/\/dev.codekraft.it\/rotary-2024\/wp-content\/uploads\/brb_media\/00398673_mobile-column-lift-hydrolift-s3-6-2-7-5-br-127069-it-2018-09-screen-pdf-106x150.png","description":""},{"id":351646,"url":"https:\/\/dev.codekraft.it\/rotary-2024\/wp-content\/uploads\/brb_media\/00398674_mobile-column-lift-hydrolift-s3-6-2-7-5-br-127070-es-2018-09-screen.pdf","title":"mobile column lift hydrolift s3 6 2 7 5 br 127070 es 2018 09 screen","thumbnail":"https:\/\/dev.codekraft.it\/rotary-2024\/wp-content\/uploads\/brb_media\/00398674_mobile-column-lift-hydrolift-s3-6-2-7-5-br-127070-es-2018-09-screen-pdf-106x150.png","description":""},{"id":351647,"url":"https:\/\/dev.codekraft.it\/rotary-2024\/wp-content\/uploads\/brb_media\/00398678_mobile-column-lift-hydrolift-s3-6-2-7-5-br-127071-ru-2018-09-screen.pdf","title":"mobile column lift hydrolift s3 6 2 7 5 br 127071 ru 2018 09 screen","thumbnail":"https:\/\/dev.codekraft.it\/rotary-2024\/wp-content\/uploads\/brb_media\/00398678_mobile-column-lift-hydrolift-s3-6-2-7-5-br-127071-ru-2018-09-screen-pdf-106x150.png","description":""}],"brb_media_drawing":"","brb_media_manuals":[{"id":351519,"url":"https:\/\/dev.codekraft.it\/rotary-2024\/wp-content\/uploads\/brb_media\/00510172_mobile-column-lift-hydrolift-62-75-82-om-sp-126746-multi-2022-11-revd.pdf","title":"Mobile column lift HydroLift 6,2 7,5 8,2 OM SP 126746 multi 2022 11 RevD","thumbnail":"https:\/\/dev.codekraft.it\/rotary-2024\/wp-content\/uploads\/brb_media\/00510172_mobile-column-lift-hydrolift-62-75-82-om-sp-126746-multi-2022-11-revd-pdf-106x150.png","description":""},{"id":351611,"url":"https:\/\/dev.codekraft.it\/rotary-2024\/wp-content\/uploads\/brb_media\/00510194_mobile-column-lift-hydrolift-62-75-82-om-sp-dc-126746-de-2021-08-revc.pdf","title":"Mobile column lift HydroLift 6,2 7,5 8,2 OM SP DC 126746 de 2021 08 RevC","thumbnail":"https:\/\/dev.codekraft.it\/rotary-2024\/wp-content\/uploads\/brb_media\/00510194_mobile-column-lift-hydrolift-62-75-82-om-sp-dc-126746-de-2021-08-revc-pdf-106x150.png","description":""}],"brb_media_safety_datasheets":"","brb_media_spare_parts":[],"_cdmm_p_id":"503635","_company":"Elektron","_gtin":"4057612745566","accessories":[{"id":379879,"cdmm_p_id":"472545","name":"Adaptateurs avant et arri\u00e8re pour HydroLift","description":"16,4 t | pour le levage de diff\u00e9rents types de tracteurs, incl. adaptateurs agricoles","thumbnail":"https:\/\/dev.codekraft.it\/rotary-2024\/wp-content\/uploads\/brb_media\/00398680_hydrolift_122510_front_adapter_di-150x150.png","url":"https:\/\/dev.codekraft.it\/rotary-2024\/fr\/produits\/accessoires-ponts-elevateurs-fr\/accessoires-ponts-elevateurs-a-colonnes-mobiles-fr\/adaptateurs-avant-et-arriere-pour-hydrolift\/"},{"id":380711,"cdmm_p_id":"492440","name":"Capot de protection pour HydroLift 6,2\/7,5","description":"Capot de protection flexible et stable avec aimants contre les projections d'eau | Uniquement pour les colonnes mobiles fonctionnant sur batterie | 1 pi\u00e8ce","thumbnail":"https:\/\/dev.codekraft.it\/rotary-2024\/wp-content\/uploads\/brb_media\/00409842_hydrolift-with-coverage-for-car-wash-facility-usage-diagonal-ral7016-di-150x150.png","url":"https:\/\/dev.codekraft.it\/rotary-2024\/fr\/produits\/accessoires-ponts-elevateurs-fr\/accessoires-ponts-elevateurs-a-colonnes-mobiles-fr\/capot-de-protection-pour-hydrolift-62-75\/"},{"id":378857,"cdmm_p_id":"395107","name":"Traverse pour HydroLift 6,2","description":"12,4 t","thumbnail":"https:\/\/dev.codekraft.it\/rotary-2024\/wp-content\/uploads\/brb_media\/00263258-150x150.png","url":"https:\/\/dev.codekraft.it\/rotary-2024\/fr\/produits\/accessoires-ponts-elevateurs-fr\/accessoires-ponts-elevateurs-a-colonnes-mobiles-fr\/traverse-pour-hydrolift-62\/"},{"id":381049,"cdmm_p_id":"497203","name":"Kit de rampes d&#039;acc\u00e8s","description":"Rampes pour chariot \u00e9l\u00e9vateur, acc\u00e8s d'un seul c\u00f4t\u00e9 | Gris (RAL 7012)","thumbnail":"https:\/\/dev.codekraft.it\/rotary-2024\/wp-content\/uploads\/brb_media\/00507162_m140124_002-150x150.jpg","url":"https:\/\/dev.codekraft.it\/rotary-2024\/fr\/produits\/accessoires-ponts-elevateurs-fr\/accessoires-ponts-elevateurs-a-colonnes-mobiles-fr\/kit-de-rampes-dacces-3\/"},{"id":381061,"cdmm_p_id":"497205","name":"Kit de rampes d&#039;acc\u00e8s","description":"Rampes pour chariot \u00e9l\u00e9vateur \u00e0 trois roues, acc\u00e8s d'un seul c\u00f4t\u00e9| Gris (RAL 7012)","thumbnail":"https:\/\/dev.codekraft.it\/rotary-2024\/wp-content\/uploads\/brb_media\/00507163_m140xxx_001-150x150.jpg","url":"https:\/\/dev.codekraft.it\/rotary-2024\/fr\/produits\/accessoires-ponts-elevateurs-fr\/accessoires-ponts-elevateurs-a-colonnes-mobiles-fr\/kit-de-rampes-dacces-5\/"},{"id":381055,"cdmm_p_id":"497204","name":"Kit de rampes d&#039;acc\u00e8s","description":"Rampes pour chariot \u00e9l\u00e9vateur, passage des deux c\u00f4t\u00e9s | Gris (RAL 7012)","thumbnail":"https:\/\/dev.codekraft.it\/rotary-2024\/wp-content\/uploads\/brb_media\/00507164_m140yyy_001-150x150.jpg","url":"https:\/\/dev.codekraft.it\/rotary-2024\/fr\/produits\/accessoires-ponts-elevateurs-fr\/accessoires-ponts-elevateurs-a-colonnes-mobiles-fr\/kit-de-rampes-dacces-4\/"},{"id":381037,"cdmm_p_id":"497201","name":"V\u00e9hicule de transport pour jeu de rampes","description":"Chariot pour kit de rampes d'acc\u00e8s pour chariot \u00e9l\u00e9vateur M140124BG \/ M140127BG","thumbnail":"https:\/\/dev.codekraft.it\/rotary-2024\/wp-content\/uploads\/brb_media\/00489148_m110175bg-mi-150x150.jpg","url":"https:\/\/dev.codekraft.it\/rotary-2024\/fr\/produits\/accessoires-ponts-elevateurs-fr\/accessoires-ponts-elevateurs-a-colonnes-mobiles-fr\/vehicule-de-transport-pour-jeu-de-rampes\/"},{"id":381068,"cdmm_p_id":"497206","name":"Prolongateur de fourche de roue 150 mm","description":"Id\u00e9al p. ex. pour loger des maisons mobiles sur lesquels les roues se trouvent derri\u00e8re la carrosserie, incl. fourches de roues et extensions de cadre de base | r\u00e9duction de la capacit\u00e9 de charge \u00e0 4 t | 1 jeu (pour 1 colonne mobile)","thumbnail":"https:\/\/dev.codekraft.it\/rotary-2024\/wp-content\/uploads\/brb_media\/00549481_mobile-column-m75-jcyb-kitt-150x150.png","url":"https:\/\/dev.codekraft.it\/rotary-2024\/fr\/produits\/accessoires-ponts-elevateurs-fr\/accessoires-ponts-elevateurs-a-colonnes-mobiles-fr\/prolongateur-de-fourche-de-roue-150-mm\/"},{"id":381001,"cdmm_p_id":"497191","name":"SmartCart Agrar","description":"Chariot de transport et de rangement pour le kit adaptateur agricole - Bien rang\u00e9s, les adaptateurs et les \u00e9l\u00e9ments de logement trouvent leur place dans l'atelier","thumbnail":"https:\/\/dev.codekraft.it\/rotary-2024\/wp-content\/uploads\/brb_media\/00414017_smartcart-agrar-mi-150x150.png","url":"https:\/\/dev.codekraft.it\/rotary-2024\/fr\/produits\/accessoires-ponts-elevateurs-fr\/accessoires-ponts-elevateurs-a-colonnes-mobiles-fr\/smartcart-agrar-3\/"},{"id":380096,"cdmm_p_id":"476580","name":"Kit d&#039;\u00e9clairage LED Standard | pour HydroLift 6,2\/7,5\/8,2","description":"Incl. jeu de c\u00e2bles, support et instructions de montage | 2 pi\u00e8ces","thumbnail":"https:\/\/dev.codekraft.it\/rotary-2024\/wp-content\/uploads\/brb_media\/00414016_hydrolift-s3-with-led-new-mi-150x150.png","url":"https:\/\/dev.codekraft.it\/rotary-2024\/fr\/produits\/accessoires-ponts-elevateurs-fr\/accessoires-ponts-elevateurs-a-colonnes-mobiles-fr\/kit-declairage-led-standard-pour-hydrolift-62-75-82\/"},{"id":378869,"cdmm_p_id":"395166","name":"Traverse pour HydroLift 6,2","description":"Capacit\u00e9 de charge max. 12,4 t, traverse de pivot de fus\u00e9e | uniquement en combinaison avec traverse (N\u00b0 article 120204)","thumbnail":"https:\/\/dev.codekraft.it\/rotary-2024\/wp-content\/uploads\/brb_media\/00263259_hydrolift-s2-mounting-agrar-150x150.png","url":"https:\/\/dev.codekraft.it\/rotary-2024\/fr\/produits\/accessoires-ponts-elevateurs-fr\/accessoires-ponts-elevateurs-a-colonnes-mobiles-fr\/traverse-pour-hydrolift-62-3\/"},{"id":384011,"cdmm_p_id":"501896","name":"Chevalet d&#039;appui","description":"7500 kg, 1330 - 2030 mm, r\u00e9glable en hauteur par paliers de 7 x 100 mm, 2 roulettes, support en U | Gris (RAL 7040)","thumbnail":"https:\/\/dev.codekraft.it\/rotary-2024\/wp-content\/uploads\/brb_media\/00535518_mobile-columns-s260a1-mi-150x150.png","url":"https:\/\/dev.codekraft.it\/rotary-2024\/fr\/produits\/accessoires-ponts-elevateurs-fr\/accessoires-ponts-elevateurs-a-colonnes-mobiles-fr\/chevalet-dappui-3\/"},{"id":382949,"cdmm_p_id":"501929","name":"Chevalet d&#039;appui","description":"10000 kg, 1235 - 2040 mm, r\u00e9glable en hauteur par pas de 6 x 100 mm, avec en plus partie sup\u00e9rieure r\u00e9glable en continu (115 mm), 3 roues r\u00e9tractables, support en U et support en prisme (interchangeables), pr\u00eat \u00e0 l'emploi | Gris (RAL 7040)","thumbnail":"https:\/\/dev.codekraft.it\/rotary-2024\/wp-content\/uploads\/brb_media\/00535520_mobile-columns-s270a2-mi-150x150.png","url":"https:\/\/dev.codekraft.it\/rotary-2024\/fr\/produits\/accessoires-ponts-elevateurs-fr\/accessoires-ponts-elevateurs-a-colonnes-mobiles-fr\/chevalet-dappui-2\/"},{"id":382722,"cdmm_p_id":"501897","name":"Chevalet d&#039;appui","description":"10000 kg, 1235 - 2040 mm, r\u00e9glable en hauteur par pas de 6 x 100 mm, avec en plus partie sup\u00e9rieure r\u00e9glable en continu (115 mm), 2 roulettes, support en U et support en prisme (interchangeables) | Gris (RAL 7040)","thumbnail":"https:\/\/dev.codekraft.it\/rotary-2024\/wp-content\/uploads\/brb_media\/00535519_mobile-columns-s270a1-mi-150x150.png","url":"https:\/\/dev.codekraft.it\/rotary-2024\/fr\/produits\/accessoires-ponts-elevateurs-fr\/accessoires-ponts-elevateurs-a-colonnes-mobiles-fr\/chevalet-dappui\/"}],"components":[],"related":[],"similar":[{"id":380511,"cdmm_p_id":"484030","name":"Pont el\u00e9vateur \u00e0 colonne mobile HydroLift S3 2-6.2 (sans fil)","description":"2 x 6,2 t, \u00e9lectrohydraulique, sans fil, fonctionnement \u00e0 batterie","thumbnail":"https:\/\/dev.codekraft.it\/rotary-2024\/wp-content\/uploads\/brb_media\/00409823_mobile-column-lift-hydrolift-s2-4er-ral7016-mi-150x150.png","url":"https:\/\/dev.codekraft.it\/rotary-2024\/fr\/produits\/ponts-elevateurs-fr\/ponts-elevateurs-a-colonnes-mobiles-fr\/pont-elevateur-a-colonne-mobile-hydrolift-s3-2-6-2-sans-fil\/"},{"id":380078,"cdmm_p_id":"476577","name":"Pont el\u00e9vateur \u00e0 colonne mobile HydroLift S3 2-6.2 Agrar","description":"2 x 6,2 t, \u00e9lectrohydraulique, sans fil, fonctionnement \u00e0 batterie, avec adaptateurs agricoles","thumbnail":"https:\/\/dev.codekraft.it\/rotary-2024\/wp-content\/uploads\/brb_media\/00414015_hydrolift-s3-agrar-7-2c5-with-chain-tractor-front-new-mi-150x150.png","url":"https:\/\/dev.codekraft.it\/rotary-2024\/fr\/produits\/ponts-elevateurs-fr\/ponts-elevateurs-a-colonnes-mobiles-fr\/pont-elevateur-a-colonne-mobile-hydrolift-s3-2-6-2-agrar\/"},{"id":379837,"cdmm_p_id":"472525","name":"Pont el\u00e9vateur \u00e0 colonne mobile HydroLift S3 4-6.2 (sans fil)","description":"4 x 6,2 t, \u00e9lectrohydraulique, sans fil, fonctionnement \u00e0 batterie","thumbnail":"https:\/\/dev.codekraft.it\/rotary-2024\/wp-content\/uploads\/brb_media\/00409823_mobile-column-lift-hydrolift-s2-4er-ral7016-mi-150x150.png","url":"https:\/\/dev.codekraft.it\/rotary-2024\/fr\/produits\/ponts-elevateurs-fr\/ponts-elevateurs-a-colonnes-mobiles-fr\/pont-elevateur-a-colonne-mobile-hydrolift-s3-4-6-2-sans-fil\/"},{"id":379843,"cdmm_p_id":"472526","name":"Pont el\u00e9vateur \u00e0 colonne mobile HydroLift S3 6-6.2 (sans fil)","description":"6 x 6,2 t, \u00e9lectrohydraulique, sans fil, fonctionnement \u00e0 batterie","thumbnail":"https:\/\/dev.codekraft.it\/rotary-2024\/wp-content\/uploads\/brb_media\/00409823_mobile-column-lift-hydrolift-s2-4er-ral7016-mi-150x150.png","url":"https:\/\/dev.codekraft.it\/rotary-2024\/fr\/produits\/ponts-elevateurs-fr\/ponts-elevateurs-a-colonnes-mobiles-fr\/pont-elevateur-a-colonne-mobile-hydrolift-s3-6-6-2-sans-fil\/"},{"id":379849,"cdmm_p_id":"472527","name":"Pont el\u00e9vateur \u00e0 colonne mobile HydroLift S3 8-6.2 (sans fil)","description":"8 x 6,2 t, \u00e9lectrohydraulique, sans fil, fonctionnement \u00e0 batterie","thumbnail":"https:\/\/dev.codekraft.it\/rotary-2024\/wp-content\/uploads\/brb_media\/00409823_mobile-column-lift-hydrolift-s2-4er-ral7016-mi-150x150.png","url":"https:\/\/dev.codekraft.it\/rotary-2024\/fr\/produits\/ponts-elevateurs-fr\/ponts-elevateurs-a-colonnes-mobiles-fr\/pont-elevateur-a-colonne-mobile-hydrolift-s3-8-6-2-sans-fil\/"}],"lang":"fr","translations":{"fr":384367,"en":384365,"de":384366,"it":384368,"es":384369,"ru":384370},"pll_sync_post":[],"_links":{"self":[{"href":"https:\/\/dev.codekraft.it\/rotary-2024\/wp-json\/wp\/v2\/product\/384367","targetHints":{"allow":["GET"]}}],"collection":[{"href":"https:\/\/dev.codekraft.it\/rotary-2024\/wp-json\/wp\/v2\/product"}],"about":[{"href":"https:\/\/dev.codekraft.it\/rotary-2024\/wp-json\/wp\/v2\/types\/product"}],"wp:featuredmedia":[{"embeddable":true,"href":"https:\/\/dev.codekraft.it\/rotary-2024\/wp-json\/wp\/v2\/media\/351510"}],"wp:attachment":[{"href":"https:\/\/dev.codekraft.it\/rotary-2024\/wp-json\/wp\/v2\/media?parent=384367"}],"wp:term":[{"taxonomy":"product_cat","embeddable":true,"href":"https:\/\/dev.codekraft.it\/rotary-2024\/wp-json\/wp\/v2\/product_cat?post=384367"},{"taxonomy":"product_tag","embeddable":true,"href":"https:\/\/dev.codekraft.it\/rotary-2024\/wp-json\/wp\/v2\/product_tag?post=384367"},{"taxonomy":"product_approvals","embeddable":true,"href":"https:\/\/dev.codekraft.it\/rotary-2024\/wp-json\/wp\/v2\/product_approvals?post=384367"},{"taxonomy":"product_application","embeddable":true,"href":"https:\/\/dev.codekraft.it\/rotary-2024\/wp-json\/wp\/v2\/product_application?post=384367"}],"curies":[{"name":"wp","href":"https:\/\/api.w.org\/{rel}","templated":true}]}}