{"id":384242,"date":"2025-12-11T10:11:03","date_gmt":"2025-12-11T10:11:03","guid":{"rendered":"https:\/\/dev.codekraft.it\/rotary-2024\/products\/uncategorized\/geometrie-ccd-rwa5100hd-3\/"},"modified":"2025-12-11T10:11:03","modified_gmt":"2025-12-11T10:11:03","slug":"geometrie-ccd-rwa5100hd-3","status":"publish","type":"product","link":"https:\/\/dev.codekraft.it\/rotary-2024\/fr\/produits\/diagnostic-fr\/geometries-des-roues-fr\/geometrie-ccd-rwa5100hd-3\/","title":{"rendered":"G\u00e9om\u00e9trie CCD RWA5100HD.3"},"content":{"rendered":"<p>Appareils de g\u00e9om\u00e9trie de roues pour camions \u00e9quip\u00e9s de capteurs CCD avec transmission des donn\u00e9es via Bluetooth et aliment\u00e9s par batteries \u00e0 charge rapide. L&#8217;op\u00e9rateur peut b\u00e9n\u00e9ficier d&#8217;une grande mobilit\u00e9 entre plusieurs postes de travail gr\u00e2ce au contr\u00f4le de toutes les proc\u00e9dures de diagnostic via la tablette.<\/p>\n<ul>\n<li>Commodit\u00e9 \u00e0 port\u00e9e de main<\/li>\n<li>Portabilit\u00e9 sans compromis<\/li>\n<li>Technologie smart<\/li>\n<\/ul>\n<ul>\n<li>Les trois LED sur les d\u00e9tecteurs facilitent la proc\u00e9dure lors du diagnostic.<\/li>\n<li>Les docks de recharge rapide pour la batterie des d\u00e9tecteurs sont situ\u00e9s sur les c\u00f4t\u00e9s de la console, ce qui les rend accessibles et faciles \u00e0 utiliser.<\/li>\n<li>Transmission \u00e0 rayons infrarouges entre les d\u00e9tecteurs ; efficace m\u00eame dans des conditions d&#8217;\u00e9clairage critiques.<\/li>\n<li>La console mont\u00e9e sur roulettes contient les supports de recharge pour les d\u00e9tecteurs et la tablette.<\/li>\n<li>D\u00e9tecteurs surbaiss\u00e9s, parfaits pour les camions et autobus.<\/li>\n<li>Les griffes \u00e0 3 points STDA92 permettent d&#8217;\u00e9liminer la proc\u00e9dure de compensation du d\u00e9centrage.<\/li>\n<li>Transmission Bluetooth entre les d\u00e9tecteurs CCD et la tablette.<\/li>\n<\/ul>\n<ul>\n<li>Caract\u00e9ristiques de la tablette :\n<ul>\n<li>R\u00e9sistante \u00e0 la poussi\u00e8re et \u00e0 l&#8217;eau (IP65)<\/li>\n<li>R\u00e9sistante aux chutes jusqu&#8217;\u00e0 1,2 m<\/li>\n<li>8 Go de m\u00e9moire<\/li>\n<li>\u00c9cran 1820 x 1080<\/li>\n<li>Dot\u00e9e d&#8217;aimants adh\u00e9sifs<\/li>\n<li>Poids inf\u00e9rieur \u00e0 800 g<\/li>\n<li>Wi-Fi 802.11 ac\/a\/b\/g\/n + Bluetooth<\/li>\n<\/ul>\n<\/li>\n<li>Le programme Movie simplifie la phase de r\u00e9glage, gr\u00e2ce \u00e0 une animation 3D qui guide l&#8217;op\u00e9rateur au cours de la proc\u00e9dure.<\/li>\n<li>Permet de mesurer rapidement et facilement les v\u00e9hicules \u00e0 essieux multiples. La proc\u00e9dure est guid\u00e9e et facile \u00e0 ex\u00e9cuter, m\u00eame pour les op\u00e9rateurs moins exp\u00e9riment\u00e9s.<\/li>\n<li>Programme de gestion et d&#8217;affichage des donn\u00e9es sous Microsoft Windows.<\/li>\n<li>Base de donn\u00e9es internationale avec fiches techniques de v\u00e9hicules et possibilit\u00e9 de cr\u00e9er une base de donn\u00e9es clients pour enregistrer les interventions.<\/li>\n<li>Les d\u00e9tecteurs avec clavier offrent une commande \u00e0 distance simple et intuitive, sans qu&#8217;il soit n\u00e9cessaire d&#8217;acc\u00e9der \u00e0 la tablette.<\/li>\n<\/ul>\n","protected":false},"excerpt":{"rendered":"<p>G\u00e9om\u00e9trie roues 6 CCD pour camions, avec capteurs surbaiss\u00e9s | incl. griffes \u00e0 3 points (2 x STDA92), 2 plateaux pivotants (STDA29L), cabine ouverte, LCD tablette Windows 11,6\u2033, pousse pedale et blocage de frein | 1 x 230 V \/ 50 &#8211; 60 Hz<\/p>\n","protected":false},"featured_media":355721,"template":"","meta":[],"product_cat":[1033390],"product_tag":[1034145,1034128,1034197,1034262],"product_approvals":[],"product_application":[],"class_list":{"0":"post-384242","1":"product","2":"type-product","3":"status-publish","4":"has-post-thumbnail","6":"product_cat-geometries-des-roues-fr","7":"product_tag-buses-fr","8":"product_tag-trucks-fr","9":"product_tag-motor-homes-fr","10":"product_tag-remorques-fr","12":"first","13":"instock","14":"shipping-taxable","15":"product-type-simple"},"approvals":[],"application":[],"brb_media_brochure":[{"id":355722,"url":"https:\/\/dev.codekraft.it\/rotary-2024\/wp-content\/uploads\/brb_media\/00523546_wheel-aligner-rwa5100hd-de-2024-04-screen.pdf","title":"Wheel aligner RWA5100HD de 2024 04 screen","thumbnail":"https:\/\/dev.codekraft.it\/rotary-2024\/wp-content\/uploads\/brb_media\/00523546_wheel-aligner-rwa5100hd-de-2024-04-screen-pdf-106x150.png","description":""},{"id":355723,"url":"https:\/\/dev.codekraft.it\/rotary-2024\/wp-content\/uploads\/brb_media\/00523547_wheel-aligner-rwa5100hd-en-2024-04-screen.pdf","title":"Wheel aligner RWA5100HD en 2024 04 screen","thumbnail":"https:\/\/dev.codekraft.it\/rotary-2024\/wp-content\/uploads\/brb_media\/00523547_wheel-aligner-rwa5100hd-en-2024-04-screen-pdf-106x150.png","description":""},{"id":355724,"url":"https:\/\/dev.codekraft.it\/rotary-2024\/wp-content\/uploads\/brb_media\/00523548_wheel-aligner-rwa5100hd-fr-2024-04-screen.pdf","title":"Wheel aligner RWA5100HD fr 2024 04 screen","thumbnail":"https:\/\/dev.codekraft.it\/rotary-2024\/wp-content\/uploads\/brb_media\/00523548_wheel-aligner-rwa5100hd-fr-2024-04-screen-pdf-106x150.png","description":""},{"id":355725,"url":"https:\/\/dev.codekraft.it\/rotary-2024\/wp-content\/uploads\/brb_media\/00523549_wheel-aligner-rwa5100hd-it-2024-04-screen.pdf","title":"Wheel aligner RWA5100HD it 2024 04 screen","thumbnail":"https:\/\/dev.codekraft.it\/rotary-2024\/wp-content\/uploads\/brb_media\/00523549_wheel-aligner-rwa5100hd-it-2024-04-screen-pdf-106x150.png","description":""},{"id":355726,"url":"https:\/\/dev.codekraft.it\/rotary-2024\/wp-content\/uploads\/brb_media\/00523550_wheel-aligner-rwa5100hd-es-2024-04-screen.pdf","title":"Wheel aligner RWA5100HD es 2024 04 screen","thumbnail":"https:\/\/dev.codekraft.it\/rotary-2024\/wp-content\/uploads\/brb_media\/00523550_wheel-aligner-rwa5100hd-es-2024-04-screen-pdf-106x150.png","description":""},{"id":355727,"url":"https:\/\/dev.codekraft.it\/rotary-2024\/wp-content\/uploads\/brb_media\/00523551_wheel-aligner-rwa5100hd-ru-2024-04-screen.pdf","title":"Wheel aligner RWA5100HD ru 2024 04 screen","thumbnail":"https:\/\/dev.codekraft.it\/rotary-2024\/wp-content\/uploads\/brb_media\/00523551_wheel-aligner-rwa5100hd-ru-2024-04-screen-pdf-106x150.png","description":""},{"id":384232,"url":"https:\/\/dev.codekraft.it\/rotary-2024\/wp-content\/uploads\/brb_media\/00528363_wheel-aligner-accessories-rwa5100hd-de-screen.pdf","title":"wheel aligner accessories rwa5100hd de screen","thumbnail":"https:\/\/dev.codekraft.it\/rotary-2024\/wp-content\/uploads\/brb_media\/00528363_wheel-aligner-accessories-rwa5100hd-de-screen-pdf-106x150.png","description":""},{"id":384233,"url":"https:\/\/dev.codekraft.it\/rotary-2024\/wp-content\/uploads\/brb_media\/00528364_wheel-aligner-accessories-rwa5100hd-en-screen.pdf","title":"wheel aligner accessories rwa5100hd en screen","thumbnail":"https:\/\/dev.codekraft.it\/rotary-2024\/wp-content\/uploads\/brb_media\/00528364_wheel-aligner-accessories-rwa5100hd-en-screen-pdf-106x150.png","description":""},{"id":384234,"url":"https:\/\/dev.codekraft.it\/rotary-2024\/wp-content\/uploads\/brb_media\/00528365_wheel-aligner-accessories-rwa5100hd-fr-screen.pdf","title":"wheel aligner accessories rwa5100hd fr screen","thumbnail":"https:\/\/dev.codekraft.it\/rotary-2024\/wp-content\/uploads\/brb_media\/00528365_wheel-aligner-accessories-rwa5100hd-fr-screen-pdf-106x150.png","description":""},{"id":384235,"url":"https:\/\/dev.codekraft.it\/rotary-2024\/wp-content\/uploads\/brb_media\/00528366_wheel-aligner-accessories-rwa5100hd-it-screen.pdf","title":"wheel aligner accessories rwa5100hd it screen","thumbnail":"https:\/\/dev.codekraft.it\/rotary-2024\/wp-content\/uploads\/brb_media\/00528366_wheel-aligner-accessories-rwa5100hd-it-screen-pdf-106x150.png","description":""},{"id":384236,"url":"https:\/\/dev.codekraft.it\/rotary-2024\/wp-content\/uploads\/brb_media\/00528367_wheel-aligner-accessories-rwa5100hd-es-screen.pdf","title":"wheel aligner accessories rwa5100hd es screen","thumbnail":"https:\/\/dev.codekraft.it\/rotary-2024\/wp-content\/uploads\/brb_media\/00528367_wheel-aligner-accessories-rwa5100hd-es-screen-pdf-106x150.png","description":""},{"id":384237,"url":"https:\/\/dev.codekraft.it\/rotary-2024\/wp-content\/uploads\/brb_media\/00528368_wheel-aligner-accessories-rwa5100hd-ru-screen.pdf","title":"wheel aligner accessories rwa5100hd ru screen","thumbnail":"https:\/\/dev.codekraft.it\/rotary-2024\/wp-content\/uploads\/brb_media\/00528368_wheel-aligner-accessories-rwa5100hd-ru-screen-pdf-106x150.png","description":""}],"brb_media_drawing":[{"id":355729,"url":"https:\/\/dev.codekraft.it\/rotary-2024\/wp-content\/uploads\/brb_media\/00519871_wheel-aligners-rwa5100hd-td-it-2023-12.pdf","title":"Wheel Aligners RWA5100HD TD it 2023 12","thumbnail":"https:\/\/dev.codekraft.it\/rotary-2024\/wp-content\/uploads\/brb_media\/00519871_wheel-aligners-rwa5100hd-td-it-2023-12-pdf-150x106.png","description":""}],"brb_media_manuals":[{"id":384240,"url":"https:\/\/dev.codekraft.it\/rotary-2024\/wp-content\/uploads\/brb_media\/00539874_wheel-aligner-rotr51hd-spaba6hd-ravtd600-im-2025-m364-00_vsg_00_rev00_multi-2023-11.pdf","title":"Wheel Aligner ROTR51HD SPABA6HD RAVTD600 IM 2025 M364 00 VSG 00 rev00 multi 2023 11","thumbnail":"https:\/\/dev.codekraft.it\/rotary-2024\/wp-content\/uploads\/brb_media\/00539874_wheel-aligner-rotr51hd-spaba6hd-ravtd600-im-2025-m364-00_vsg_00_rev00_multi-2023-11-pdf-106x150.png","description":""}],"brb_media_safety_datasheets":"","brb_media_spare_parts":[],"_cdmm_p_id":"503425","_company":"Elektron","_gtin":"5063084701107","accessories":[{"id":383697,"cdmm_p_id":"502265","name":"Rallonges 200 mm","description":"Pour griffe de roue de camion STDA92 | 1 jeu \/ 6 pi\u00e8ces","thumbnail":"https:\/\/dev.codekraft.it\/rotary-2024\/wp-content\/uploads\/brb_media\/00528329_wheel-aligner-stda92a1-mi-150x150.png","url":"https:\/\/dev.codekraft.it\/rotary-2024\/fr\/produits\/accessoires-diagnostic-fr\/accessoires-controles-de-geometrie-fr\/rallonges-200-mm\/"},{"id":383590,"cdmm_p_id":"502214","name":"Plateaux pivotants m\u00e9caniques | pour voitures particuli\u00e8res","description":"Accessoire pour aligneurs de roue | 1 jeu \/ 2 pi\u00e8ces","thumbnail":"https:\/\/dev.codekraft.it\/rotary-2024\/wp-content\/uploads\/brb_media\/00508539_brake-tester-r200mi-stda77-mi-150x150.png","url":"https:\/\/dev.codekraft.it\/rotary-2024\/fr\/produits\/accessoires-diagnostic-fr\/accessoires-controles-de-geometrie-fr\/plateaux-pivotants-mecaniques-pour-voitures-particulieres\/"},{"id":383023,"cdmm_p_id":"501960","name":"Si\u00e8ge pour emplacement plateaux pivottants","description":"Pour PL","thumbnail":"https:\/\/dev.codekraft.it\/rotary-2024\/wp-content\/uploads\/brb_media\/00528334_wheel-aligner-stda139-mi-150x150.png","url":"https:\/\/dev.codekraft.it\/rotary-2024\/fr\/produits\/accessoires-diagnostic-fr\/accessoires-controles-de-geometrie-fr\/siege-pour-emplacement-plateaux-pivottants\/"},{"id":383609,"cdmm_p_id":"502218","name":"Goniom\u00e8tres pour plateaux pivotants de poids lourds STDA29L","description":"Echelle gradu\u00e9e pour aligneurs de roue | 1 jeu \/ 2 pi\u00e8ces","thumbnail":"https:\/\/dev.codekraft.it\/rotary-2024\/wp-content\/uploads\/brb_media\/00528323_wheel-aligner-stda44l-mi-150x150.png","url":"https:\/\/dev.codekraft.it\/rotary-2024\/fr\/produits\/accessoires-diagnostic-fr\/accessoires-controles-de-geometrie-fr\/goniometres-pour-plateaux-pivotants-de-poids-lourds-stda29l\/"},{"id":380628,"cdmm_p_id":"490306","name":"C\u00e2bles de connexion \u00e9mergence","description":"Alimentation \u00e9lectrique de secours et transmission de donn\u00e9es | pour la s\u00e9rie Bluetooth | 1 ensemble \/ 2 pi\u00e8ces","thumbnail":"https:\/\/dev.codekraft.it\/rotary-2024\/wp-content\/uploads\/brb_media\/00528328_wheel-aligner-stda76w-mi-150x150.png","url":"https:\/\/dev.codekraft.it\/rotary-2024\/fr\/produits\/accessoires-diagnostic-fr\/accessoires-controles-de-geometrie-fr\/cables-de-connexion-emergence\/"},{"id":383764,"cdmm_p_id":"502287","name":"Token","description":"Activation le programme de r\u00e9glage de suspension \u00e0 double triangulation \u00ab Double Wishbone \u00bb","thumbnail":"https:\/\/dev.codekraft.it\/rotary-2024\/wp-content\/uploads\/brb_media\/00528351_wheel-aligner-stdawishbone-mi-150x150.png","url":"https:\/\/dev.codekraft.it\/rotary-2024\/fr\/produits\/accessoires-diagnostic-fr\/accessoires-controles-de-geometrie-fr\/token-21\/"},{"id":379812,"cdmm_p_id":"472293","name":"Token Aligner Connect","description":"Affichage \u00e0 distance sur appareil mobile | pour utilisation de l'app de visualisation pour tablet et smartphone","thumbnail":"https:\/\/dev.codekraft.it\/rotary-2024\/wp-content\/uploads\/brb_media\/00528337_wheel-aligner-stda141-mi-150x150.png","url":"https:\/\/dev.codekraft.it\/rotary-2024\/fr\/produits\/accessoires-diagnostic-fr\/accessoires-controles-de-geometrie-fr\/token-aligner-connect-3\/"},{"id":381643,"cdmm_p_id":"497592","name":"Sous-ch\u00e2ssis pour la mesure de remorque","description":"","thumbnail":"https:\/\/dev.codekraft.it\/rotary-2024\/wp-content\/uploads\/brb_media\/00528324_wheel-aligner-stda49n-mi-150x150.png","url":"https:\/\/dev.codekraft.it\/rotary-2024\/fr\/produits\/accessoires-diagnostic-fr\/accessoires-controles-de-geometrie-fr\/sous-chassis-pour-la-mesure-de-remorque\/"},{"id":383269,"cdmm_p_id":"502049","name":"Onglets M\u00e9tal","description":"Doigts m\u00e9talliques pour griffes de roue STDA33EU-34E (Standard) et STDA46EU-35E-95E | 1 jeu \/ 8 pi\u00e8ces","thumbnail":"https:\/\/dev.codekraft.it\/rotary-2024\/wp-content\/uploads\/brb_media\/00554367_wheel-aligners-stda40-mi-150x150.png","url":"https:\/\/dev.codekraft.it\/rotary-2024\/fr\/produits\/accessoires-diagnostic-fr\/accessoires-controles-de-geometrie-fr\/onglets-metal\/"},{"id":383462,"cdmm_p_id":"502166","name":"Rallonges onglets pour roues avec moyeux d\u00e9port\u00e8s | M\u00e9tal","description":"Rallonges pour pointes metalliques pour griffes de roue STDA33EU-34E (standard) et STDA46EU-35E-95E | 1 jeu \/ 6 pi\u00e8ces","thumbnail":"https:\/\/dev.codekraft.it\/rotary-2024\/wp-content\/uploads\/brb_media\/00506504_stda42-150x150.png","url":"https:\/\/dev.codekraft.it\/rotary-2024\/fr\/produits\/accessoires-diagnostic-fr\/accessoires-controles-de-geometrie-fr\/rallonges-onglets-pour-roues-avec-moyeux-deportes-metal\/"},{"id":381081,"cdmm_p_id":"497212","name":"Kit VL\/VU pour g\u00e9om\u00e9tries des roues","description":"Kit de conversion de la g\u00e9om\u00e9trie truck\u00a06CCD en g\u00e9om\u00e9trie VL\/VU","thumbnail":"https:\/\/dev.codekraft.it\/rotary-2024\/wp-content\/uploads\/brb_media\/00489168_wheel-aligner-acc-stda159-back-mi-150x150.png","url":"https:\/\/dev.codekraft.it\/rotary-2024\/fr\/produits\/accessoires-diagnostic-fr\/accessoires-controles-de-geometrie-fr\/kit-vl-vu-pour-geometries-des-roues\/"},{"id":380649,"cdmm_p_id":"490309","name":"Griffes de roue Camion | \u00e0 4 points | \u00d8 de jante 12 &#8211; 28\u2033, \u00d8 des min pneus 700 mm","description":"Griffes PL \u00e0 4 points \u00e0 centrage automatique et avec blocage rapide et attelage des t\u00eates mobile | incl. de longues onglets amovibles | 1 jeu \/ 2 pi\u00e8ces","thumbnail":"https:\/\/dev.codekraft.it\/rotary-2024\/wp-content\/uploads\/brb_media\/00528314_wheel-aligner-stda30e-mi-150x150.png","url":"https:\/\/dev.codekraft.it\/rotary-2024\/fr\/produits\/accessoires-diagnostic-fr\/accessoires-controles-de-geometrie-fr\/griffes-de-roue-camion-a-4-points-o-de-jante-12-28%e2%80%b3-o-des-min-pneus-700-mm\/"},{"id":382716,"cdmm_p_id":"501818","name":"Griffes de roue Camion | \u00e0 4 points | \u00d8 de jante 12 &#8211; 28\u2033, \u00d8 des pneus 780 &#8211; 1220 mm","description":"Griffes PL autocentreuses \u00e0 4 points, avec blocage rapide et attelage des t\u00eates mobile | incl. des pointes en m\u00e9tal | 1 jeu \/ 2 pi\u00e8ces","thumbnail":"https:\/\/dev.codekraft.it\/rotary-2024\/wp-content\/uploads\/brb_media\/00528313_wheel-aligners-stda48e-mi-150x150.png","url":"https:\/\/dev.codekraft.it\/rotary-2024\/fr\/produits\/accessoires-diagnostic-fr\/accessoires-controles-de-geometrie-fr\/griffes-de-roue-camion-a-4-points-o-de-jante-12-28%e2%80%b3-o-des-pneus-780-1220-mm\/"},{"id":381732,"cdmm_p_id":"499589","name":"Logiciel de connectivit\u00e9 interne atelier TEq-Link","description":"Logiciel permettant de connecter des \u00e9quipements dans l'atelier et de surveiller leur utilisation, de g\u00e9rer la maintenance pr\u00e9ventive, d'envoyer des rapports par courrier \u00e9lectronique et bien plus encore.","thumbnail":"https:\/\/dev.codekraft.it\/rotary-2024\/wp-content\/uploads\/brb_media\/00409445-150x150.png","url":"https:\/\/dev.codekraft.it\/rotary-2024\/fr\/produits\/diagnostic-fr\/connected-workshop-fr\/logiciel-de-connectivite-interne-atelier-teq-link\/"},{"id":381810,"cdmm_p_id":"499596","name":"Antenne de connexion Wi-Fi","description":"Wheelalignment-On, incl. Wi-Fi USB","thumbnail":"https:\/\/dev.codekraft.it\/rotary-2024\/wp-content\/uploads\/brb_media\/00528348_wheel-aligner-stda158-mi-150x150.png","url":"https:\/\/dev.codekraft.it\/rotary-2024\/fr\/produits\/accessoires-diagnostic-fr\/accessoires-controles-de-geometrie-fr\/antenne-de-connexion-wi-fi\/"}],"components":[],"related":[],"similar":[{"id":384288,"cdmm_p_id":"503435","name":"G\u00e9om\u00e9trie CCD RWA5100HD","description":"G\u00e9om\u00e9trie roues 6 CCD pour camions, avec capteurs surbaiss\u00e9s | incl. cabine ouverte, LCD tablette Windows 11,6\u2033, pousse pedale et blocage de frein | 1 x 230 V \/ 50 - 60 Hz","thumbnail":"https:\/\/dev.codekraft.it\/rotary-2024\/wp-content\/uploads\/brb_media\/00523536_wheel-aligner-rwa5100hd-front-mi-150x150.png","url":"https:\/\/dev.codekraft.it\/rotary-2024\/fr\/produits\/diagnostic-fr\/geometries-des-roues-fr\/geometrie-ccd-rwa5100hd\/"}],"lang":"fr","translations":{"fr":384242,"en":384231,"de":384241,"it":384243,"es":384244,"ru":384245},"pll_sync_post":[],"_links":{"self":[{"href":"https:\/\/dev.codekraft.it\/rotary-2024\/wp-json\/wp\/v2\/product\/384242","targetHints":{"allow":["GET"]}}],"collection":[{"href":"https:\/\/dev.codekraft.it\/rotary-2024\/wp-json\/wp\/v2\/product"}],"about":[{"href":"https:\/\/dev.codekraft.it\/rotary-2024\/wp-json\/wp\/v2\/types\/product"}],"wp:featuredmedia":[{"embeddable":true,"href":"https:\/\/dev.codekraft.it\/rotary-2024\/wp-json\/wp\/v2\/media\/355721"}],"wp:attachment":[{"href":"https:\/\/dev.codekraft.it\/rotary-2024\/wp-json\/wp\/v2\/media?parent=384242"}],"wp:term":[{"taxonomy":"product_cat","embeddable":true,"href":"https:\/\/dev.codekraft.it\/rotary-2024\/wp-json\/wp\/v2\/product_cat?post=384242"},{"taxonomy":"product_tag","embeddable":true,"href":"https:\/\/dev.codekraft.it\/rotary-2024\/wp-json\/wp\/v2\/product_tag?post=384242"},{"taxonomy":"product_approvals","embeddable":true,"href":"https:\/\/dev.codekraft.it\/rotary-2024\/wp-json\/wp\/v2\/product_approvals?post=384242"},{"taxonomy":"product_application","embeddable":true,"href":"https:\/\/dev.codekraft.it\/rotary-2024\/wp-json\/wp\/v2\/product_application?post=384242"}],"curies":[{"name":"wp","href":"https:\/\/api.w.org\/{rel}","templated":true}]}}