{"id":382213,"date":"2024-10-17T09:13:19","date_gmt":"2024-10-17T09:13:19","guid":{"rendered":"https:\/\/dev.codekraft.it\/rotary-2024\/products\/uncategorized\/verlangerung-fur-traverse-att-32-c-80-mm\/"},"modified":"2024-10-17T09:13:19","modified_gmt":"2024-10-17T09:13:19","slug":"verlangerung-fur-traverse-att-32-c-80-mm","status":"publish","type":"product","link":"https:\/\/dev.codekraft.it\/rotary-2024\/produkte\/zubehor-hebebuhnen-de\/abstutzsysteme-de\/verlangerung-fur-traverse-att-32-c-80-mm\/","title":{"rendered":"Verl\u00e4ngerung f\u00fcr Traverse ATT 3,2 C | 80 mm"},"content":{"rendered":"","protected":false},"excerpt":{"rendered":"<p>2 St\u00fcck<\/p>\n","protected":false},"featured_media":0,"template":"","meta":[],"product_cat":[1033970],"product_tag":[],"product_approvals":[],"product_application":[],"class_list":{"0":"post-382213","1":"product","2":"type-product","3":"status-publish","5":"product_cat-abstutzsysteme-de","7":"first","8":"instock","9":"shipping-taxable","10":"product-type-simple"},"approvals":[],"application":[],"brb_media_brochure":"","brb_media_drawing":"","brb_media_manuals":"","brb_media_safety_datasheets":"","brb_media_spare_parts":[],"_cdmm_p_id":"500757","_company":"Elektron","_gtin":"4057612657395","accessories":[],"components":[],"related":[],"similar":[],"lang":"de","translations":{"de":382213,"en":382212,"fr":382214,"it":382215,"es":382216,"ru":382217},"pll_sync_post":[],"_links":{"self":[{"href":"https:\/\/dev.codekraft.it\/rotary-2024\/wp-json\/wp\/v2\/product\/382213","targetHints":{"allow":["GET"]}}],"collection":[{"href":"https:\/\/dev.codekraft.it\/rotary-2024\/wp-json\/wp\/v2\/product"}],"about":[{"href":"https:\/\/dev.codekraft.it\/rotary-2024\/wp-json\/wp\/v2\/types\/product"}],"wp:attachment":[{"href":"https:\/\/dev.codekraft.it\/rotary-2024\/wp-json\/wp\/v2\/media?parent=382213"}],"wp:term":[{"taxonomy":"product_cat","embeddable":true,"href":"https:\/\/dev.codekraft.it\/rotary-2024\/wp-json\/wp\/v2\/product_cat?post=382213"},{"taxonomy":"product_tag","embeddable":true,"href":"https:\/\/dev.codekraft.it\/rotary-2024\/wp-json\/wp\/v2\/product_tag?post=382213"},{"taxonomy":"product_approvals","embeddable":true,"href":"https:\/\/dev.codekraft.it\/rotary-2024\/wp-json\/wp\/v2\/product_approvals?post=382213"},{"taxonomy":"product_application","embeddable":true,"href":"https:\/\/dev.codekraft.it\/rotary-2024\/wp-json\/wp\/v2\/product_application?post=382213"}],"curies":[{"name":"wp","href":"https:\/\/api.w.org\/{rel}","templated":true}]}}