{"id":382190,"date":"2025-12-11T10:10:57","date_gmt":"2025-12-11T10:10:57","guid":{"rendered":"https:\/\/dev.codekraft.it\/rotary-2024\/products\/uncategorized\/table-elevatrice-master-gear-s3-10-extend\/"},"modified":"2025-12-11T10:10:57","modified_gmt":"2025-12-11T10:10:57","slug":"table-elevatrice-master-gear-s3-10-extend","status":"publish","type":"product","link":"https:\/\/dev.codekraft.it\/rotary-2024\/fr\/produits\/ponts-elevateurs-fr\/tables-de-levage-fr\/table-elevatrice-master-gear-s3-10-extend\/","title":{"rendered":"Table \u00e9l\u00e9vatrice Master Gear S3 1,0 Extend"},"content":{"rendered":"<p>La table du syst\u00e8me de levage contr\u00f4l\u00e9 par p\u00e9dale hydraulique peut \u00eatre utilis\u00e9e de mani\u00e8re universelle, en faisant l\u2019outil id\u00e9al pour le retrait et l\u2019installation en toute s\u00e9curit\u00e9 des moteurs, des bo\u00eetes de vitesse, des batterie HV et les composants de ch\u00e2ssis de diff\u00e9rents constructeurs.<\/p>\n<p>Gr\u00e2ce \u00e0 la poign\u00e9e r\u00e9glable en continu, utilisation encore plus flexible.<\/p>\n<ul>\n<li>Mod\u00e8le d\u2019entr\u00e9e de gamme le plus avanc\u00e9<\/li>\n<li>Haute stabilit\u00e9<\/li>\n<li>Application flexible<\/li>\n<\/ul>\n<ul>\n<li>S\u00e9curit\u00e9\u00a0: La large surface au sol des tables Master Gear offrent une grande stabilit\u00e9, assurant un travail de pr\u00e9cision en toute s\u00e9curit\u00e9.<\/li>\n<li>Manipulation facile\u00a0: Les roues de grande largeur permettent une haute mobilit\u00e9 sur le lieu de travail.<\/li>\n<li>Facile \u00e0 man\u0153uvrer avec la charge.<\/li>\n<li>Peut \u00eatre combin\u00e9 avec des accessoires sur site vari\u00e9s &#8211; cela fait du Master Gear S3 1.0 un assistant d\u2019atelier confortable.<\/li>\n<li>Conception plate et compacte pour faciliter le positionnement parfait sous le v\u00e9hicule.<\/li>\n<li>Compatibilit\u00e9 universelle\u00a0: \u00c9galement parfait comme plan de travail.<\/li>\n<li>Les trous filet\u00e9s distribu\u00e9s de mani\u00e8re r\u00e9guli\u00e8re sont d\u00e9gag\u00e9s pour recevoir une grande vari\u00e9t\u00e9 de supports.<\/li>\n<\/ul>\n<ul>\n<li>La plaque de montage VarioDesk peut \u00eatre inclin\u00e9e transversalement \u00e0 +\/- 2 \u00b0\u00a0et peut \u00eatre d\u00e9plac\u00e9e de +\/- 20\u00a0mm longitudinalement et transversalement.<\/li>\n<li>La soupape du frein d\u2019abaissement int\u00e9gr\u00e9e permet de doser avec pr\u00e9cision la vitesse d\u2019abaissement. La course est contr\u00f4l\u00e9e par p\u00e9dale hydraulique.<\/li>\n<li>Quatre roulettes (2 avec freins de rangement int\u00e9gr\u00e9es)<\/li>\n<li>En option\u00a0: table de levage avec poign\u00e9e \u00e0 tirer. Cela permet de d\u00e9placer la table de levage, m\u00eame si elle supporte une batterie de grande taille protub\u00e9rante en position abaiss\u00e9e.<\/li>\n<\/ul>\n<ul>\n<li>Version premium\u00a0: Master Gear MGO<\/li>\n<\/ul>\n","protected":false},"excerpt":{"rendered":"<p>1,0\u00a0t, noyau de 1330\u00a0mm, pompe \u00e0 pied hydraulique, poign\u00e9e coulissante (r\u00e9glable en continu, brevet\u00e9) | Gris (RAL 7015)<\/p>\n","protected":false},"featured_media":375865,"template":"","meta":[],"product_brand":[],"product_cat":[1033906],"product_tag":[1034163],"product_approvals":[],"product_application":[],"class_list":{"0":"post-382190","1":"product","2":"type-product","3":"status-publish","4":"has-post-thumbnail","6":"product_cat-tables-de-levage-fr","7":"product_tag-passenger-cars-fr","9":"first","10":"instock","11":"shipping-taxable","12":"product-type-simple"},"approvals":[],"application":[],"brb_media_brochure":[{"id":375866,"url":"https:\/\/dev.codekraft.it\/rotary-2024\/wp-content\/uploads\/brb_media\/00504381_lifting-table-overview-fy-de-2022-09-screen.pdf","title":"Lifting Table Overview FY DE 2022 09 screen","mpn":"","thumbnail":"https:\/\/dev.codekraft.it\/rotary-2024\/wp-content\/uploads\/brb_media\/00504381_lifting-table-overview-fy-de-2022-09-screen-pdf-150x106.png","description":""},{"id":375867,"url":"https:\/\/dev.codekraft.it\/rotary-2024\/wp-content\/uploads\/brb_media\/00504382_lifting-table-overview-fy-en-2022-09-screen.pdf","title":"Lifting Table Overview FY EN 2022 09 screen","mpn":"","thumbnail":"https:\/\/dev.codekraft.it\/rotary-2024\/wp-content\/uploads\/brb_media\/00504382_lifting-table-overview-fy-en-2022-09-screen-pdf-150x106.png","description":""},{"id":375868,"url":"https:\/\/dev.codekraft.it\/rotary-2024\/wp-content\/uploads\/brb_media\/00504383_lifting-table-overview-fy-fr-2022-09-screen.pdf","title":"Lifting Table Overview FY FR 2022 09 screen","mpn":"","thumbnail":"https:\/\/dev.codekraft.it\/rotary-2024\/wp-content\/uploads\/brb_media\/00504383_lifting-table-overview-fy-fr-2022-09-screen-pdf-150x106.png","description":""},{"id":375869,"url":"https:\/\/dev.codekraft.it\/rotary-2024\/wp-content\/uploads\/brb_media\/00504384_lifting-table-overview-fy-it-2022-09-screen.pdf","title":"Lifting Table Overview FY IT 2022 09 screen","mpn":"","thumbnail":"https:\/\/dev.codekraft.it\/rotary-2024\/wp-content\/uploads\/brb_media\/00504384_lifting-table-overview-fy-it-2022-09-screen-pdf-150x106.png","description":""},{"id":375870,"url":"https:\/\/dev.codekraft.it\/rotary-2024\/wp-content\/uploads\/brb_media\/00504385_lifting-table-overview-fy-es-2022-09-screen.pdf","title":"Lifting Table Overview FY ES 2022 09 screen","mpn":"","thumbnail":"https:\/\/dev.codekraft.it\/rotary-2024\/wp-content\/uploads\/brb_media\/00504385_lifting-table-overview-fy-es-2022-09-screen-pdf-150x106.png","description":""},{"id":375871,"url":"https:\/\/dev.codekraft.it\/rotary-2024\/wp-content\/uploads\/brb_media\/00504386_lifting-table-overview-fy-ru-2022-09-screen.pdf","title":"Lifting Table Overview FY RU 2022 09 screen","mpn":"","thumbnail":"https:\/\/dev.codekraft.it\/rotary-2024\/wp-content\/uploads\/brb_media\/00504386_lifting-table-overview-fy-ru-2022-09-screen-pdf-150x106.png","description":""}],"brb_media_drawing":"","brb_media_manuals":"","brb_media_safety_datasheets":"","brb_media_spare_parts":[],"_cdmm_p_id":"500744","_company":"Elektron","_gtin":"4057612733044","accessories":[{"id":378034,"mpn":"103544","name":"Fixation universelle \u00d8 35\u00a0mm","description":"Per\u00e7age de \u00d8 35\u00a0mm, pouvant accueillir diff\u00e9rents outils, tels que la plaque \u00e0 bo\u00eete de vitesses GA Pkw | dot\u00e9e d'un coussinet","thumbnail":"https:\/\/dev.codekraft.it\/rotary-2024\/wp-content\/uploads\/brb_media\/00510648_accessory-lifting-tables-103544-universal-mounting-mi-150x150.png","url":"https:\/\/dev.codekraft.it\/rotary-2024\/fr\/produits\/accessoires-ponts-elevateurs-fr\/accessoires-tables-de-levage-fr\/fixation-universelle-o-35-mm\/"},{"id":377093,"mpn":"108260","name":"Support pour groupe 454 cdi (smart)","description":"Capacit\u00e9 de charge 180 kg","thumbnail":"https:\/\/dev.codekraft.it\/rotary-2024\/wp-content\/uploads\/brb_media\/00023465_aggregataufnahme-454-cdi-108260_web-150x150.png","url":"https:\/\/dev.codekraft.it\/rotary-2024\/fr\/produits\/autres-produits-fr\/outils-speciaux-fr\/support-pour-groupe-454-cdi-smart\/"},{"id":377112,"mpn":"107856","name":"Support de groupes moteurs Universel | pour W221, W164, W209, R171, R230, R251","description":"Poids 20\u00a0kg, capacit\u00e9 de charge 800\u00a0kg","thumbnail":"https:\/\/dev.codekraft.it\/rotary-2024\/wp-content\/uploads\/brb_media\/00510649_accessory-lifting-tables-aggregate-mounting-universal-107856-mi-150x150.png","url":"https:\/\/dev.codekraft.it\/rotary-2024\/fr\/produits\/accessoires-ponts-elevateurs-fr\/accessoires-tables-de-levage-fr\/support-de-groupes-moteurs-universel-pour-w221-w164-w209-r171-r230-r251\/"},{"id":377193,"mpn":"3136","name":"Plaque de bo\u00eetes de vitesses GA voiture","description":"Angle d'ajustage +\/- 10\u00b0, capacit\u00e9 de charge 400 kg, \u00d8 de goujon 35 mm, dimensions 300 x 240 mm, sangle de serrage de la charge, grande surface d'appui en caoutchouc | utilisation universelle sur les voitures particuli\u00e8res, convient parfaitement aux bo\u00eetes de Mercedes-Benz vitesses automatiques","thumbnail":"https:\/\/dev.codekraft.it\/rotary-2024\/wp-content\/uploads\/brb_media\/00022512-150x150.png","url":"https:\/\/dev.codekraft.it\/rotary-2024\/fr\/produits\/accessoires-ponts-elevateurs-fr\/plaques-de-transmission-fr\/plaque-de-boites-de-vitesses-ga-voiture\/"}],"components":[],"related":[],"page_logo_src":"https:\/\/dev.codekraft.it\/rotary-2024\/wp-content\/uploads\/2024\/05\/cropped-rotary-logo-2022.png","lang":"fr","translations":{"fr":382190,"en":382188,"de":382189,"it":382191,"es":382192,"ru":382193},"pll_sync_post":[],"_links":{"self":[{"href":"https:\/\/dev.codekraft.it\/rotary-2024\/wp-json\/wp\/v2\/product\/382190","targetHints":{"allow":["GET"]}}],"collection":[{"href":"https:\/\/dev.codekraft.it\/rotary-2024\/wp-json\/wp\/v2\/product"}],"about":[{"href":"https:\/\/dev.codekraft.it\/rotary-2024\/wp-json\/wp\/v2\/types\/product"}],"wp:featuredmedia":[{"embeddable":true,"href":"https:\/\/dev.codekraft.it\/rotary-2024\/wp-json\/wp\/v2\/media\/375865"}],"wp:attachment":[{"href":"https:\/\/dev.codekraft.it\/rotary-2024\/wp-json\/wp\/v2\/media?parent=382190"}],"wp:term":[{"taxonomy":"product_brand","embeddable":true,"href":"https:\/\/dev.codekraft.it\/rotary-2024\/wp-json\/wp\/v2\/product_brand?post=382190"},{"taxonomy":"product_cat","embeddable":true,"href":"https:\/\/dev.codekraft.it\/rotary-2024\/wp-json\/wp\/v2\/product_cat?post=382190"},{"taxonomy":"product_tag","embeddable":true,"href":"https:\/\/dev.codekraft.it\/rotary-2024\/wp-json\/wp\/v2\/product_tag?post=382190"},{"taxonomy":"product_approvals","embeddable":true,"href":"https:\/\/dev.codekraft.it\/rotary-2024\/wp-json\/wp\/v2\/product_approvals?post=382190"},{"taxonomy":"product_application","embeddable":true,"href":"https:\/\/dev.codekraft.it\/rotary-2024\/wp-json\/wp\/v2\/product_application?post=382190"}],"curies":[{"name":"wp","href":"https:\/\/api.w.org\/{rel}","templated":true}]}}