{"id":381959,"date":"2025-12-11T10:11:08","date_gmt":"2025-12-11T10:11:08","guid":{"rendered":"https:\/\/dev.codekraft.it\/rotary-2024\/products\/uncategorized\/ponte-sollevatore-a-forbice-per-autocarri-s130-70i\/"},"modified":"2025-12-11T10:11:08","modified_gmt":"2025-12-11T10:11:08","slug":"ponte-sollevatore-a-forbice-per-autocarri-s130-70i","status":"publish","type":"product","link":"https:\/\/dev.codekraft.it\/rotary-2024\/it\/prodotti\/ponti-sollevatori-it\/ponti-sollevatori-a-forbice-it\/ponte-sollevatore-a-forbice-per-autocarri-s130-70i\/","title":{"rendered":"Ponte sollevatore a forbice per autocarri S130-70I"},"content":{"rendered":"<p>Robusto ponte sollevatore a forbice per sollevare facilmente furgoni, camper e piccoli autocarri.\u00a0Il ponte sollevatore \u00e8 disponibile con portata di 9 o 13 t, a scelta. Lunghezza delle pedane 6 o 7 m.<\/p>\n<ul>\n<li>Di minimo ingombro<\/li>\n<li>Perfetta sincronizzazione con riallineo automatico<\/li>\n<li>Struttura stabile e robusta<\/li>\n<\/ul>\n<ul>\n<li>Comando idraulico della sincronizzazione delle due pedane, indipendente dalla distribuzione del carico. Riallineo automatico del sistema idraulico in posizione zero.<\/li>\n<li>Potente gruppo idraulico per brevi tempi di sollevamento e abbassamento.<\/li>\n<li>Superfici delle rampe in lamiera bugnata antiscivolo.<\/li>\n<li>Garanzia affidabile di protezione del piede grazie alla tecnologia CE-Stop di serie.<\/li>\n<li>Protezione anticorrosione ottimale delle piattaforme grazie allo speciale trattamento della superficie e alla finitura resistente. Le basi e gli elementi della forbice sono verniciati per cataforesi e a polvere.<\/li>\n<li>Le protezioni antiribaltamento e contro il movimento all&#8217;indietro poste alle estremit\u00e0 delle pedane proteggono in modo sicuro il veicolo dal ribaltamento.<\/li>\n<li>I perni di articolazione del ponte sollevatore sono dotati di boccole autolubrificanti.<\/li>\n<li>Il quadro di comando presenta un\u00a0gruppo idraulico preinstallato di serie e collegato al ponte sollevatore, contribuendo\u00a0notevolmente a ridurre\u00a0i tempi di installazione. Il posizionamento \u00e8 possibile a destra o a sinistra.<\/li>\n<li>Documenti e tablet trovano spazio sul piano di appoggio integrato, perfetto anche come portablocco.<\/li>\n<li>I pulsanti stabili assicurano il funzionamento sicuro del ponte sollevatore.<\/li>\n<\/ul>\n<ul>\n<li>Vi \u00e8 la possibilit\u00e0 di collegare due ponti sollevatori per sincronizzarli. In tal modo \u00e8 possibile spostare le pedane sempre alla stessa altezza o singolarmente e allestire due postazioni di lavoro indipendenti.<\/li>\n<li>Gli arpioni meccanici ad azionamento pneumatico con denti multipli garantiscono la massima sicurezza del veicolo e dell&#8217;utente durante il sollevamento.<\/li>\n<\/ul>\n","protected":false},"excerpt":{"rendered":"<p>13 t, elektro-idraulico, lunghezza piattaforma 7000 mm, incassata<\/p>\n","protected":false},"featured_media":354172,"template":"","meta":[],"product_cat":[1033764],"product_tag":[1034166,1034200,1034183],"product_approvals":[],"product_application":[],"class_list":{"0":"post-381959","1":"product","2":"type-product","3":"status-publish","4":"has-post-thumbnail","6":"product_cat-ponti-sollevatori-a-forbice-it","7":"product_tag-passenger-cars-it","8":"product_tag-motor-homes-it","9":"product_tag-light-commercial-it","11":"first","12":"instock","13":"shipping-taxable","14":"product-type-simple"},"approvals":[],"application":[],"brb_media_brochure":[{"id":354173,"url":"https:\/\/dev.codekraft.it\/rotary-2024\/wp-content\/uploads\/brb_media\/00495728_scissor-lift-s90-s130-br-130387-de-2022-05-screen.pdf","title":"Scissor Lift S90 S130 BR 130387 de 2022 05 screen","thumbnail":"https:\/\/dev.codekraft.it\/rotary-2024\/wp-content\/uploads\/brb_media\/00495728_scissor-lift-s90-s130-br-130387-de-2022-05-screen-pdf-106x150.png","description":""},{"id":354174,"url":"https:\/\/dev.codekraft.it\/rotary-2024\/wp-content\/uploads\/brb_media\/00495729_scissor-lift-s90-s130-br-130388-en-2022-05-screen.pdf","title":"Scissor Lift S90 S130 BR 130388 en 2022 05 screen","thumbnail":"https:\/\/dev.codekraft.it\/rotary-2024\/wp-content\/uploads\/brb_media\/00495729_scissor-lift-s90-s130-br-130388-en-2022-05-screen-pdf-106x150.png","description":""},{"id":354175,"url":"https:\/\/dev.codekraft.it\/rotary-2024\/wp-content\/uploads\/brb_media\/00495730_scissor-lift-s90-s130-br-130389-fr-2022-04-screen.pdf","title":"Scissor Lift S90 S130 BR 130389 fr 2022 04 screen","thumbnail":"https:\/\/dev.codekraft.it\/rotary-2024\/wp-content\/uploads\/brb_media\/00495730_scissor-lift-s90-s130-br-130389-fr-2022-04-screen-pdf-106x150.png","description":""},{"id":354176,"url":"https:\/\/dev.codekraft.it\/rotary-2024\/wp-content\/uploads\/brb_media\/00495731_scissor-lift-s90-s130-br-130390-it-2022-04-screen.pdf","title":"Scissor Lift S90 S130 BR 130390 it 2022 04 screen","thumbnail":"https:\/\/dev.codekraft.it\/rotary-2024\/wp-content\/uploads\/brb_media\/00495731_scissor-lift-s90-s130-br-130390-it-2022-04-screen-pdf-106x150.png","description":""},{"id":354177,"url":"https:\/\/dev.codekraft.it\/rotary-2024\/wp-content\/uploads\/brb_media\/00495732_scissor-lift-s90-s130-br-130391-es-2022-04-screen.pdf","title":"Scissor Lift S90 S130 BR 130391 es 2022 04 screen","thumbnail":"https:\/\/dev.codekraft.it\/rotary-2024\/wp-content\/uploads\/brb_media\/00495732_scissor-lift-s90-s130-br-130391-es-2022-04-screen-pdf-106x150.png","description":""},{"id":354178,"url":"https:\/\/dev.codekraft.it\/rotary-2024\/wp-content\/uploads\/brb_media\/00495733_scissor-lift-s90-s130-br-130392-ru-2022-04-screen.pdf","title":"Scissor Lift S90 S130 BR 130392 ru 2022 04 screen","thumbnail":"https:\/\/dev.codekraft.it\/rotary-2024\/wp-content\/uploads\/brb_media\/00495733_scissor-lift-s90-s130-br-130392-ru-2022-04-screen-pdf-106x150.png","description":""}],"brb_media_drawing":[{"id":354238,"url":"https:\/\/dev.codekraft.it\/rotary-2024\/wp-content\/uploads\/brb_media\/00495736_scissor-lift-s130-70i-td-ds.pdf","title":"Scissor Lift S130 70I TD DS","thumbnail":"https:\/\/dev.codekraft.it\/rotary-2024\/wp-content\/uploads\/brb_media\/00495736_scissor-lift-s130-70i-td-ds-pdf-150x107.png","description":""}],"brb_media_manuals":"","brb_media_safety_datasheets":"","brb_media_spare_parts":[],"_cdmm_p_id":"499628","_company":"Elektron","_gtin":"4057612874884","accessories":[{"id":381887,"cdmm_p_id":"499619","name":"Traversa J50PHT","description":"5 t, 392 mm corsa, pneumoidraulica, cric telescopico, montata su rullini nella pedana carrabile, alimentazione aria a carico del cliente","thumbnail":"https:\/\/dev.codekraft.it\/rotary-2024\/wp-content\/uploads\/brb_media\/00511153_jacking-beam-j50pht-mi-150x150.png","url":"https:\/\/dev.codekraft.it\/rotary-2024\/it\/prodotti\/ponti-sollevatori-it\/traverse-it\/traversa-j50pht\/"},{"id":381305,"cdmm_p_id":"497509","name":"Kit di rampe di salita fuori terra | 2950 mm | verniciate","description":"2950 mm, versione verniciata | 1 set \/ 2 pezzi","thumbnail":"https:\/\/dev.codekraft.it\/rotary-2024\/wp-content\/uploads\/brb_media\/00506537_s601a4-150x150.png","url":"https:\/\/dev.codekraft.it\/rotary-2024\/it\/prodotti\/accessori-ponti-sollevatori-it\/accessori-ponti-sollevatori-a-forbice-it\/kit-di-rampe-di-salita-fuori-terra-2950-mm-verniciate\/"},{"id":381311,"cdmm_p_id":"497510","name":"Kit di rampe di salita fuori terra | 3700 mm | verniciate","description":"3700 mm, versione verniciata | 1 set \/ 2 pezzi","thumbnail":"https:\/\/dev.codekraft.it\/rotary-2024\/wp-content\/uploads\/brb_media\/00506537_s601a4-150x150.png","url":"https:\/\/dev.codekraft.it\/rotary-2024\/it\/prodotti\/accessori-ponti-sollevatori-it\/accessori-ponti-sollevatori-a-forbice-it\/kit-di-rampe-di-salita-fuori-terra-3700-mm-verniciate\/"},{"id":381899,"cdmm_p_id":"499620","name":"Kit di rampe di attraversamento 2510 mm | verniciate","description":"2510 mm, versione verniciata, da incavigliare al pavimento (materiale di fissaggio escluso) | 1 set \/ 2 pezzi","thumbnail":"https:\/\/dev.codekraft.it\/rotary-2024\/wp-content\/uploads\/brb_media\/00506537_s601a4-150x150.png","url":"https:\/\/dev.codekraft.it\/rotary-2024\/it\/prodotti\/accessori-ponti-sollevatori-it\/accessori-ponti-sollevatori-a-forbice-it\/kit-di-rampe-di-attraversamento-2510-mm-verniciate\/"},{"id":381911,"cdmm_p_id":"499621","name":"Kit di rampe di attraversamento 3300 mm | verniciate","description":"3300 mm, versione verniciata, da incavigliare al pavimento (materiale di fissaggio escluso) | 1 set \/ 2 pezzi","thumbnail":"https:\/\/dev.codekraft.it\/rotary-2024\/wp-content\/uploads\/brb_media\/00506537_s601a4-150x150.png","url":"https:\/\/dev.codekraft.it\/rotary-2024\/it\/prodotti\/accessori-ponti-sollevatori-it\/accessori-ponti-sollevatori-a-forbice-it\/kit-di-rampe-di-attraversamento-3300-mm-verniciate\/"},{"id":381924,"cdmm_p_id":"499624","name":"Controllo della sincronizzazione Twin | per S90\/S130","description":"2 ponti sollevatori con comando sincronizzato o individuale | incl. 2 scatole di comando V2A separate con controlli e cavo con spina","thumbnail":"https:\/\/dev.codekraft.it\/rotary-2024\/wp-content\/uploads\/brb_media\/00495727_scissor-lift-exalift-hdvl-twin-operating-unit-washing-hall-di-150x150.png","url":"https:\/\/dev.codekraft.it\/rotary-2024\/it\/prodotti\/accessori-ponti-sollevatori-it\/accessori-ponti-sollevatori-a-forbice-it\/controllo-della-sincronizzazione-twin-per-s90-s130\/"},{"id":381936,"cdmm_p_id":"499625","name":"Kit di energia per ponti sollevatore a forbice","description":"Scatola con 1 presa di corrente da 230 V e 1 attacco per aria compressa, IP54","thumbnail":"","url":"https:\/\/dev.codekraft.it\/rotary-2024\/it\/prodotti\/accessori-ponti-sollevatori-it\/accessori-ponti-sollevatori-a-forbice-it\/kit-di-energia-per-ponti-sollevatore-a-forbice\/"}],"components":[],"related":[],"similar":[{"id":381948,"cdmm_p_id":"499626","name":"Ponte sollevatore a forbice per autocarri S90-60I","description":"9 t, elektro-idraulico, lunghezza piattaforma 6000 mm, incassata","thumbnail":"https:\/\/dev.codekraft.it\/rotary-2024\/wp-content\/uploads\/brb_media\/00495723_scissor-lift-s90-blitz-no-vehicle-mi-150x150.png","url":"https:\/\/dev.codekraft.it\/rotary-2024\/it\/prodotti\/ponti-sollevatori-it\/ponti-sollevatori-a-forbice-it\/ponte-sollevatore-a-forbice-per-autocarri-s90-60i\/"}],"page_logo_src":"https:\/\/dev.codekraft.it\/rotary-2024\/wp-content\/uploads\/2024\/05\/cropped-rotary-logo-2022.png","lang":"it","translations":{"it":381959,"en":381954,"de":381955,"fr":381957,"es":381961,"ru":381963},"pll_sync_post":[],"_links":{"self":[{"href":"https:\/\/dev.codekraft.it\/rotary-2024\/wp-json\/wp\/v2\/product\/381959","targetHints":{"allow":["GET"]}}],"collection":[{"href":"https:\/\/dev.codekraft.it\/rotary-2024\/wp-json\/wp\/v2\/product"}],"about":[{"href":"https:\/\/dev.codekraft.it\/rotary-2024\/wp-json\/wp\/v2\/types\/product"}],"wp:featuredmedia":[{"embeddable":true,"href":"https:\/\/dev.codekraft.it\/rotary-2024\/wp-json\/wp\/v2\/media\/354172"}],"wp:attachment":[{"href":"https:\/\/dev.codekraft.it\/rotary-2024\/wp-json\/wp\/v2\/media?parent=381959"}],"wp:term":[{"taxonomy":"product_cat","embeddable":true,"href":"https:\/\/dev.codekraft.it\/rotary-2024\/wp-json\/wp\/v2\/product_cat?post=381959"},{"taxonomy":"product_tag","embeddable":true,"href":"https:\/\/dev.codekraft.it\/rotary-2024\/wp-json\/wp\/v2\/product_tag?post=381959"},{"taxonomy":"product_approvals","embeddable":true,"href":"https:\/\/dev.codekraft.it\/rotary-2024\/wp-json\/wp\/v2\/product_approvals?post=381959"},{"taxonomy":"product_application","embeddable":true,"href":"https:\/\/dev.codekraft.it\/rotary-2024\/wp-json\/wp\/v2\/product_application?post=381959"}],"curies":[{"name":"wp","href":"https:\/\/api.w.org\/{rel}","templated":true}]}}