{"id":381267,"date":"2025-12-11T10:04:39","date_gmt":"2025-12-11T10:04:39","guid":{"rendered":"https:\/\/dev.codekraft.it\/rotary-2024\/products\/uncategorized\/aggregathubtisch-mge-1-0\/"},"modified":"2025-12-11T10:04:39","modified_gmt":"2025-12-11T10:04:39","slug":"aggregathubtisch-mge-1-0","status":"publish","type":"product","link":"https:\/\/dev.codekraft.it\/rotary-2024\/produkte\/hebebuhnen-de\/hubtische-de\/aggregathubtisch-mge-1-0\/","title":{"rendered":"Aggregathubtisch MGE 1.0"},"content":{"rendered":"<p>Universell einsetzbarer Hubtisch mit 1 t Tragkraft. Geeignet f\u00fcr den sicheren und komfortablen Aus- und Einbau von Motoren, Getrieben, HV-Batterien und Chassis Komponenten.\u00a0Entwickelt aus 20 Jahren Erfahrung in der Konstruktion und Produktion von Hubtischen in Zusammenarbeit mit f\u00fchrenden Automobilherstellern..<\/p>\n<ul>\n<li>Einfaches und flexibles Handling<\/li>\n<li>Sichere Aufnahme und Befestigung von Bauteilen<\/li>\n<li>Umfangreiches Zubeh\u00f6rangebot f\u00fcr alle Einsatzbereiche<\/li>\n<\/ul>\n<ul>\n<li>Viel Platz unter dem Fahrzeug durch kompakte Bauweise<\/li>\n<li>Mobilit\u00e4t am Arbeitsplatz garantieren gro\u00dfe Rollen und Feststellbremsen<\/li>\n<li>Mit Last leicht zu rangieren dank kugelgelagerter Kunststoffrollen<\/li>\n<li>Umfangreiches Zubeh\u00f6r (separat erh\u00e4ltlich) macht den Hubtisch zum unverzichtbaren, universell einsetzbaren Werkstatthelfer<\/li>\n<li>14 Befestigungsbohrungen links und rechts in der der Plattform angeordnet bieten ausreichend M\u00f6glichkeiten Aufnahmewerkzeuge zu befestigen Aufnahmewerkzeuge zu befestigen<\/li>\n<li>Die flache, schmale Bauweise sowie der vertikal bewegliche Handgriff erm\u00f6glichen ein leichtes Positionieren unter dem Fahrzeug<\/li>\n<\/ul>\n<ul>\n<li>Fixe Aufnahmeplatte mit 2&#215;7 Bohrungen zur sicheren Befestigung von verschiedenen Aufnahmen<\/li>\n<li>Serienm\u00e4\u00dfige Wartungsst\u00fctzen erlauben ein sicheres Arbeiten beim Warten des Hubtisches<\/li>\n<li>Fu\u00dfhydraulisch gesteuerter Lasthub mit doppeltwirkender Pumpe f\u00fcr schnelles und kraftschonendes Heben &#8211;\u00a0Stufenlose, exakte Dosierung der Absenkgeschwindigkeit dank regulierbarem Senkbremsventil<\/li>\n<li>Einfaches Man\u00f6vrieren und sicheres Parken dank zwei Schwenkrollen mit integrierten Feststellbremsen<\/li>\n<\/ul>\n","protected":false},"excerpt":{"rendered":"<p>1,0 t, 1300 mm Hub, hydraulische Fu\u00dfpumpe | Grau (RAL 7015)<\/p>\n","protected":false},"featured_media":353960,"template":"","meta":[],"product_brand":[],"product_cat":[1033902],"product_tag":[1034161],"product_approvals":[],"product_application":[],"class_list":{"0":"post-381267","1":"product","2":"type-product","3":"status-publish","4":"has-post-thumbnail","6":"product_cat-hubtische-de","7":"product_tag-passenger-cars-de","9":"first","10":"instock","11":"shipping-taxable","12":"product-type-simple"},"approvals":[],"application":[],"brb_media_brochure":[{"id":353961,"url":"https:\/\/dev.codekraft.it\/rotary-2024\/wp-content\/uploads\/brb_media\/00489224_lifting-table-mge-10-br-130870-de-2022-03-screen.pdf","title":"Lifting Table MGE 10 BR 130870 de 2022 03 screen","mpn":"","thumbnail":"https:\/\/dev.codekraft.it\/rotary-2024\/wp-content\/uploads\/brb_media\/00489224_lifting-table-mge-10-br-130870-de-2022-03-screen-pdf-106x150.png","description":""},{"id":353962,"url":"https:\/\/dev.codekraft.it\/rotary-2024\/wp-content\/uploads\/brb_media\/00493073_lifting-table-mge-10-br-130871-en-2022-03-screen.pdf","title":"Lifting Table MGE 10 BR 130871 en 2022 03 screen","mpn":"","thumbnail":"https:\/\/dev.codekraft.it\/rotary-2024\/wp-content\/uploads\/brb_media\/00493073_lifting-table-mge-10-br-130871-en-2022-03-screen-pdf-106x150.png","description":""},{"id":353963,"url":"https:\/\/dev.codekraft.it\/rotary-2024\/wp-content\/uploads\/brb_media\/00489225_lifting-table-mge-10-br-130872-fr-2022-03-screen.pdf","title":"Lifting Table MGE 10 BR 130872 fr 2022 03 screen","mpn":"","thumbnail":"https:\/\/dev.codekraft.it\/rotary-2024\/wp-content\/uploads\/brb_media\/00489225_lifting-table-mge-10-br-130872-fr-2022-03-screen-pdf-106x150.png","description":""},{"id":353964,"url":"https:\/\/dev.codekraft.it\/rotary-2024\/wp-content\/uploads\/brb_media\/00489226_lifting-table-mge-10-br-130873-it-2022-03-screen.pdf","title":"Lifting Table MGE 10 BR 130873 it 2022 03 screen","mpn":"","thumbnail":"https:\/\/dev.codekraft.it\/rotary-2024\/wp-content\/uploads\/brb_media\/00489226_lifting-table-mge-10-br-130873-it-2022-03-screen-pdf-106x150.png","description":""},{"id":353965,"url":"https:\/\/dev.codekraft.it\/rotary-2024\/wp-content\/uploads\/brb_media\/00489227_lifting-table-mge-10-br-130874-es-2022-03-screen.pdf","title":"Lifting Table MGE 10 BR 130874 es 2022 03 screen","mpn":"","thumbnail":"https:\/\/dev.codekraft.it\/rotary-2024\/wp-content\/uploads\/brb_media\/00489227_lifting-table-mge-10-br-130874-es-2022-03-screen-pdf-109x150.png","description":""},{"id":353966,"url":"https:\/\/dev.codekraft.it\/rotary-2024\/wp-content\/uploads\/brb_media\/00489228_lifting-table-mge-10-br-130875-ru-2022-03-screen.pdf","title":"Lifting Table MGE 10 BR 130875 ru 2022 03 screen","mpn":"","thumbnail":"https:\/\/dev.codekraft.it\/rotary-2024\/wp-content\/uploads\/brb_media\/00489228_lifting-table-mge-10-br-130875-ru-2022-03-screen-pdf-106x150.png","description":""}],"brb_media_drawing":[{"id":353971,"url":"https:\/\/dev.codekraft.it\/rotary-2024\/wp-content\/uploads\/brb_media\/00489229_lifting-table-mge-td-2022-03.pdf","title":"Lifting Table MGE TD 2022 03","mpn":"","thumbnail":"https:\/\/dev.codekraft.it\/rotary-2024\/wp-content\/uploads\/brb_media\/00489229_lifting-table-mge-td-2022-03-pdf-150x106.png","description":""}],"brb_media_manuals":[{"id":353970,"url":"https:\/\/dev.codekraft.it\/rotary-2024\/wp-content\/uploads\/brb_media\/00505368_gearbox-lift-master-gear-mge-10-om-sp-131010-multi-2022-04-rev0.pdf","title":"Gearbox Lift Master Gear MGE 10 OM SP 131010 multi 2022 04 Rev0","mpn":"","thumbnail":"https:\/\/dev.codekraft.it\/rotary-2024\/wp-content\/uploads\/brb_media\/00505368_gearbox-lift-master-gear-mge-10-om-sp-131010-multi-2022-04-rev0-pdf-106x150.png","description":""}],"brb_media_safety_datasheets":"","brb_media_spare_parts":[],"_cdmm_p_id":"497269","_company":"Elektron","_gtin":"4057612879292","accessories":[{"id":378033,"mpn":"103544","name":"Universalaufnahme \u00d8 35 mm","description":"Aufnahmebohrung \u00d8 35 mm, geeignet zur Aufnahme verschiedener Werkzeuge, wie z. B. die Getriebeplatte GA Pkw | inkl. Buchse","thumbnail":"https:\/\/dev.codekraft.it\/rotary-2024\/wp-content\/uploads\/brb_media\/00510648_accessory-lifting-tables-103544-universal-mounting-mi-150x150.png","url":"https:\/\/dev.codekraft.it\/rotary-2024\/produkte\/zubehor-hebebuhnen-de\/zubehor-hubtische-de\/universalaufnahme-o-35-mm\/"},{"id":377092,"mpn":"108260","name":"Aggregataufnahme 454 cdi (smart)","description":"Tragf\u00e4higkeit 180 kg","thumbnail":"https:\/\/dev.codekraft.it\/rotary-2024\/wp-content\/uploads\/brb_media\/00023465_aggregataufnahme-454-cdi-108260_web-150x150.png","url":"https:\/\/dev.codekraft.it\/rotary-2024\/produkte\/sonstige-produkte-de\/sonderwerkzeuge-de\/aggregataufnahme-454-cdi-smart\/"},{"id":377111,"mpn":"107856","name":"Aggregataufnahme Universal | f\u00fcr W221, W164, W209, R171, R230, R251","description":"Gewicht 20 kg, Tragf\u00e4higkeit 800 kg","thumbnail":"https:\/\/dev.codekraft.it\/rotary-2024\/wp-content\/uploads\/brb_media\/00510649_accessory-lifting-tables-aggregate-mounting-universal-107856-mi-150x150.png","url":"https:\/\/dev.codekraft.it\/rotary-2024\/produkte\/zubehor-hebebuhnen-de\/zubehor-hubtische-de\/aggregataufnahme-universal-fur-w221-w164-w209-r171-r230-r251\/"},{"id":377192,"mpn":"3136","name":"Getriebeplatte GA Pkw","description":"Verstellwinkel +\/- 10\u00b0, Tragf\u00e4higkeit 400 kg, Zapfen-\u00d8 35 mm, Ma\u00dfe 300 x 240 mm, Spanngurt zum Sichern der Last, gro\u00dfe Auflagefl\u00e4che aus Gummi | Universell einsetzbar f\u00fcr Pkw, besonders geeignet f\u00fcr Mercedes-Benz Automatikgetriebe","thumbnail":"https:\/\/dev.codekraft.it\/rotary-2024\/wp-content\/uploads\/brb_media\/00022512-150x150.png","url":"https:\/\/dev.codekraft.it\/rotary-2024\/produkte\/zubehor-hebebuhnen-de\/getriebeplatten-de\/getriebeplatte-ga-pkw\/"}],"components":[],"related":[],"page_logo_src":"https:\/\/dev.codekraft.it\/rotary-2024\/wp-content\/uploads\/2026\/04\/rotary-negative-logo.png","lang":"de","translations":{"de":381267,"en":381266,"fr":381268,"it":381269,"es":381270,"ru":381271},"pll_sync_post":[],"_links":{"self":[{"href":"https:\/\/dev.codekraft.it\/rotary-2024\/wp-json\/wp\/v2\/product\/381267","targetHints":{"allow":["GET"]}}],"collection":[{"href":"https:\/\/dev.codekraft.it\/rotary-2024\/wp-json\/wp\/v2\/product"}],"about":[{"href":"https:\/\/dev.codekraft.it\/rotary-2024\/wp-json\/wp\/v2\/types\/product"}],"wp:featuredmedia":[{"embeddable":true,"href":"https:\/\/dev.codekraft.it\/rotary-2024\/wp-json\/wp\/v2\/media\/353960"}],"wp:attachment":[{"href":"https:\/\/dev.codekraft.it\/rotary-2024\/wp-json\/wp\/v2\/media?parent=381267"}],"wp:term":[{"taxonomy":"product_brand","embeddable":true,"href":"https:\/\/dev.codekraft.it\/rotary-2024\/wp-json\/wp\/v2\/product_brand?post=381267"},{"taxonomy":"product_cat","embeddable":true,"href":"https:\/\/dev.codekraft.it\/rotary-2024\/wp-json\/wp\/v2\/product_cat?post=381267"},{"taxonomy":"product_tag","embeddable":true,"href":"https:\/\/dev.codekraft.it\/rotary-2024\/wp-json\/wp\/v2\/product_tag?post=381267"},{"taxonomy":"product_approvals","embeddable":true,"href":"https:\/\/dev.codekraft.it\/rotary-2024\/wp-json\/wp\/v2\/product_approvals?post=381267"},{"taxonomy":"product_application","embeddable":true,"href":"https:\/\/dev.codekraft.it\/rotary-2024\/wp-json\/wp\/v2\/product_application?post=381267"}],"curies":[{"name":"wp","href":"https:\/\/api.w.org\/{rel}","templated":true}]}}