{"id":381208,"date":"2025-12-11T10:10:47","date_gmt":"2025-12-11T10:10:47","guid":{"rendered":"https:\/\/dev.codekraft.it\/rotary-2024\/products\/uncategorized\/rampes-pour-voitures-de-sport-pour-ds35ex-cat\/"},"modified":"2025-12-11T10:10:47","modified_gmt":"2025-12-11T10:10:47","slug":"rampes-pour-voitures-de-sport-pour-ds35ex-cat","status":"publish","type":"product","link":"https:\/\/dev.codekraft.it\/rotary-2024\/fr\/produits\/accessoires-ponts-elevateurs-fr\/accessoires-ponts-a-doubles-ciseaux-fr\/rampes-pour-voitures-de-sport-pour-ds35ex-cat\/","title":{"rendered":"Rampes pour voitures de sport pour DS35EX CAT"},"content":{"rendered":"","protected":false},"excerpt":{"rendered":"<p>Trait\u00e9es par cataphor\u00e8se et rev\u00eatement par poudre | pour pont \u00e0 double ciseaux DS35EXCAT-A | Gris (RAL 7012)<\/p>\n","protected":false},"featured_media":353890,"template":"","meta":[],"product_cat":[1033696],"product_tag":[],"product_approvals":[],"product_application":[],"class_list":{"0":"post-381208","1":"product","2":"type-product","3":"status-publish","4":"has-post-thumbnail","6":"product_cat-accessoires-ponts-a-doubles-ciseaux-fr","8":"first","9":"instock","10":"shipping-taxable","11":"product-type-simple"},"approvals":[],"application":[],"brb_media_brochure":"","brb_media_drawing":"","brb_media_manuals":"","brb_media_safety_datasheets":"","brb_media_spare_parts":[],"_cdmm_p_id":"497236","_company":"Elektron","_gtin":"4057612754568","accessories":[{"id":381202,"cdmm_p_id":"497235","name":"Kit encastr\u00e9 DS35EX, avec cadre, ZP+7012","description":"Cadre pour installation encastr\u00e9e, zingu\u00e9 (incl. bo\u00eetiers de compensation (1 jeu \/ 4 pi\u00e8ces))","thumbnail":"https:\/\/dev.codekraft.it\/rotary-2024\/wp-content\/uploads\/brb_media\/00489192_xx100025zpbg-mi-150x150.jpg","url":"https:\/\/dev.codekraft.it\/rotary-2024\/fr\/produits\/accessoires-ponts-elevateurs-fr\/accessoires-ponts-a-doubles-ciseaux-fr\/kit-encastre-ds35ex-avec-cadre-zp-7012\/"},{"id":381262,"cdmm_p_id":"497249","name":"Kit encastr\u00e9 DS35EX, sans cadre, ZP+7012","description":"Bo\u00eetes de support pour rampes pliantes avec une installation encastr\u00e9e (1 jeu \/ 4 pi\u00e8ces)","thumbnail":"https:\/\/dev.codekraft.it\/rotary-2024\/wp-content\/uploads\/brb_media\/00489196_xx100024zpbg-mi-150x150.jpg","url":"https:\/\/dev.codekraft.it\/rotary-2024\/fr\/produits\/accessoires-ponts-elevateurs-fr\/accessoires-ponts-a-doubles-ciseaux-fr\/kit-encastre-ds35ex-sans-cadre-zp-7012\/"}],"components":[],"related":[],"similar":[],"lang":"fr","translations":{"fr":381208,"en":381206,"de":381207,"it":381209,"es":381210,"ru":381211},"pll_sync_post":[],"_links":{"self":[{"href":"https:\/\/dev.codekraft.it\/rotary-2024\/wp-json\/wp\/v2\/product\/381208","targetHints":{"allow":["GET"]}}],"collection":[{"href":"https:\/\/dev.codekraft.it\/rotary-2024\/wp-json\/wp\/v2\/product"}],"about":[{"href":"https:\/\/dev.codekraft.it\/rotary-2024\/wp-json\/wp\/v2\/types\/product"}],"wp:featuredmedia":[{"embeddable":true,"href":"https:\/\/dev.codekraft.it\/rotary-2024\/wp-json\/wp\/v2\/media\/353890"}],"wp:attachment":[{"href":"https:\/\/dev.codekraft.it\/rotary-2024\/wp-json\/wp\/v2\/media?parent=381208"}],"wp:term":[{"taxonomy":"product_cat","embeddable":true,"href":"https:\/\/dev.codekraft.it\/rotary-2024\/wp-json\/wp\/v2\/product_cat?post=381208"},{"taxonomy":"product_tag","embeddable":true,"href":"https:\/\/dev.codekraft.it\/rotary-2024\/wp-json\/wp\/v2\/product_tag?post=381208"},{"taxonomy":"product_approvals","embeddable":true,"href":"https:\/\/dev.codekraft.it\/rotary-2024\/wp-json\/wp\/v2\/product_approvals?post=381208"},{"taxonomy":"product_application","embeddable":true,"href":"https:\/\/dev.codekraft.it\/rotary-2024\/wp-json\/wp\/v2\/product_application?post=381208"}],"curies":[{"name":"wp","href":"https:\/\/api.w.org\/{rel}","templated":true}]}}