{"id":381081,"date":"2025-12-11T10:11:03","date_gmt":"2025-12-11T10:11:03","guid":{"rendered":"https:\/\/dev.codekraft.it\/rotary-2024\/products\/uncategorized\/kit-vl-vu-pour-geometries-des-roues\/"},"modified":"2025-12-11T10:11:03","modified_gmt":"2025-12-11T10:11:03","slug":"kit-vl-vu-pour-geometries-des-roues","status":"publish","type":"product","link":"https:\/\/dev.codekraft.it\/rotary-2024\/fr\/produits\/accessoires-diagnostic-fr\/accessoires-controles-de-geometrie-fr\/kit-vl-vu-pour-geometries-des-roues\/","title":{"rendered":"Kit VL\/VU pour g\u00e9om\u00e9tries des roues"},"content":{"rendered":"<ul>\n<li>Ce kit permet de convertir la g\u00e9om\u00e9trie Poids Lourds 6CCD, utilis\u00e9e principalement pour les camions et les autobus, avec t\u00eates de mesure surbaiss\u00e9es RAVTD8060TWSR, en g\u00e9om\u00e9trie VL\/VU compatible avec tous les types de v\u00e9hicule.<\/li>\n<\/ul>\n<ul>\n<li>Il est constitu\u00e9\u00a0d\u2019un support facile \u00e0 fixer \u00e0 l\u2019arri\u00e8re du meuble \u00e0 l\u2019aide de deux vis pr\u00e9sentes \u00e0 hauteur des angles.<\/li>\n<li>Son utilisation est recommand\u00e9e dans les ateliers qui interviennent essentiellement sur les camions et les autobus mais qui parfois sont \u00e9galement amen\u00e9s \u00e0 effectuer des op\u00e9rations de g\u00e9om\u00e9trie de roues sur des VL\/VU.<\/li>\n<li>Le choix de la paire de t\u00eates de mesure avant est d\u00e9fini avant chaque diagnostic sans qu\u2019il ne soit n\u00e9cessaire de les r\u00e9associer \u00e0 chaque fois.<\/li>\n<li>La transmission des donn\u00e9es s\u2019effectue int\u00e9gralement via Bluetooth ce qui rend l\u2019op\u00e9ration plus rapide et plus fiable.<\/li>\n<li>Le kit est dot\u00e9 d\u2019une paire de supports pour la charge de deux capteurs VL (ces derniers ne sont pas fournis et ils doivent \u00eatre achet\u00e9s s\u00e9par\u00e9ment).<\/li>\n<\/ul>\n","protected":false},"excerpt":{"rendered":"<p>Kit de conversion de la g\u00e9om\u00e9trie truck\u00a06CCD en g\u00e9om\u00e9trie VL\/VU<\/p>\n","protected":false},"featured_media":356996,"template":"","meta":[],"product_cat":[1033374],"product_tag":[],"product_approvals":[],"product_application":[],"class_list":{"0":"post-381081","1":"product","2":"type-product","3":"status-publish","4":"has-post-thumbnail","6":"product_cat-accessoires-controles-de-geometrie-fr","8":"first","9":"instock","10":"shipping-taxable","11":"product-type-simple"},"approvals":[],"application":[],"brb_media_brochure":[{"id":356997,"url":"https:\/\/dev.codekraft.it\/rotary-2024\/wp-content\/uploads\/brb_media\/00489171_wheel-aligner-accessories-stda159-br-de-2022-02-screen.pdf","title":"Wheel aligner accessories STDA159 BR de 2022 02 screen","thumbnail":"https:\/\/dev.codekraft.it\/rotary-2024\/wp-content\/uploads\/brb_media\/00489171_wheel-aligner-accessories-stda159-br-de-2022-02-screen-pdf-106x150.png","description":""},{"id":356998,"url":"https:\/\/dev.codekraft.it\/rotary-2024\/wp-content\/uploads\/brb_media\/00489172_wheel-aligner-accessories-stda159-br-en-2022-02-screen.pdf","title":"Wheel aligner accessories STDA159 BR en 2022 02 screen","thumbnail":"https:\/\/dev.codekraft.it\/rotary-2024\/wp-content\/uploads\/brb_media\/00489172_wheel-aligner-accessories-stda159-br-en-2022-02-screen-pdf-106x150.png","description":""},{"id":356999,"url":"https:\/\/dev.codekraft.it\/rotary-2024\/wp-content\/uploads\/brb_media\/00489173_wheel-aligner-accessories-stda159-br-fr-2022-03-screen.pdf","title":"Wheel aligner accessories STDA159 BR fr 2022 03 screen","thumbnail":"https:\/\/dev.codekraft.it\/rotary-2024\/wp-content\/uploads\/brb_media\/00489173_wheel-aligner-accessories-stda159-br-fr-2022-03-screen-pdf-106x150.png","description":""},{"id":357000,"url":"https:\/\/dev.codekraft.it\/rotary-2024\/wp-content\/uploads\/brb_media\/00489174_wheel-aligner-accessories-stda159-br-it-2022-02-screen.pdf","title":"Wheel aligner accessories STDA159 BR it 2022 02 screen","thumbnail":"https:\/\/dev.codekraft.it\/rotary-2024\/wp-content\/uploads\/brb_media\/00489174_wheel-aligner-accessories-stda159-br-it-2022-02-screen-pdf-106x150.png","description":""},{"id":357001,"url":"https:\/\/dev.codekraft.it\/rotary-2024\/wp-content\/uploads\/brb_media\/00489175_wheel-aligner-accessories-stda159-br-es-2022-02-screen.pdf","title":"Wheel aligner accessories STDA159 BR es 2022 02 screen","thumbnail":"https:\/\/dev.codekraft.it\/rotary-2024\/wp-content\/uploads\/brb_media\/00489175_wheel-aligner-accessories-stda159-br-es-2022-02-screen-pdf-106x150.png","description":""},{"id":357002,"url":"https:\/\/dev.codekraft.it\/rotary-2024\/wp-content\/uploads\/brb_media\/00489176_wheel-aligner-accessories-stda159-br-ru-2022-03-screen.pdf","title":"Wheel aligner accessories STDA159 BR ru 2022 03 screen","thumbnail":"https:\/\/dev.codekraft.it\/rotary-2024\/wp-content\/uploads\/brb_media\/00489176_wheel-aligner-accessories-stda159-br-ru-2022-03-screen-pdf-106x150.png","description":""}],"brb_media_drawing":"","brb_media_manuals":"","brb_media_safety_datasheets":"","brb_media_spare_parts":[],"_cdmm_p_id":"497212","_company":"VSG","_gtin":"4057612855616","accessories":[{"id":381075,"cdmm_p_id":"497211","name":"T\u00eates de mesure 18422-18423 | avant | voiture de tourisme","description":"","thumbnail":"https:\/\/dev.codekraft.it\/rotary-2024\/wp-content\/uploads\/brb_media\/00528304_wheel-aligner-measuring-heads-car-18422-18423-mi-150x150.png","url":"https:\/\/dev.codekraft.it\/rotary-2024\/fr\/produits\/accessoires-diagnostic-fr\/accessoires-controles-de-geometrie-fr\/tetes-de-mesure-18422-18423-avant-voiture-de-tourisme\/"}],"components":[],"related":[],"similar":[],"lang":"fr","translations":{"fr":381081,"en":381079,"de":381080,"it":381082,"es":381083,"ru":381084},"pll_sync_post":[],"_links":{"self":[{"href":"https:\/\/dev.codekraft.it\/rotary-2024\/wp-json\/wp\/v2\/product\/381081","targetHints":{"allow":["GET"]}}],"collection":[{"href":"https:\/\/dev.codekraft.it\/rotary-2024\/wp-json\/wp\/v2\/product"}],"about":[{"href":"https:\/\/dev.codekraft.it\/rotary-2024\/wp-json\/wp\/v2\/types\/product"}],"wp:featuredmedia":[{"embeddable":true,"href":"https:\/\/dev.codekraft.it\/rotary-2024\/wp-json\/wp\/v2\/media\/356996"}],"wp:attachment":[{"href":"https:\/\/dev.codekraft.it\/rotary-2024\/wp-json\/wp\/v2\/media?parent=381081"}],"wp:term":[{"taxonomy":"product_cat","embeddable":true,"href":"https:\/\/dev.codekraft.it\/rotary-2024\/wp-json\/wp\/v2\/product_cat?post=381081"},{"taxonomy":"product_tag","embeddable":true,"href":"https:\/\/dev.codekraft.it\/rotary-2024\/wp-json\/wp\/v2\/product_tag?post=381081"},{"taxonomy":"product_approvals","embeddable":true,"href":"https:\/\/dev.codekraft.it\/rotary-2024\/wp-json\/wp\/v2\/product_approvals?post=381081"},{"taxonomy":"product_application","embeddable":true,"href":"https:\/\/dev.codekraft.it\/rotary-2024\/wp-json\/wp\/v2\/product_application?post=381081"}],"curies":[{"name":"wp","href":"https:\/\/api.w.org\/{rel}","templated":true}]}}