{"id":380826,"date":"2024-01-22T15:00:36","date_gmt":"2024-01-22T15:00:36","guid":{"rendered":"https:\/\/dev.codekraft.it\/rotary-2024\/products\/uncategorized\/vertikal-scherenhebebuhne-v45ak48-mb\/"},"modified":"2024-01-22T15:00:36","modified_gmt":"2024-01-22T15:00:36","slug":"vertikal-scherenhebebuhne-v45ak48-mb","status":"publish","type":"product","link":"https:\/\/dev.codekraft.it\/rotary-2024\/produkte\/hebebuhnen-de\/scheren-hebebuhnen-de\/vertikal-scherenhebebuhne-v45ak48-mb\/","title":{"rendered":"Vertikal-Scherenhebeb\u00fchne V45AK48-MB"},"content":{"rendered":"<p>Die Vertikal-Scherenhebeb\u00fchnen V55AK54-MB und V45AK48-MB sind hochpr\u00e4zise Hebeb\u00fchnen zur Fahrwerksvermessung mit 5,5 t f\u00fcr Pkw und Transporter und 4,5 t Tragkraft f\u00fcr Pkw.<\/p>\n<ul>\n<li>Perfekter Korrosionsschutz &#8211; KTL Beschichtung plus Pulverbeschichtung serienm\u00e4\u00dfig<\/li>\n<li>Erf\u00fcllt Vorgaben von Mercedes-Benz<\/li>\n<li>Viel Freiraum unter der Hebeb\u00fchne mit seitlichem Zugang<\/li>\n<\/ul>\n<ul>\n<li>Integrierte Aussparungen mit Edelstahlauflagen erm\u00f6glichen die Aufnahme aller handels\u00fcblicher Drehteller, vermeiden Korrosion und erm\u00f6glichen ein m\u00fcheloses Verschieben der Drehteller.<\/li>\n<li>Wird kein Drehteller verwendet, lassen sich die Aussparungen vollst\u00e4ndig verschlie\u00dfen. Die F\u00fcllst\u00fccke sind mit Kunststoffanschl\u00e4gen versehen, so wird Korrosion vermieden und die Ger\u00e4uschentwicklung einged\u00e4mmt.<\/li>\n<li>Die Hauptzylinder sind mit einer pneumatisch entsperrbaren Absetzvorrichtung ausger\u00fcstet. Die Klinkenleiste ist verschraubt und \u00fcber Stellschrauben justierbar. Eine exakte Achsvermessung ist damit garantiert.<\/li>\n<li>Intelligent konstruierte R\u00fcckrollsicherungen erm\u00f6glichen die Nutzung der kompletten Fahrbahnl\u00e4nge.<\/li>\n<li>Verzinkte Laufschiene f\u00fcr serienm\u00e4\u00dfigen Achsfreiheber (4 t bei V55AK54-MB, 2,6 t bei V45AK48-MB).<\/li>\n<li>Aufnahmem\u00f6glichkeit vom Smart bis zum Sprinter mit langem Radstand.<\/li>\n<\/ul>\n<ul>\n<li>Das Bedienpult besitzt ein werkseitig vormontiertes Hydraulikaggregat, welches links oder rechts platziert werden kann.<\/li>\n<li>Dokumente oder auch Tablet-PCs finden ihren Platz auf dem Bedienpult, was sich auch als Schreibunterlage perfekt eignet.<\/li>\n<li>Stabile Drucktasten sorgen f\u00fcr eine sichere Bedienung der Hebeb\u00fchne.<\/li>\n<li>Der serienm\u00e4\u00dfige CE-Stop gew\u00e4hrleistet einen Fu\u00dfschutz ohne Fu\u00dfabweiser.<\/li>\n<li>Die Hubscheren greifen in der N\u00e4he der Radaufstandsfl\u00e4che an und geben so der Hebeb\u00fchne gro\u00dfe Stabilit\u00e4t. In Verbindung mit den verst\u00e4rkten und im Werk vorjustierten Fahrfl\u00e4chen erf\u00fcllt sie die Vorgaben von Mercedes-Benz.<\/li>\n<li>Die Konstruktion bietet den maximalen Freiraum unter der Hebeb\u00fchne und erlaubt den seitlichen Zugang.<\/li>\n<li>Die ebene Fahrbahn erlaubt die Verwendung am Scheinwerfereinstellplatz.<\/li>\n<li>Stabile Kunststoffkugeln der manuell verriegelbaren Schiebeplatten sorgen f\u00fcr eine zuverl\u00e4ssige sowie leichtg\u00e4ngige Funktion, umlaufende B\u00fcrsten verhindern das Eindringen von Schmutz und sichern eine lange Lebensdauer.<\/li>\n<\/ul>\n<ul>\n<li>Die Fahrbahnen weisen ab Werk die Bohrungen f\u00fcr die Kamerahalterung f\u00fcr das Daimler AG freigegebene Butler Achsmessger\u00e4t auf.<\/li>\n<li>Energie-Kit 220 V und Druckluft unter der Fahrbahn serienm\u00e4\u00dfig<\/li>\n<li>Beleuchtung, MKS-Halter serienm\u00e4\u00dfig<\/li>\n<\/ul>\n","protected":false},"excerpt":{"rendered":"<p>4,5 t, elektrohydraulisch, Plattforml\u00e4nge 4800 mm, vertikale Anordnung der Hub-Scheren<\/p>\n","protected":false},"featured_media":353385,"template":"","meta":[],"product_cat":[1033756],"product_tag":[1034161,1034178],"product_approvals":[1014564,1014530,1014547],"product_application":[],"class_list":{"0":"post-380826","1":"product","2":"type-product","3":"status-publish","4":"has-post-thumbnail","6":"product_cat-scheren-hebebuhnen-de","7":"product_tag-passenger-cars-de","8":"product_tag-light-commercial-de","9":"product_approvals-maybach-de","10":"product_approvals-mercedes-benz-de","11":"product_approvals-smart-de","13":"first","14":"instock","15":"shipping-taxable","16":"product-type-simple"},"approvals":[{"term_id":1014564,"name":"Maybach","slug":"maybach-de","term_group":0,"term_taxonomy_id":1014563,"taxonomy":"product_approvals","description":"","parent":0,"count":33,"filter":"raw"},{"term_id":1014530,"name":"Mercedes-Benz","slug":"mercedes-benz-de","term_group":0,"term_taxonomy_id":1014529,"taxonomy":"product_approvals","description":"","parent":0,"count":43,"filter":"raw"},{"term_id":1014547,"name":"Smart","slug":"smart-de","term_group":0,"term_taxonomy_id":1014546,"taxonomy":"product_approvals","description":"","parent":0,"count":33,"filter":"raw"}],"application":[],"brb_media_brochure":[{"id":349056,"url":"https:\/\/dev.codekraft.it\/rotary-2024\/wp-content\/uploads\/brb_media\/00472565_mercedes-benz-portfolio-br-128719-de-2021-03_screen.pdf","title":"Mercedes Benz Portfolio BR 128719 de 2021 03 screen","thumbnail":"https:\/\/dev.codekraft.it\/rotary-2024\/wp-content\/uploads\/brb_media\/00472565_mercedes-benz-portfolio-br-128719-de-2021-03_screen-pdf-106x150.png","description":""},{"id":349057,"url":"https:\/\/dev.codekraft.it\/rotary-2024\/wp-content\/uploads\/brb_media\/00472566_mercedes-benz-portfolio-br-128720-en-2021-03_screen.pdf","title":"Mercedes Benz Portfolio BR 128720 en 2021 03 screen","thumbnail":"https:\/\/dev.codekraft.it\/rotary-2024\/wp-content\/uploads\/brb_media\/00472566_mercedes-benz-portfolio-br-128720-en-2021-03_screen-pdf-106x150.png","description":""},{"id":349058,"url":"https:\/\/dev.codekraft.it\/rotary-2024\/wp-content\/uploads\/brb_media\/00472570_mercedes-benz-portfolio-br-128721-fr-2021-03_screen.pdf","title":"Mercedes Benz Portfolio BR 128721 fr 2021 03 screen","thumbnail":"https:\/\/dev.codekraft.it\/rotary-2024\/wp-content\/uploads\/brb_media\/00472570_mercedes-benz-portfolio-br-128721-fr-2021-03_screen-pdf-106x150.png","description":""},{"id":349059,"url":"https:\/\/dev.codekraft.it\/rotary-2024\/wp-content\/uploads\/brb_media\/00472567_mercedes-benz-portfolio-br-128722-it-2021-03_screen.pdf","title":"Mercedes Benz Portfolio BR 128722 it 2021 03 screen","thumbnail":"https:\/\/dev.codekraft.it\/rotary-2024\/wp-content\/uploads\/brb_media\/00472567_mercedes-benz-portfolio-br-128722-it-2021-03_screen-pdf-106x150.png","description":""},{"id":349060,"url":"https:\/\/dev.codekraft.it\/rotary-2024\/wp-content\/uploads\/brb_media\/00472568_mercedes-benz-portfolio-br-128723-es-2021-03_screen.pdf","title":"Mercedes Benz Portfolio BR 128723 es 2021 03 screen","thumbnail":"https:\/\/dev.codekraft.it\/rotary-2024\/wp-content\/uploads\/brb_media\/00472568_mercedes-benz-portfolio-br-128723-es-2021-03_screen-pdf-106x150.png","description":""},{"id":349061,"url":"https:\/\/dev.codekraft.it\/rotary-2024\/wp-content\/uploads\/brb_media\/00472569_mercedes-benz-portfolio-br-128724-ru-2021-03_screen.pdf","title":"Mercedes Benz Portfolio BR 128724 ru 2021 03 screen","thumbnail":"https:\/\/dev.codekraft.it\/rotary-2024\/wp-content\/uploads\/brb_media\/00472569_mercedes-benz-portfolio-br-128724-ru-2021-03_screen-pdf-106x150.png","description":""}],"brb_media_drawing":"","brb_media_manuals":"","brb_media_safety_datasheets":"","brb_media_spare_parts":[],"_cdmm_p_id":"492689","_company":"Elektron","_gtin":"","accessories":[{"id":379748,"cdmm_p_id":"472108","name":"Achsfreiheber f\u00fcr S38\/V45-V65 | 2,6 t","description":"2,6 t","thumbnail":"https:\/\/dev.codekraft.it\/rotary-2024\/wp-content\/uploads\/brb_media\/00472700-150x150.png","url":"https:\/\/dev.codekraft.it\/rotary-2024\/produkte\/zubehor-hebebuhnen-de\/zubehor-4-saulen-hebebuhnen-de\/achsfreiheber-fur-s38-v45-v65-26-t\/"},{"id":378958,"cdmm_p_id":"421936","name":"Nachr\u00fcstsatz Luftversorgungskit","description":"F\u00fcr Achsfreiheber","thumbnail":"https:\/\/dev.codekraft.it\/rotary-2024\/wp-content\/uploads\/brb_media\/00312549_4-post-lift-air-supply-di-150x150.png","url":"https:\/\/dev.codekraft.it\/rotary-2024\/produkte\/zubehor-hebebuhnen-de\/zubehor-4-saulen-hebebuhnen-de\/nachrustsatz-luftversorgungskit\/"}],"components":[],"related":[],"similar":[{"id":380814,"cdmm_p_id":"492686","name":"Vertikal-Scherenhebeb\u00fchne V55AK54-MB","description":"5,5 t, elektrohydraulisch, Plattforml\u00e4nge 5400 mm, vertikale Anordnung der Hub-Scheren, Unterflur","thumbnail":"https:\/\/dev.codekraft.it\/rotary-2024\/wp-content\/uploads\/brb_media\/00470984_vertical-scissor-lift-v55ak-v45ak-mb-mi-150x150.png","url":"https:\/\/dev.codekraft.it\/rotary-2024\/produkte\/hebebuhnen-de\/scheren-hebebuhnen-de\/vertikal-scherenhebebuhne-v55ak54-mb\/"}],"lang":"de","translations":{"de":380826,"en":380825,"fr":380827,"it":380828,"es":380829,"ru":380830},"pll_sync_post":[],"_links":{"self":[{"href":"https:\/\/dev.codekraft.it\/rotary-2024\/wp-json\/wp\/v2\/product\/380826","targetHints":{"allow":["GET"]}}],"collection":[{"href":"https:\/\/dev.codekraft.it\/rotary-2024\/wp-json\/wp\/v2\/product"}],"about":[{"href":"https:\/\/dev.codekraft.it\/rotary-2024\/wp-json\/wp\/v2\/types\/product"}],"wp:featuredmedia":[{"embeddable":true,"href":"https:\/\/dev.codekraft.it\/rotary-2024\/wp-json\/wp\/v2\/media\/353385"}],"wp:attachment":[{"href":"https:\/\/dev.codekraft.it\/rotary-2024\/wp-json\/wp\/v2\/media?parent=380826"}],"wp:term":[{"taxonomy":"product_cat","embeddable":true,"href":"https:\/\/dev.codekraft.it\/rotary-2024\/wp-json\/wp\/v2\/product_cat?post=380826"},{"taxonomy":"product_tag","embeddable":true,"href":"https:\/\/dev.codekraft.it\/rotary-2024\/wp-json\/wp\/v2\/product_tag?post=380826"},{"taxonomy":"product_approvals","embeddable":true,"href":"https:\/\/dev.codekraft.it\/rotary-2024\/wp-json\/wp\/v2\/product_approvals?post=380826"},{"taxonomy":"product_application","embeddable":true,"href":"https:\/\/dev.codekraft.it\/rotary-2024\/wp-json\/wp\/v2\/product_application?post=380826"}],"curies":[{"name":"wp","href":"https:\/\/api.w.org\/{rel}","templated":true}]}}