{"id":380724,"date":"2025-12-11T10:10:44","date_gmt":"2025-12-11T10:10:44","guid":{"rendered":"https:\/\/dev.codekraft.it\/rotary-2024\/products\/uncategorized\/pont-elevateur-a-2-colonnes-spoa3lx\/"},"modified":"2025-12-11T10:10:44","modified_gmt":"2025-12-11T10:10:44","slug":"pont-elevateur-a-2-colonnes-spoa3lx","status":"publish","type":"product","link":"https:\/\/dev.codekraft.it\/rotary-2024\/fr\/produits\/ponts-elevateurs-fr\/ponts-elevateurs-a-2-colonnes-fr\/pont-elevateur-a-2-colonnes-spoa3lx\/","title":{"rendered":"Pont \u00e9l\u00e9vateur \u00e0 2 colonnes SPOA3LX"},"content":{"rendered":"<p>Minimum Height for Maximum Power &#8211;\u00a0Le pont \u00e9l\u00e9vateur \u00e9lectro-hydraulique \u00e0 2 colonnes SPOA3LX est un pont \u00e9l\u00e9vateur hydraulique flexible avec une incroyable diversit\u00e9 de montage de v\u00e9hicules sp\u00e9cialement d\u00e9velopp\u00e9 pour les garages \u00e0 faible hauteur de plafond. Deux unit\u00e9s hydrauliques puissantes permettent un levage et un abaissement rapides ainsi qu&#8217;un fonctionnement simple sans comportement de contr\u00f4le apparent.<\/p>\n<ul>\n<li>Flexible et sans connexion<\/li>\n<li>Faible hauteur d&#8217;installation<\/li>\n<li>Installation rapide<\/li>\n<li>Arr\u00eat acoustique CE<\/li>\n<li>Livraison standard avec 2 panneaux de commande<\/li>\n<\/ul>\n<ul>\n<li>Gr\u00e2ce \u00e0 la conception intelligente du bras de support, le SPOA3LX offre une grande capacit\u00e9 de montage de v\u00e9hicules, de la SMART aux grandes fourgonnettes (par exemple VW T6 Long).<\/li>\n<li>Installation rapide et facile : la plate-forme est pr\u00e9install\u00e9e en usine, syst\u00e8me \u00ab Plug And Play \u00bb.<\/li>\n<li>Champ d&#8217;application flexible : la hauteur d&#8217;installation minimale des colonnes et le pont de c\u00e2ble r\u00e9glable permettent une adaptation optimale aux configurations locales.<\/li>\n<li>Les verrous de s\u00e9curit\u00e9 m\u00e9caniques int\u00e9gr\u00e9s des deux c\u00f4t\u00e9s sont activ\u00e9s automatiquement.<\/li>\n<li>Deux v\u00e9rins hydrauliques verticaux transmettent la puissance via des cha\u00eenes de charge redirig\u00e9es, de sorte qu&#8217;aucun v\u00e9rin ne fonctionne ou ne d\u00e9passe la colonne, permettant ainsi une hauteur d&#8217;installation minimale de 2908 mm.<\/li>\n<li>L&#8217;acc\u00e8s optimal aux portes et une diversit\u00e9 de montage universelle sont possibles gr\u00e2ce \u00e0 la conception intelligente du bras de support.<\/li>\n<li>La largeur d&#8217;acc\u00e8s maximale des dimensions ext\u00e9rieures globales ainsi que la construction sans ch\u00e2ssis garantissent une utilisation sans probl\u00e8me de la plate-forme hydraulique.<\/li>\n<li>Le syst\u00e8me hydraulique rotatif est synonyme de facilit\u00e9 d&#8217;entretien maximale avec des co\u00fbts d&#8217;exploitation minimes.<\/li>\n<\/ul>\n<ul>\n<li>Livraison standard avec deuxi\u00e8me panneau de commande pour un \u00ab plus \u00bb dans l&#8217;ergonomie et l&#8217;efficacit\u00e9 de fonctionnement. La connexion \u00e0 l&#8217;air comprim\u00e9 et l&#8217;alimentation \u00e9lectrique sont pr\u00e9par\u00e9es.<\/li>\n<li>Mont\u00e9e sur bride sur la partie sup\u00e9rieure des colonnes de levage, l&#8217;unit\u00e9 d&#8217;entra\u00eenement est prot\u00e9g\u00e9e contre les influences ext\u00e9rieures. Cela permet plus de libert\u00e9 de mouvement.<\/li>\n<li>Les plaques rotatives enfichables avec broche t\u00e9lescopique peuvent \u00eatre d\u00e9ploy\u00e9es ou remplac\u00e9es de mani\u00e8re stable et abordable en utilisant des pi\u00e8ces sup\u00e9rieures.<\/li>\n<li>Les bras de support sont automatiquement verrouill\u00e9s pendant le levage. Lorsque la plate-forme est compl\u00e8tement abaiss\u00e9e, ce verrouillage se d\u00e9bloque de mani\u00e8re autonome. Les grilles particuli\u00e8rement fines et une fonction de d\u00e9verrouillage manuel offrent une facilit\u00e9 d&#8217;utilisation suppl\u00e9mentaire.<\/li>\n<\/ul>\n","protected":false},"excerpt":{"rendered":"<p>3,5 t, \u00e9lectrohydraulique, double panneau de commande, bras de support asym\u00e9trique, hauteur de la colonne 2908 mm<\/p>\n","protected":false},"featured_media":353289,"template":"","meta":[],"product_cat":[1033380],"product_tag":[1034163],"product_approvals":[],"product_application":[],"class_list":{"0":"post-380724","1":"product","2":"type-product","3":"status-publish","4":"has-post-thumbnail","6":"product_cat-ponts-elevateurs-a-2-colonnes-fr","7":"product_tag-passenger-cars-fr","9":"first","10":"instock","11":"shipping-taxable","12":"product-type-simple"},"approvals":[],"application":[],"brb_media_brochure":[{"id":353290,"url":"https:\/\/dev.codekraft.it\/rotary-2024\/wp-content\/uploads\/brb_media\/00479460_2-post-lift-spoa3lx-br-129028-de-2021-09_screen.pdf","title":"2 Post Lift SPOA3LX BR 129028 de 2021 09 screen","thumbnail":"https:\/\/dev.codekraft.it\/rotary-2024\/wp-content\/uploads\/brb_media\/00479460_2-post-lift-spoa3lx-br-129028-de-2021-09_screen-pdf-106x150.png","description":""},{"id":353291,"url":"https:\/\/dev.codekraft.it\/rotary-2024\/wp-content\/uploads\/brb_media\/00479461_2-post-lift-spoa3lx-br-129029-en-2021-09_screen.pdf","title":"2 Post Lift SPOA3LX BR 129029 en 2021 09 screen","thumbnail":"https:\/\/dev.codekraft.it\/rotary-2024\/wp-content\/uploads\/brb_media\/00479461_2-post-lift-spoa3lx-br-129029-en-2021-09_screen-pdf-106x150.png","description":""},{"id":353292,"url":"https:\/\/dev.codekraft.it\/rotary-2024\/wp-content\/uploads\/brb_media\/00479462_2-post-lift-spoa3lx-br-129030-fr-2021-09_screen.pdf","title":"2 Post Lift SPOA3LX BR 129030 fr 2021 09 screen","thumbnail":"https:\/\/dev.codekraft.it\/rotary-2024\/wp-content\/uploads\/brb_media\/00479462_2-post-lift-spoa3lx-br-129030-fr-2021-09_screen-pdf-106x150.png","description":""},{"id":353293,"url":"https:\/\/dev.codekraft.it\/rotary-2024\/wp-content\/uploads\/brb_media\/00479463_2-post-lift-spoa3lx-br-129031-it-2021-09_screen.pdf","title":"2 Post Lift SPOA3LX BR 129031 it 2021 09 screen","thumbnail":"https:\/\/dev.codekraft.it\/rotary-2024\/wp-content\/uploads\/brb_media\/00479463_2-post-lift-spoa3lx-br-129031-it-2021-09_screen-pdf-106x150.png","description":""},{"id":353294,"url":"https:\/\/dev.codekraft.it\/rotary-2024\/wp-content\/uploads\/brb_media\/00479464_2-post-lift-spoa3lx-br-129032-es-2021-09_screen.pdf","title":"2 Post Lift SPOA3LX BR 129032 es 2021 09 screen","thumbnail":"https:\/\/dev.codekraft.it\/rotary-2024\/wp-content\/uploads\/brb_media\/00479464_2-post-lift-spoa3lx-br-129032-es-2021-09_screen-pdf-106x150.png","description":""},{"id":353295,"url":"https:\/\/dev.codekraft.it\/rotary-2024\/wp-content\/uploads\/brb_media\/00479465_2-post-lift-spoa3lx-br-129033-ru-2021-09_screen.pdf","title":"2 Post Lift SPOA3LX BR 129033 ru 2021 09 screen","thumbnail":"https:\/\/dev.codekraft.it\/rotary-2024\/wp-content\/uploads\/brb_media\/00479465_2-post-lift-spoa3lx-br-129033-ru-2021-09_screen-pdf-106x150.png","description":""}],"brb_media_drawing":[{"id":380717,"url":"https:\/\/dev.codekraft.it\/rotary-2024\/wp-content\/uploads\/brb_media\/00481634_2-post-lift-spoa3lx-data-sheet.pdf","title":"2 Post Lift SPOA3LX Data Sheet","thumbnail":"https:\/\/dev.codekraft.it\/rotary-2024\/wp-content\/uploads\/brb_media\/00481634_2-post-lift-spoa3lx-data-sheet-pdf-150x105.png","description":""},{"id":380718,"url":"https:\/\/dev.codekraft.it\/rotary-2024\/wp-content\/uploads\/brb_media\/00481633_2-post-lift-spoa3lx-block-foundation.pdf","title":"2 Post Lift SPOA3LX Block Foundation","thumbnail":"https:\/\/dev.codekraft.it\/rotary-2024\/wp-content\/uploads\/brb_media\/00481633_2-post-lift-spoa3lx-block-foundation-pdf-150x105.png","description":""},{"id":380719,"url":"https:\/\/dev.codekraft.it\/rotary-2024\/wp-content\/uploads\/brb_media\/00479394_2-post-lift-spoa3lx-td-arm-spec-2021-10.pdf","title":"2 post Lift SPOA3LX TD arm spec 2021 10","thumbnail":"https:\/\/dev.codekraft.it\/rotary-2024\/wp-content\/uploads\/brb_media\/00479394_2-post-lift-spoa3lx-td-arm-spec-2021-10-pdf-150x106.png","description":""}],"brb_media_manuals":[{"id":380716,"url":"https:\/\/dev.codekraft.it\/rotary-2024\/wp-content\/uploads\/brb_media\/00479392_2-post-lift-spoa3lx-0496-m001-0-rev0-multi-om-2021-10.pdf","title":"2 post Lift SPOA3LX (0496 M001 0 rev0) multi OM 2021 10","thumbnail":"https:\/\/dev.codekraft.it\/rotary-2024\/wp-content\/uploads\/brb_media\/00479392_2-post-lift-spoa3lx-0496-m001-0-rev0-multi-om-2021-10-pdf-106x150.png","description":""}],"brb_media_safety_datasheets":"","brb_media_spare_parts":[],"_cdmm_p_id":"492441","_company":"Elektron","_gtin":"4057612847154","accessories":[{"id":378448,"cdmm_p_id":"40650","name":"Entretoises pour tampons pour \u00e9l\u00e9vateurs \u00e9lectrohydrauliques","description":"4 x 89 mm, 4 x 127 mm, y compris 2 supports pour le montage sur les colonnes | 1 jeu \/ 8 pi\u00e8ces","thumbnail":"https:\/\/dev.codekraft.it\/rotary-2024\/wp-content\/uploads\/brb_media\/00495751_2-post-lift-spoa3ts-ev-adapter-extension-89-127-di-150x150.png","url":"https:\/\/dev.codekraft.it\/rotary-2024\/fr\/produits\/accessoires-ponts-elevateurs-fr\/accessoires-ponts-elevateurs-a-2-colonnes-fr\/entretoises-pour-tampons-pour-elevateurs-electrohydrauliques\/"},{"id":383984,"cdmm_p_id":"502815","name":"Bac pour les outils","description":"Aimant\u00e9es | ensemble de plateaux | 1 jeu \/ 4 pi\u00e8ces","thumbnail":"https:\/\/dev.codekraft.it\/rotary-2024\/wp-content\/uploads\/brb_media\/00509504_2-post-lift-vsg2call902641-mi-150x150.png","url":"https:\/\/dev.codekraft.it\/rotary-2024\/fr\/produits\/accessoires-ponts-elevateurs-fr\/accessoires-ponts-elevateurs-a-2-colonnes-fr\/bac-pour-les-outils\/"},{"id":381088,"cdmm_p_id":"497214","name":"Kit tampons","description":"Plaque de support, support en caoutchouc, rond | \u00d8 80 mm | 1 jeu \/ 4 pi\u00e8ces","thumbnail":"https:\/\/dev.codekraft.it\/rotary-2024\/wp-content\/uploads\/brb_media\/00535980_2-post-lift-fj6216c-mi-150x150.png","url":"https:\/\/dev.codekraft.it\/rotary-2024\/fr\/produits\/accessoires-ponts-elevateurs-fr\/systemes-de-transport-prise-de-charge-fr\/kit-tampons-7\/"},{"id":382528,"cdmm_p_id":"500905","name":"Kit tampons","description":"Plaque de support, support en caoutchouc, rectangulaire | pour Tesla | 1 jeu \/ 4 pi\u00e8ces","thumbnail":"https:\/\/dev.codekraft.it\/rotary-2024\/wp-content\/uploads\/brb_media\/00505100_2-post-lift-vsg2call901538-mi-150x150.png","url":"https:\/\/dev.codekraft.it\/rotary-2024\/fr\/produits\/accessoires-ponts-elevateurs-fr\/systemes-de-transport-prise-de-charge-fr\/kit-tampons-8\/"},{"id":382534,"cdmm_p_id":"500906","name":"Kit tampons","description":"Plateau, champignon de centrage | pour Fiat 500E, 500 ABARTH | 2 niveaux | 1 jeu \/ 4 pi\u00e8ces","thumbnail":"https:\/\/dev.codekraft.it\/rotary-2024\/wp-content\/uploads\/brb_media\/00505105_2-post-lift-vsg2call902023-mi-150x150.png","url":"https:\/\/dev.codekraft.it\/rotary-2024\/fr\/produits\/accessoires-ponts-elevateurs-fr\/systemes-de-transport-prise-de-charge-fr\/kit-tampons-9\/"},{"id":382540,"cdmm_p_id":"500907","name":"Kit tampons","description":"Prisme | pour VW-MEB-Platform-V\u00e9hicules \u00e9lectriques | 1 jeu \/ 4 pi\u00e8ce","thumbnail":"https:\/\/dev.codekraft.it\/rotary-2024\/wp-content\/uploads\/brb_media\/00509505_2-post-lift-vsg2call902146-mi-150x150.png","url":"https:\/\/dev.codekraft.it\/rotary-2024\/fr\/produits\/accessoires-ponts-elevateurs-fr\/systemes-de-transport-prise-de-charge-fr\/kit-tampons-10\/"},{"id":382564,"cdmm_p_id":"500912","name":"Kit tampons","description":"Plateau, logement en U | 1 jeu \/ 4 pi\u00e8ces","thumbnail":"https:\/\/dev.codekraft.it\/rotary-2024\/wp-content\/uploads\/brb_media\/00505104_2-post-lift-vsg2call901330-mi-150x150.png","url":"https:\/\/dev.codekraft.it\/rotary-2024\/fr\/produits\/accessoires-ponts-elevateurs-fr\/systemes-de-transport-prise-de-charge-fr\/kit-tampons-11\/"},{"id":384184,"cdmm_p_id":"503070","name":"Kit tampons","description":"Prisme | pour Mercedes Classe G - l'avant et l'arri\u00e8re | 1 jeu \/ 4 pi\u00e8ces","thumbnail":"https:\/\/dev.codekraft.it\/rotary-2024\/wp-content\/uploads\/brb_media\/00511001_2-post-lift-vsg2call901859-mi-150x150.png","url":"https:\/\/dev.codekraft.it\/rotary-2024\/fr\/produits\/accessoires-ponts-elevateurs-fr\/systemes-de-transport-prise-de-charge-fr\/kit-tampons-14\/"},{"id":384178,"cdmm_p_id":"503068","name":"Kit tampons","description":"Mandrin | pour Fiat Ducato, Peugeot Boxer, Citro\u00ebn Jumper - avant et arri\u00e8re | 1 jeu \/ 4 pi\u00e8ces","thumbnail":"https:\/\/dev.codekraft.it\/rotary-2024\/wp-content\/uploads\/brb_media\/00510999_2-post-lift-vsg2call901606-mi-150x150.png","url":"https:\/\/dev.codekraft.it\/rotary-2024\/fr\/produits\/accessoires-ponts-elevateurs-fr\/systemes-de-transport-prise-de-charge-fr\/kit-tampons-13\/"},{"id":384172,"cdmm_p_id":"503067","name":"Kit tampons","description":"Prisme, mandrin | pour Mercedes Sprinter, VW Crafter | 1 jeu \/ 6 pi\u00e8ces","thumbnail":"https:\/\/dev.codekraft.it\/rotary-2024\/wp-content\/uploads\/brb_media\/00511000_2-post-lift-vsg2call901712-mi-150x150.png","url":"https:\/\/dev.codekraft.it\/rotary-2024\/fr\/produits\/accessoires-ponts-elevateurs-fr\/systemes-de-transport-prise-de-charge-fr\/kit-tampons-12\/"},{"id":382558,"cdmm_p_id":"500910","name":"Kit adaptateurs","description":"Kit adaptateurs pour tampons pour prise chassis \u00d8 120 mm (1 jeu, 2 pi\u00e8ces), pour plateau tournant","thumbnail":"https:\/\/dev.codekraft.it\/rotary-2024\/wp-content\/uploads\/brb_media\/00524050_2-post-lift-fj6353-1-mi-150x150.png","url":"https:\/\/dev.codekraft.it\/rotary-2024\/fr\/produits\/accessoires-ponts-elevateurs-fr\/accessoires-ponts-elevateurs-a-2-colonnes-fr\/kit-adaptateurs\/"},{"id":382552,"cdmm_p_id":"500909","name":"Entretoises pour tampons","description":"4 x 200 mm, y compris support pour le montage sur les colonnes | 1 jeu \/ 4 pi\u00e8ces","thumbnail":"https:\/\/dev.codekraft.it\/rotary-2024\/wp-content\/uploads\/brb_media\/00505099_2-post-lift-vsg2call901248-mi-150x150.png","url":"https:\/\/dev.codekraft.it\/rotary-2024\/fr\/produits\/accessoires-ponts-elevateurs-fr\/accessoires-ponts-elevateurs-a-2-colonnes-fr\/entretoises-pour-tampons\/"},{"id":383972,"cdmm_p_id":"502811","name":"Kit de supports pour rehausser les v\u00e9hicules","description":"Hauteur de rampe 60 mm, pour v\u00e9hicules extr\u00eamement bas | 1 jeu \/ 2 pi\u00e8ces","thumbnail":"https:\/\/dev.codekraft.it\/rotary-2024\/wp-content\/uploads\/brb_media\/00509501_2-post-lift-vsg2call902818-mi-150x150.png","url":"https:\/\/dev.codekraft.it\/rotary-2024\/fr\/produits\/accessoires-ponts-elevateurs-fr\/accessoires-ponts-elevateurs-a-2-colonnes-fr\/kit-de-supports-pour-rehausser-les-vehicules\/"},{"id":383978,"cdmm_p_id":"502814","name":"Kit de supports pour le contr\u00f4le de g\u00e9om\u00e9trie","description":"1 jeu \/ 4 pi\u00e8ces","thumbnail":"https:\/\/dev.codekraft.it\/rotary-2024\/wp-content\/uploads\/brb_media\/00509503_2-post-lift-vsg2call902085-mi-150x150.png","url":"https:\/\/dev.codekraft.it\/rotary-2024\/fr\/produits\/accessoires-ponts-elevateurs-fr\/accessoires-ponts-elevateurs-a-2-colonnes-fr\/kit-de-supports-pour-le-controle-de-geometrie\/"},{"id":384190,"cdmm_p_id":"503071","name":"Support d&#039;outil","description":"Support pour outillage pneumatique, ergonomique","thumbnail":"https:\/\/dev.codekraft.it\/rotary-2024\/wp-content\/uploads\/brb_media\/00511003_2-post-lift-vsg2call902511-mi-150x150.png","url":"https:\/\/dev.codekraft.it\/rotary-2024\/fr\/produits\/accessoires-ponts-elevateurs-fr\/accessoires-ponts-elevateurs-a-2-colonnes-fr\/support-doutil\/"}],"components":[],"related":[],"similar":[],"lang":"fr","translations":{"fr":380724,"en":380715,"de":380723,"it":380725,"es":380726,"ru":380727},"pll_sync_post":[],"_links":{"self":[{"href":"https:\/\/dev.codekraft.it\/rotary-2024\/wp-json\/wp\/v2\/product\/380724","targetHints":{"allow":["GET"]}}],"collection":[{"href":"https:\/\/dev.codekraft.it\/rotary-2024\/wp-json\/wp\/v2\/product"}],"about":[{"href":"https:\/\/dev.codekraft.it\/rotary-2024\/wp-json\/wp\/v2\/types\/product"}],"wp:featuredmedia":[{"embeddable":true,"href":"https:\/\/dev.codekraft.it\/rotary-2024\/wp-json\/wp\/v2\/media\/353289"}],"wp:attachment":[{"href":"https:\/\/dev.codekraft.it\/rotary-2024\/wp-json\/wp\/v2\/media?parent=380724"}],"wp:term":[{"taxonomy":"product_cat","embeddable":true,"href":"https:\/\/dev.codekraft.it\/rotary-2024\/wp-json\/wp\/v2\/product_cat?post=380724"},{"taxonomy":"product_tag","embeddable":true,"href":"https:\/\/dev.codekraft.it\/rotary-2024\/wp-json\/wp\/v2\/product_tag?post=380724"},{"taxonomy":"product_approvals","embeddable":true,"href":"https:\/\/dev.codekraft.it\/rotary-2024\/wp-json\/wp\/v2\/product_approvals?post=380724"},{"taxonomy":"product_application","embeddable":true,"href":"https:\/\/dev.codekraft.it\/rotary-2024\/wp-json\/wp\/v2\/product_application?post=380724"}],"curies":[{"name":"wp","href":"https:\/\/api.w.org\/{rel}","templated":true}]}}