{"id":380078,"date":"2025-12-11T10:10:51","date_gmt":"2025-12-11T10:10:51","guid":{"rendered":"https:\/\/dev.codekraft.it\/rotary-2024\/products\/uncategorized\/pont-elevateur-a-colonne-mobile-hydrolift-s3-2-6-2-agrar\/"},"modified":"2025-12-11T10:10:51","modified_gmt":"2025-12-11T10:10:51","slug":"pont-elevateur-a-colonne-mobile-hydrolift-s3-2-6-2-agrar","status":"publish","type":"product","link":"https:\/\/dev.codekraft.it\/rotary-2024\/fr\/produits\/ponts-elevateurs-fr\/ponts-elevateurs-a-colonnes-mobiles-fr\/pont-elevateur-a-colonne-mobile-hydrolift-s3-2-6-2-agrar\/","title":{"rendered":"Pont el\u00e9vateur \u00e0 colonne mobile HydroLift S3 2-6.2 Agrar"},"content":{"rendered":"<p>Le syst\u00e8me de pince de roue mobile AGRAR de HydroLift avec ses adaptateurs peut \u00eatre utilis\u00e9 universellement et est donc excellente pour un levage s\u00fbr des tracteurs de diff\u00e9rents fabricants. En combinaison avec des pi\u00e8ces de support s\u00e9lectionnables, il constitue un assistant confortable dans un atelier.<\/p>\n<ul>\n<li>La double protection de charge garantit la s\u00e9curit\u00e9<\/li>\n<li>Fonctionnement intuitif<\/li>\n<li>Changement rapide de la position rendu possible gr\u00e2ce aux chariots \u00e9l\u00e9vateurs<\/li>\n<\/ul>\n<ul>\n<li>Adaptateur arri\u00e8re de support avec barres additionnelles de verrouillage.<\/li>\n<li>Adaptateur avant de support avec plusieurs adaptateurs de support.<\/li>\n<li>La barre de traction mobile avec ch\u00e2ssis de direction articul\u00e9 double rouleau et frein de stationnement emp\u00eache tout d\u00e9placement inopin\u00e9 du groupe de levage.<\/li>\n<li>Les adaptateurs de chariots \u00e9l\u00e9vateurs rendent le transport des pinces de roue vers l\u2019atelier plus facile et plus rapide.<\/li>\n<li>Convient aux tracteurs dont l\u2019empattement mesure au mois 1100\u00a0mm.<\/li>\n<li>Les \u00e9l\u00e9ments de commande bien dispos\u00e9s caract\u00e9risent le confort d\u2019utilisation du syst\u00e8me de pince de roue.<\/li>\n<\/ul>\n<ul>\n<li>Le chargeur int\u00e9gr\u00e9 permet de recharger tout en utilisant l\u2019 HYDROLIFT. Une heure de recharge rapide garantit un autre cycle complet de levage et d\u2019abaissement.<\/li>\n<li>La construction modulaire permet l\u2019extension ult\u00e9rieure de 2 \u00e0 4, 6 ou 8 groupes de levage.<\/li>\n<li>Double protection de charge due au dispositif de s\u00e9curit\u00e9 hydraulique r\u00e9glable en continu (soupape d\u2019arr\u00eat) et au m\u00e9canisme de protection autobloquant \u00e0 clavette de s\u00e9curit\u00e9.<\/li>\n<li>Des symboles qui sont faciles \u00e0 comprendre et des boutons poussoirs bien dispos\u00e9s qui facilitent le fonctionnement, Les mises \u00e0 jour du logiciel s\u2019effectuent par carte SD.<\/li>\n<li>La production \u00e0 grande \u00e9chelle dans nos sites de production certifi\u00e9s ISO assure une qualit\u00e9 de fabrication toujours \u00e9lev\u00e9e.<\/li>\n<li>La communication entre les groupes de levage individuels se fait sans fil sur la base de la norme IEEE 802.15.4.<\/li>\n<li>Hydro-protection\u00a0: Pour la protection contre les influences externes, le cylindre de levage se trouve dans le chariot de levage. Le moteur et l\u2019unit\u00e9 hydraulique sont enti\u00e8rement rev\u00eatus.<\/li>\n<li>Boutons d\u2019arr\u00eat d&#8217;urgence pr\u00e9sents sur chaque colonne.<\/li>\n<li>D\u00e9placement facile\u00a0: Des rouleaux \u00e0 faible frottement, \u00e0 proprement parler, rendent l\u2019espace de travail facile et pratique.<\/li>\n<li>La commande de synchronisation garantit une synchronisation absolue de tous les groupes de levage, m\u00eame en cas de charge in\u00e9gale.<\/li>\n<li>Pas de colonne ma\u00eetre &#8211; toutes les fonctions sont disponibles sur chaque colonne pince de roue.<\/li>\n<\/ul>\n","protected":false},"excerpt":{"rendered":"<p>2 x 6,2 t, \u00e9lectrohydraulique, sans fil, fonctionnement \u00e0 batterie, avec adaptateurs agricoles<\/p>\n","protected":false},"featured_media":352263,"template":"","meta":[],"product_brand":[],"product_cat":[1033808],"product_tag":[1034145,1034128,1034197,1034262,1034180,1034231,1034214],"product_approvals":[],"product_application":[],"class_list":{"0":"post-380078","1":"product","2":"type-product","3":"status-publish","4":"has-post-thumbnail","6":"product_cat-ponts-elevateurs-a-colonnes-mobiles-fr","7":"product_tag-buses-fr","8":"product_tag-trucks-fr","9":"product_tag-motor-homes-fr","10":"product_tag-remorques-fr","11":"product_tag-light-commercial-fr","12":"product_tag-tracked-vehicles-fr","13":"product_tag-agricultural-machines-fr","15":"first","16":"instock","17":"shipping-taxable","18":"product-type-simple"},"approvals":[],"application":[],"brb_media_brochure":[{"id":351679,"url":"https:\/\/dev.codekraft.it\/rotary-2024\/wp-content\/uploads\/brb_media\/00414009_mobile-column-lift-hydrolift-s3-agrar-br-127691-de-2019-05-screen.pdf","title":"mobile column lift hydrolift s3 agrar br 127691 de 2019 05 screen","mpn":"","thumbnail":"https:\/\/dev.codekraft.it\/rotary-2024\/wp-content\/uploads\/brb_media\/00414009_mobile-column-lift-hydrolift-s3-agrar-br-127691-de-2019-05-screen-pdf-106x150.png","description":""},{"id":351680,"url":"https:\/\/dev.codekraft.it\/rotary-2024\/wp-content\/uploads\/brb_media\/00414010_mobile-column-lift-hydrolift-s3-agrar-br-127692-en-2019-05-screen.pdf","title":"mobile column lift hydrolift s3 agrar br 127692 en 2019 05 screen","mpn":"","thumbnail":"https:\/\/dev.codekraft.it\/rotary-2024\/wp-content\/uploads\/brb_media\/00414010_mobile-column-lift-hydrolift-s3-agrar-br-127692-en-2019-05-screen-pdf-106x150.png","description":""},{"id":351681,"url":"https:\/\/dev.codekraft.it\/rotary-2024\/wp-content\/uploads\/brb_media\/00414011_mobile-column-lift-hydrolift-s3-agrar-br-127693-fr-2019-05-screen.pdf","title":"mobile column lift hydrolift s3 agrar br 127693 fr 2019 05 screen","mpn":"","thumbnail":"https:\/\/dev.codekraft.it\/rotary-2024\/wp-content\/uploads\/brb_media\/00414011_mobile-column-lift-hydrolift-s3-agrar-br-127693-fr-2019-05-screen-pdf-106x150.png","description":""},{"id":351682,"url":"https:\/\/dev.codekraft.it\/rotary-2024\/wp-content\/uploads\/brb_media\/00414012_mobile-column-lift-hydrolift-s3-agrar-br-127694-it-2019-05-screen.pdf","title":"mobile column lift hydrolift s3 agrar br 127694 it 2019 05 screen","mpn":"","thumbnail":"https:\/\/dev.codekraft.it\/rotary-2024\/wp-content\/uploads\/brb_media\/00414012_mobile-column-lift-hydrolift-s3-agrar-br-127694-it-2019-05-screen-pdf-106x150.png","description":""},{"id":351683,"url":"https:\/\/dev.codekraft.it\/rotary-2024\/wp-content\/uploads\/brb_media\/00414013_mobile-column-lift-hydrolift-s3-agrar-br-127695-es-2019-05-screen.pdf","title":"mobile column lift hydrolift s3 agrar br 127695 es 2019 05 screen","mpn":"","thumbnail":"https:\/\/dev.codekraft.it\/rotary-2024\/wp-content\/uploads\/brb_media\/00414013_mobile-column-lift-hydrolift-s3-agrar-br-127695-es-2019-05-screen-pdf-106x150.png","description":""},{"id":351684,"url":"https:\/\/dev.codekraft.it\/rotary-2024\/wp-content\/uploads\/brb_media\/00414014_mobile-column-lift-hydrolift-s3-agrar-br-127696-ru-2019-05-screen.pdf","title":"mobile column lift hydrolift s3 agrar br 127696 ru 2019 05 screen","mpn":"","thumbnail":"https:\/\/dev.codekraft.it\/rotary-2024\/wp-content\/uploads\/brb_media\/00414014_mobile-column-lift-hydrolift-s3-agrar-br-127696-ru-2019-05-screen-pdf-106x150.png","description":""}],"brb_media_drawing":"","brb_media_manuals":[{"id":351519,"url":"https:\/\/dev.codekraft.it\/rotary-2024\/wp-content\/uploads\/brb_media\/00510172_mobile-column-lift-hydrolift-62-75-82-om-sp-126746-multi-2022-11-revd.pdf","title":"Mobile column lift HydroLift 6,2 7,5 8,2 OM SP 126746 multi 2022 11 RevD","mpn":"","thumbnail":"https:\/\/dev.codekraft.it\/rotary-2024\/wp-content\/uploads\/brb_media\/00510172_mobile-column-lift-hydrolift-62-75-82-om-sp-126746-multi-2022-11-revd-pdf-106x150.png","description":""},{"id":351611,"url":"https:\/\/dev.codekraft.it\/rotary-2024\/wp-content\/uploads\/brb_media\/00510194_mobile-column-lift-hydrolift-62-75-82-om-sp-dc-126746-de-2021-08-revc.pdf","title":"Mobile column lift HydroLift 6,2 7,5 8,2 OM SP DC 126746 de 2021 08 RevC","mpn":"","thumbnail":"https:\/\/dev.codekraft.it\/rotary-2024\/wp-content\/uploads\/brb_media\/00510194_mobile-column-lift-hydrolift-62-75-82-om-sp-dc-126746-de-2021-08-revc-pdf-106x150.png","description":""}],"brb_media_safety_datasheets":"","brb_media_spare_parts":[],"_cdmm_p_id":"476577","_company":"Elektron","_gtin":"4057612830149","accessories":[{"id":381049,"mpn":"M140124BG","name":"Kit de rampes d&#039;acc\u00e8s","description":"Rampes pour chariot \u00e9l\u00e9vateur, acc\u00e8s d'un seul c\u00f4t\u00e9 | Gris (RAL 7012)","thumbnail":"https:\/\/dev.codekraft.it\/rotary-2024\/wp-content\/uploads\/brb_media\/00507162_m140124_002-150x150.jpg","url":"https:\/\/dev.codekraft.it\/rotary-2024\/fr\/produits\/accessoires-ponts-elevateurs-fr\/accessoires-ponts-elevateurs-a-colonnes-mobiles-fr\/kit-de-rampes-dacces-3\/"},{"id":381055,"mpn":"M140127BG","name":"Kit de rampes d&#039;acc\u00e8s","description":"Rampes pour chariot \u00e9l\u00e9vateur, passage des deux c\u00f4t\u00e9s | Gris (RAL 7012)","thumbnail":"https:\/\/dev.codekraft.it\/rotary-2024\/wp-content\/uploads\/brb_media\/00507164_m140yyy_001-150x150.jpg","url":"https:\/\/dev.codekraft.it\/rotary-2024\/fr\/produits\/accessoires-ponts-elevateurs-fr\/accessoires-ponts-elevateurs-a-colonnes-mobiles-fr\/kit-de-rampes-dacces-4\/"},{"id":381061,"mpn":"M140153BG","name":"Kit de rampes d&#039;acc\u00e8s","description":"Rampes pour chariot \u00e9l\u00e9vateur \u00e0 trois roues, acc\u00e8s d'un seul c\u00f4t\u00e9| Gris (RAL 7012)","thumbnail":"https:\/\/dev.codekraft.it\/rotary-2024\/wp-content\/uploads\/brb_media\/00507163_m140xxx_001-150x150.jpg","url":"https:\/\/dev.codekraft.it\/rotary-2024\/fr\/produits\/accessoires-ponts-elevateurs-fr\/accessoires-ponts-elevateurs-a-colonnes-mobiles-fr\/kit-de-rampes-dacces-5\/"},{"id":381037,"mpn":"M110175BG","name":"V\u00e9hicule de transport pour jeu de rampes","description":"Chariot pour kit de rampes d'acc\u00e8s pour chariot \u00e9l\u00e9vateur M140124BG \/ M140127BG","thumbnail":"https:\/\/dev.codekraft.it\/rotary-2024\/wp-content\/uploads\/brb_media\/00489148_m110175bg-mi-150x150.jpg","url":"https:\/\/dev.codekraft.it\/rotary-2024\/fr\/produits\/accessoires-ponts-elevateurs-fr\/accessoires-ponts-elevateurs-a-colonnes-mobiles-fr\/vehicule-de-transport-pour-jeu-de-rampes\/"},{"id":381001,"mpn":"127615","name":"SmartCart Agrar","description":"Chariot de transport et de rangement pour le kit adaptateur agricole - Bien rang\u00e9s, les adaptateurs et les \u00e9l\u00e9ments de logement trouvent leur place dans l'atelier","thumbnail":"https:\/\/dev.codekraft.it\/rotary-2024\/wp-content\/uploads\/brb_media\/00414017_smartcart-agrar-mi-150x150.png","url":"https:\/\/dev.codekraft.it\/rotary-2024\/fr\/produits\/accessoires-ponts-elevateurs-fr\/accessoires-ponts-elevateurs-a-colonnes-mobiles-fr\/smartcart-agrar-3\/"},{"id":380096,"mpn":"128478","name":"Kit d&#039;\u00e9clairage LED Standard | pour HydroLift 6,2\/7,5\/8,2","description":"Incl. jeu de c\u00e2bles, support et instructions de montage | 2 pi\u00e8ces","thumbnail":"https:\/\/dev.codekraft.it\/rotary-2024\/wp-content\/uploads\/brb_media\/00414016_hydrolift-s3-with-led-new-mi-150x150.png","url":"https:\/\/dev.codekraft.it\/rotary-2024\/fr\/produits\/accessoires-ponts-elevateurs-fr\/accessoires-ponts-elevateurs-a-colonnes-mobiles-fr\/kit-declairage-led-standard-pour-hydrolift-62-75-82\/"},{"id":384011,"mpn":"S260A1","name":"Chevalet d&#039;appui","description":"7500 kg, 1330 - 2030 mm, r\u00e9glable en hauteur par paliers de 7 x 100 mm, 2 roulettes, support en U | Gris (RAL 7040)","thumbnail":"https:\/\/dev.codekraft.it\/rotary-2024\/wp-content\/uploads\/brb_media\/00535518_mobile-columns-s260a1-mi-150x150.png","url":"https:\/\/dev.codekraft.it\/rotary-2024\/fr\/produits\/accessoires-ponts-elevateurs-fr\/accessoires-ponts-elevateurs-a-colonnes-mobiles-fr\/chevalet-dappui-3\/"},{"id":382949,"mpn":"S270A2","name":"Chevalet d&#039;appui","description":"10000 kg, 1235 - 2040 mm, r\u00e9glable en hauteur par pas de 6 x 100 mm, avec en plus partie sup\u00e9rieure r\u00e9glable en continu (115 mm), 3 roues r\u00e9tractables, support en U et support en prisme (interchangeables), pr\u00eat \u00e0 l'emploi | Gris (RAL 7040)","thumbnail":"https:\/\/dev.codekraft.it\/rotary-2024\/wp-content\/uploads\/brb_media\/00535520_mobile-columns-s270a2-mi-150x150.png","url":"https:\/\/dev.codekraft.it\/rotary-2024\/fr\/produits\/accessoires-ponts-elevateurs-fr\/accessoires-ponts-elevateurs-a-colonnes-mobiles-fr\/chevalet-dappui-2\/"},{"id":382722,"mpn":"S270A1","name":"Chevalet d&#039;appui","description":"10000 kg, 1235 - 2040 mm, r\u00e9glable en hauteur par pas de 6 x 100 mm, avec en plus partie sup\u00e9rieure r\u00e9glable en continu (115 mm), 2 roulettes, support en U et support en prisme (interchangeables) | Gris (RAL 7040)","thumbnail":"https:\/\/dev.codekraft.it\/rotary-2024\/wp-content\/uploads\/brb_media\/00535519_mobile-columns-s270a1-mi-150x150.png","url":"https:\/\/dev.codekraft.it\/rotary-2024\/fr\/produits\/accessoires-ponts-elevateurs-fr\/accessoires-ponts-elevateurs-a-colonnes-mobiles-fr\/chevalet-dappui\/"}],"components":[],"related":[],"page_logo_src":"https:\/\/dev.codekraft.it\/rotary-2024\/wp-content\/uploads\/2026\/04\/rotary-negative-logo.png","lang":"fr","translations":{"fr":380078,"en":380076,"de":380077,"it":380079,"es":380080,"ru":380081},"pll_sync_post":[],"_links":{"self":[{"href":"https:\/\/dev.codekraft.it\/rotary-2024\/wp-json\/wp\/v2\/product\/380078","targetHints":{"allow":["GET"]}}],"collection":[{"href":"https:\/\/dev.codekraft.it\/rotary-2024\/wp-json\/wp\/v2\/product"}],"about":[{"href":"https:\/\/dev.codekraft.it\/rotary-2024\/wp-json\/wp\/v2\/types\/product"}],"wp:featuredmedia":[{"embeddable":true,"href":"https:\/\/dev.codekraft.it\/rotary-2024\/wp-json\/wp\/v2\/media\/352263"}],"wp:attachment":[{"href":"https:\/\/dev.codekraft.it\/rotary-2024\/wp-json\/wp\/v2\/media?parent=380078"}],"wp:term":[{"taxonomy":"product_brand","embeddable":true,"href":"https:\/\/dev.codekraft.it\/rotary-2024\/wp-json\/wp\/v2\/product_brand?post=380078"},{"taxonomy":"product_cat","embeddable":true,"href":"https:\/\/dev.codekraft.it\/rotary-2024\/wp-json\/wp\/v2\/product_cat?post=380078"},{"taxonomy":"product_tag","embeddable":true,"href":"https:\/\/dev.codekraft.it\/rotary-2024\/wp-json\/wp\/v2\/product_tag?post=380078"},{"taxonomy":"product_approvals","embeddable":true,"href":"https:\/\/dev.codekraft.it\/rotary-2024\/wp-json\/wp\/v2\/product_approvals?post=380078"},{"taxonomy":"product_application","embeddable":true,"href":"https:\/\/dev.codekraft.it\/rotary-2024\/wp-json\/wp\/v2\/product_application?post=380078"}],"curies":[{"name":"wp","href":"https:\/\/api.w.org\/{rel}","templated":true}]}}