{"id":380012,"date":"2025-04-01T06:23:32","date_gmt":"2025-04-01T06:23:32","guid":{"rendered":"https:\/\/dev.codekraft.it\/rotary-2024\/products\/uncategorized\/ponte-sollevatore-a-doppia-forbice-vas-791025\/"},"modified":"2025-04-01T06:23:32","modified_gmt":"2025-04-01T06:23:32","slug":"ponte-sollevatore-a-doppia-forbice-vas-791025","status":"publish","type":"product","link":"https:\/\/dev.codekraft.it\/rotary-2024\/it\/prodotti\/ponti-sollevatori-it\/ponti-sollevatori-a-doppia-forbice-it\/ponte-sollevatore-a-doppia-forbice-vas-791025\/","title":{"rendered":"Ponte sollevatore a doppia forbice VAS 791025"},"content":{"rendered":"<p>Il sollevatore a forbice doppio a basso profilo VAS 791025 \u00e8 stato progettato specificamente per il settore di assistenza e riparazione. La versione VAS 791025 consente persino il montaggio sicuro di VW T5 \/ T6 (interasse corto) cos\u00ec come di berline di lusso come BMW 7 serie G12.<\/p>\n<ul>\n<li>Montaggio regolabile fino a 2358 mm<\/li>\n<li>Migliore protezione contro la corrosione come standard<\/li>\n<li>Struttura in acciaio decisamente robusta<\/li>\n<\/ul>\n<ul>\n<li>La longevit\u00e0 in termini di protezione dalla ruggine, \u00e8 in primo pianotra le altre cose grazie alla galvanizzazi- one a caldo standard con un aggiuntivo rivestimento in polvere della piattaforma e del telaio della base.<\/li>\n<li>Il sistema idraulico master-slave doppio ridondante rende possibile fornire ulteriori prese di sicurezza. Doppia sicurezza che impedisce il sollevamento e l\u2019abbassamento su un lato.<\/li>\n<li>L\u2019utilizzo semplice del sistema di rimozione \u00e8 possibile con un\u2019installazione a livello del pavimento.<\/li>\n<li>Il design intelligente consente la manipolazione sem- plice del sistema di estrazione, anche quando il veicolo \u00e8 al di sopra.<\/li>\n<li>Il montaggio su superficie \u00e8 possibile dal momento che la piattaforma ha un\u2019altezza libera bassa.<\/li>\n<li>I cuscinetti in gomma inclusi proteggono in modo affidabile il pianale del veicolo.<\/li>\n<\/ul>\n<ul>\n<li>Il CE\u00adstop fornito in dotazione come standard garantisce la protezione del piede senza deflettore per i piedi, senza deflettore per i piedi. Questo consente anche l\u2019installazione sotto il pavimento.<\/li>\n<li>Il basso spazio in altezza rende pi\u00f9 semplice sollevare veicoli con poca altezza da terra.<\/li>\n<li>La costruzione \u00e8 ideale grazie alla sua massima stabilit\u00e0. Essa \u00e8 composta da solide forbici.<\/li>\n<li>Tutti i cilindri idraulici sono a vite. Questo consente un\u2019assistenza semplificata.<\/li>\n<li>Il sistema completamente idraulico con auto\u00adspurgo integrato assicura un funzio namento affidabile anche in ambienti sporchi.<\/li>\n<li>Le rampe che rimangano in posizi-one salda sul terreno proteggono le linee idrauliche e consentono un accesso sicuro.<\/li>\n<li>Nel caso di un\u2019interruzione dell\u2019alimentazione elettrica, \u00e8 possibile eseguire un abbas- samento di emergenza senza alcun problema.<\/li>\n<\/ul>\n","protected":false},"excerpt":{"rendered":"<p>3,5 t, elettroidraulico<\/p>\n","protected":false},"featured_media":352145,"template":"","meta":[],"product_brand":[],"product_cat":[1033708],"product_tag":[1034166],"product_approvals":[1013893,1013876,1013910,1013995,1013927,1013978,1013961,1013944],"product_application":[],"class_list":{"0":"post-380012","1":"product","2":"type-product","3":"status-publish","4":"has-post-thumbnail","6":"product_cat-ponti-sollevatori-a-doppia-forbice-it","7":"product_tag-passenger-cars-it","8":"product_approvals-audi-it","9":"product_approvals-bentley-it","10":"product_approvals-bugatti-it","11":"product_approvals-lamborghini-it","12":"product_approvals-porsche-it","13":"product_approvals-seat-it","14":"product_approvals-skoda-it","15":"product_approvals-vw-it","17":"first","18":"instock","19":"shipping-taxable","20":"product-type-simple"},"approvals":[{"term_id":1013893,"name":"Audi","slug":"audi-it","term_group":0,"term_taxonomy_id":1013892,"taxonomy":"product_approvals","description":"","parent":0,"count":26,"filter":"raw"},{"term_id":1013876,"name":"Bentley","slug":"bentley-it","term_group":0,"term_taxonomy_id":1013875,"taxonomy":"product_approvals","description":"","parent":0,"count":26,"filter":"raw"},{"term_id":1013910,"name":"Bugatti","slug":"bugatti-it","term_group":0,"term_taxonomy_id":1013909,"taxonomy":"product_approvals","description":"","parent":0,"count":26,"filter":"raw"},{"term_id":1013995,"name":"Lamborghini","slug":"lamborghini-it","term_group":0,"term_taxonomy_id":1013994,"taxonomy":"product_approvals","description":"","parent":0,"count":26,"filter":"raw"},{"term_id":1013927,"name":"Porsche","slug":"porsche-it","term_group":0,"term_taxonomy_id":1013926,"taxonomy":"product_approvals","description":"","parent":0,"count":24,"filter":"raw"},{"term_id":1013978,"name":"Seat","slug":"seat-it","term_group":0,"term_taxonomy_id":1013977,"taxonomy":"product_approvals","description":"","parent":0,"count":26,"filter":"raw"},{"term_id":1013961,"name":"Skoda","slug":"skoda-it","term_group":0,"term_taxonomy_id":1013960,"taxonomy":"product_approvals","description":"","parent":0,"count":23,"filter":"raw"},{"term_id":1013944,"name":"VW","slug":"vw-it","term_group":0,"term_taxonomy_id":1013943,"taxonomy":"product_approvals","description":"","parent":0,"count":26,"filter":"raw"}],"application":[],"brb_media_brochure":[{"id":352146,"url":"https:\/\/dev.codekraft.it\/rotary-2024\/wp-content\/uploads\/brb_media\/00409420_double-scissor-lift-ds35ex-br-125658-de-2019-04-screen.pdf","title":"double scissor lift ds35ex br 125658 de 2019 04 screen","mpn":"","thumbnail":"https:\/\/dev.codekraft.it\/rotary-2024\/wp-content\/uploads\/brb_media\/00409420_double-scissor-lift-ds35ex-br-125658-de-2019-04-screen-pdf-106x150.png","description":""},{"id":352147,"url":"https:\/\/dev.codekraft.it\/rotary-2024\/wp-content\/uploads\/brb_media\/00409421_double-scissor-lift-ds35ex-br-125659-en-2019-04-screen.pdf","title":"double scissor lift ds35ex br 125659 en 2019 04 screen","mpn":"","thumbnail":"https:\/\/dev.codekraft.it\/rotary-2024\/wp-content\/uploads\/brb_media\/00409421_double-scissor-lift-ds35ex-br-125659-en-2019-04-screen-pdf-106x150.png","description":""},{"id":352148,"url":"https:\/\/dev.codekraft.it\/rotary-2024\/wp-content\/uploads\/brb_media\/00409422_double-scissor-lift-ds35ex-br-125660-fr-2019-04-screen.pdf","title":"double scissor lift ds35ex br 125660 fr 2019 04 screen","mpn":"","thumbnail":"https:\/\/dev.codekraft.it\/rotary-2024\/wp-content\/uploads\/brb_media\/00409422_double-scissor-lift-ds35ex-br-125660-fr-2019-04-screen-pdf-106x150.png","description":""},{"id":352149,"url":"https:\/\/dev.codekraft.it\/rotary-2024\/wp-content\/uploads\/brb_media\/00409423_double-scissor-lift-ds35ex-br-125662-it-2019-04-screen.pdf","title":"double scissor lift ds35ex br 125662 it 2019 04 screen","mpn":"","thumbnail":"https:\/\/dev.codekraft.it\/rotary-2024\/wp-content\/uploads\/brb_media\/00409423_double-scissor-lift-ds35ex-br-125662-it-2019-04-screen-pdf-106x150.png","description":""},{"id":352150,"url":"https:\/\/dev.codekraft.it\/rotary-2024\/wp-content\/uploads\/brb_media\/00409424_double-scissor-lift-ds35ex-br-125661-es-2019-04-screen.pdf","title":"double scissor lift ds35ex br 125661 es 2019 04 screen","mpn":"","thumbnail":"https:\/\/dev.codekraft.it\/rotary-2024\/wp-content\/uploads\/brb_media\/00409424_double-scissor-lift-ds35ex-br-125661-es-2019-04-screen-pdf-106x150.png","description":""},{"id":352151,"url":"https:\/\/dev.codekraft.it\/rotary-2024\/wp-content\/uploads\/brb_media\/00409425_double-scissor-lift-ds35ex-br-125663-ru-2019-04-screen.pdf","title":"double scissor lift ds35ex br 125663 ru 2019 04 screen","mpn":"","thumbnail":"https:\/\/dev.codekraft.it\/rotary-2024\/wp-content\/uploads\/brb_media\/00409425_double-scissor-lift-ds35ex-br-125663-ru-2019-04-screen-pdf-106x150.png","description":""},{"id":350312,"url":"https:\/\/dev.codekraft.it\/rotary-2024\/wp-content\/uploads\/brb_media\/00409949_vw-approvals-br-127168-de-2019-04-screen.pdf","title":"vw approvals br 127168 de 2019 04 screen","mpn":"","thumbnail":"https:\/\/dev.codekraft.it\/rotary-2024\/wp-content\/uploads\/brb_media\/00409949_vw-approvals-br-127168-de-2019-04-screen-pdf-106x150.png","description":""},{"id":350313,"url":"https:\/\/dev.codekraft.it\/rotary-2024\/wp-content\/uploads\/brb_media\/00409950_vw-approvals-br-127169-en-2019-04-screen.pdf","title":"vw approvals br 127169 en 2019 04 screen","mpn":"","thumbnail":"https:\/\/dev.codekraft.it\/rotary-2024\/wp-content\/uploads\/brb_media\/00409950_vw-approvals-br-127169-en-2019-04-screen-pdf-106x150.png","description":""},{"id":350314,"url":"https:\/\/dev.codekraft.it\/rotary-2024\/wp-content\/uploads\/brb_media\/00409951_vw-approvals-br-127170-fr-2019-04-screen.pdf","title":"vw approvals br 127170 fr 2019 04 screen","mpn":"","thumbnail":"https:\/\/dev.codekraft.it\/rotary-2024\/wp-content\/uploads\/brb_media\/00409951_vw-approvals-br-127170-fr-2019-04-screen-pdf-106x150.png","description":""},{"id":350315,"url":"https:\/\/dev.codekraft.it\/rotary-2024\/wp-content\/uploads\/brb_media\/00409952_vw-approvals-br-127171-it-2019-04-screen.pdf","title":"vw approvals br 127171 it 2019 04 screen","mpn":"","thumbnail":"https:\/\/dev.codekraft.it\/rotary-2024\/wp-content\/uploads\/brb_media\/00409952_vw-approvals-br-127171-it-2019-04-screen-pdf-106x150.png","description":""},{"id":350316,"url":"https:\/\/dev.codekraft.it\/rotary-2024\/wp-content\/uploads\/brb_media\/00409953_vw-approvals-br-127172-es-2019-04-screen.pdf","title":"vw approvals br 127172 es 2019 04 screen","mpn":"","thumbnail":"https:\/\/dev.codekraft.it\/rotary-2024\/wp-content\/uploads\/brb_media\/00409953_vw-approvals-br-127172-es-2019-04-screen-pdf-106x150.png","description":""},{"id":350317,"url":"https:\/\/dev.codekraft.it\/rotary-2024\/wp-content\/uploads\/brb_media\/00409954_vw-approvals-br-127173-ru-2019-04-screen.pdf","title":"vw approvals br 127173 ru 2019 04 screen","mpn":"","thumbnail":"https:\/\/dev.codekraft.it\/rotary-2024\/wp-content\/uploads\/brb_media\/00409954_vw-approvals-br-127173-ru-2019-04-screen-pdf-106x150.png","description":""}],"brb_media_drawing":[{"id":350521,"url":"https:\/\/dev.codekraft.it\/rotary-2024\/wp-content\/uploads\/brb_media\/00407624_scissor-lift-fp_ds35hg-a_8741.pdf","title":"scissor lift fp ds35hg a 8741","mpn":"","thumbnail":"https:\/\/dev.codekraft.it\/rotary-2024\/wp-content\/uploads\/brb_media\/00407624_scissor-lift-fp_ds35hg-a_8741-pdf-150x106.png","description":""},{"id":350522,"url":"https:\/\/dev.codekraft.it\/rotary-2024\/wp-content\/uploads\/brb_media\/00407623_scissor-lift-da_ds35hg-a_8740.pdf","title":"scissor lift da ds35hg a 8740","mpn":"","thumbnail":"https:\/\/dev.codekraft.it\/rotary-2024\/wp-content\/uploads\/brb_media\/00407623_scissor-lift-da_ds35hg-a_8740-pdf-150x106.png","description":""}],"brb_media_manuals":[{"id":375422,"url":"https:\/\/dev.codekraft.it\/rotary-2024\/wp-content\/uploads\/brb_media\/00535409_double-scissor-lift-ds35-om-dc-sp-de-2024-07-rev-c.pdf","title":"double scissor lift ds35 om dc sp de 2024 07 rev c","mpn":"","thumbnail":"https:\/\/dev.codekraft.it\/rotary-2024\/wp-content\/uploads\/brb_media\/00535409_double-scissor-lift-ds35-om-dc-sp-de-2024-07-rev-c-pdf-116x150.png","description":""},{"id":350519,"url":"https:\/\/dev.codekraft.it\/rotary-2024\/wp-content\/uploads\/brb_media\/00479456_double-scissor-lift-ds35-om-sp-en-2021-10-screen.pdf","title":"Double Scissor Lift DS35 OM SP en 2021 10 screen","mpn":"","thumbnail":"https:\/\/dev.codekraft.it\/rotary-2024\/wp-content\/uploads\/brb_media\/00479456_double-scissor-lift-ds35-om-sp-en-2021-10-screen-pdf-116x150.png","description":""},{"id":375423,"url":"https:\/\/dev.codekraft.it\/rotary-2024\/wp-content\/uploads\/brb_media\/00535410_double-scissor-lift-ds35-om-dc-sp-fr-2024-07-rev-c.pdf","title":"double scissor lift ds35 om dc sp fr 2024 07 rev c","mpn":"","thumbnail":"https:\/\/dev.codekraft.it\/rotary-2024\/wp-content\/uploads\/brb_media\/00535410_double-scissor-lift-ds35-om-dc-sp-fr-2024-07-rev-c-pdf-106x150.png","description":""},{"id":350520,"url":"https:\/\/dev.codekraft.it\/rotary-2024\/wp-content\/uploads\/brb_media\/00479457_double-scissor-lift-ds35-om-sp-it-2021-10-screen.pdf","title":"Double Scissor Lift DS35 OM SP it 2021 10 screen","mpn":"","thumbnail":"https:\/\/dev.codekraft.it\/rotary-2024\/wp-content\/uploads\/brb_media\/00479457_double-scissor-lift-ds35-om-sp-it-2021-10-screen-pdf-116x150.png","description":""}],"brb_media_safety_datasheets":"","brb_media_spare_parts":[],"_cdmm_p_id":"475878","_company":"Elektron","_gtin":"","accessories":[{"id":378924,"mpn":"ROT-LPK230V","name":"Kit di alimentazione 230 V","description":"","thumbnail":"https:\/\/dev.codekraft.it\/rotary-2024\/wp-content\/uploads\/brb_media\/00287569_ds-35-power-kit-230v-mi-150x150.png","url":"https:\/\/dev.codekraft.it\/rotary-2024\/it\/prodotti\/accessori-ponti-sollevatori-it\/accessori-ponti-sollevatori-a-doppia-forbice-it\/kit-di-alimentazione-230-v\/"},{"id":379527,"mpn":"XX140075","name":"Tamponi in gomma Piramide troncata","description":"30 mm, con rivestimenti ritentivi | 1 set \/ 4 pezzi","thumbnail":"https:\/\/dev.codekraft.it\/rotary-2024\/wp-content\/uploads\/brb_media\/00392090-150x150.png","url":"https:\/\/dev.codekraft.it\/rotary-2024\/it\/prodotti\/accessori-ponti-sollevatori-it\/accessori-ponti-sollevatori-a-doppia-forbice-it\/tamponi-in-gomma-piramide-troncata\/"},{"id":379533,"mpn":"XX140076","name":"Tamponi in gomma Piramide troncata","description":"70 mm, con rivestimenti ritentivi | 1 set \/ 4 pezzi","thumbnail":"https:\/\/dev.codekraft.it\/rotary-2024\/wp-content\/uploads\/brb_media\/00392091_scissor-lift-ds-32-70-mm-rubber-pad-di-150x150.png","url":"https:\/\/dev.codekraft.it\/rotary-2024\/it\/prodotti\/accessori-ponti-sollevatori-it\/accessori-ponti-sollevatori-a-doppia-forbice-it\/tamponi-in-gomma-piramide-troncata-2\/"},{"id":381185,"mpn":"XX100014ZPBG","name":"Kit da incasso DS32\/35, senza telaio, ZP+7012","description":"Scatole di appoggio per rampe a scomparsa per installazione a incasso","thumbnail":"https:\/\/dev.codekraft.it\/rotary-2024\/wp-content\/uploads\/brb_media\/00489190_xx100014zpbg-mi-150x150.jpg","url":"https:\/\/dev.codekraft.it\/rotary-2024\/it\/prodotti\/accessori-ponti-sollevatori-it\/accessori-ponti-sollevatori-a-doppia-forbice-it\/kit-da-incasso-ds32-35-senza-telaio-zp-7012\/"},{"id":381191,"mpn":"XX100003","name":"Kit da incasso DS32\/35, con telaio","description":"Telaio di montaggio (zincato) e scatole di appoggio per rampe a scomparsa","thumbnail":"https:\/\/dev.codekraft.it\/rotary-2024\/wp-content\/uploads\/brb_media\/00489191_xx100003-mi-150x150.jpg","url":"https:\/\/dev.codekraft.it\/rotary-2024\/it\/prodotti\/accessori-ponti-sollevatori-it\/accessori-ponti-sollevatori-a-doppia-forbice-it\/kit-da-incasso-ds32-35-con-telaio\/"},{"id":381179,"mpn":"XX100050CG","name":"Set di traverse RAL 7016","description":"2 traverse e 4 adattatori (1 set)","thumbnail":"https:\/\/dev.codekraft.it\/rotary-2024\/wp-content\/uploads\/brb_media\/00489189_xx100050cg-mi-150x150.jpg","url":"https:\/\/dev.codekraft.it\/rotary-2024\/it\/prodotti\/accessori-ponti-sollevatori-it\/accessori-ponti-sollevatori-a-doppia-forbice-it\/set-di-traverse-ral-7016\/"},{"id":381203,"mpn":"XX100025ZPBG","name":"Kit da incasso DS35EX, con telaio, ZP+7012","description":"Telaio per installazione a incasso, zincato (incl. scatole di compensazione (1 set \/ 4 pezzi))","thumbnail":"https:\/\/dev.codekraft.it\/rotary-2024\/wp-content\/uploads\/brb_media\/00489192_xx100025zpbg-mi-150x150.jpg","url":"https:\/\/dev.codekraft.it\/rotary-2024\/it\/prodotti\/accessori-ponti-sollevatori-it\/accessori-ponti-sollevatori-a-doppia-forbice-it\/kit-da-incasso-ds35ex-con-telaio-zp-7012\/"},{"id":381263,"mpn":"XX100024ZPBG","name":"Kit da incasso DS35EX, senza telaio, ZP+7012","description":"Scatole di appoggio per rampe a scomparsa per installazione a incasso (1 set \/ 4 pezzi)","thumbnail":"https:\/\/dev.codekraft.it\/rotary-2024\/wp-content\/uploads\/brb_media\/00489196_xx100024zpbg-mi-150x150.jpg","url":"https:\/\/dev.codekraft.it\/rotary-2024\/it\/prodotti\/accessori-ponti-sollevatori-it\/accessori-ponti-sollevatori-a-doppia-forbice-it\/kit-da-incasso-ds35ex-senza-telaio-zp-7012\/"}],"components":[],"related":[],"page_logo_src":"https:\/\/dev.codekraft.it\/rotary-2024\/wp-content\/uploads\/2026\/04\/rotary-negative-logo.png","lang":"it","translations":{"it":380012,"en":380009,"de":380010,"fr":380011,"es":380013,"ru":380014},"pll_sync_post":[],"_links":{"self":[{"href":"https:\/\/dev.codekraft.it\/rotary-2024\/wp-json\/wp\/v2\/product\/380012","targetHints":{"allow":["GET"]}}],"collection":[{"href":"https:\/\/dev.codekraft.it\/rotary-2024\/wp-json\/wp\/v2\/product"}],"about":[{"href":"https:\/\/dev.codekraft.it\/rotary-2024\/wp-json\/wp\/v2\/types\/product"}],"wp:featuredmedia":[{"embeddable":true,"href":"https:\/\/dev.codekraft.it\/rotary-2024\/wp-json\/wp\/v2\/media\/352145"}],"wp:attachment":[{"href":"https:\/\/dev.codekraft.it\/rotary-2024\/wp-json\/wp\/v2\/media?parent=380012"}],"wp:term":[{"taxonomy":"product_brand","embeddable":true,"href":"https:\/\/dev.codekraft.it\/rotary-2024\/wp-json\/wp\/v2\/product_brand?post=380012"},{"taxonomy":"product_cat","embeddable":true,"href":"https:\/\/dev.codekraft.it\/rotary-2024\/wp-json\/wp\/v2\/product_cat?post=380012"},{"taxonomy":"product_tag","embeddable":true,"href":"https:\/\/dev.codekraft.it\/rotary-2024\/wp-json\/wp\/v2\/product_tag?post=380012"},{"taxonomy":"product_approvals","embeddable":true,"href":"https:\/\/dev.codekraft.it\/rotary-2024\/wp-json\/wp\/v2\/product_approvals?post=380012"},{"taxonomy":"product_application","embeddable":true,"href":"https:\/\/dev.codekraft.it\/rotary-2024\/wp-json\/wp\/v2\/product_application?post=380012"}],"curies":[{"name":"wp","href":"https:\/\/api.w.org\/{rel}","templated":true}]}}