{"id":379760,"date":"2025-12-11T10:04:37","date_gmt":"2025-12-11T10:04:37","guid":{"rendered":"https:\/\/dev.codekraft.it\/rotary-2024\/products\/uncategorized\/achstraverse-att-32-c\/"},"modified":"2025-12-11T10:04:37","modified_gmt":"2025-12-11T10:04:37","slug":"achstraverse-att-32-c","status":"publish","type":"product","link":"https:\/\/dev.codekraft.it\/rotary-2024\/produkte\/zubehor-hebebuhnen-de\/abstutzsysteme-de\/achstraverse-att-32-c\/","title":{"rendered":"Achstraverse ATT 3,2 C"},"content":{"rendered":"<ul>\n<li>Ideal f\u00fcr Transporter (VW Crafter, MB Sprinter uvm.)<\/li>\n<li>Stabile, flache Achstraverse f\u00fcr Fahrzeuge (Pkw und Transporter) mit Aufnahmepunkten von 868 &#8211; 1660 mm<\/li>\n<li>Durch Verwendung von verschiedenen Aufnahmest\u00fccken universell einsetzbar<\/li>\n<li>Mittlerer Tragteller steckbar,\u00a0Tragf\u00e4higkeit max. 15 t<\/li>\n<li>55 mm Zapfen<\/li>\n<\/ul>\n<p><strong>Lieferumfang:<\/strong><\/p>\n<ul>\n<li>Traverse<\/li>\n<li>Mittlerer Aufnahmeadapter\u00a0\u201eR\u201d<\/li>\n<\/ul>\n","protected":false},"excerpt":{"rendered":"<p>3,2 t, Zapfen-\u00d8 55 mm, Verstellbereich 868 &#8211; 1660 mm, 2-fach teleskopierbar | f\u00fcr Pkw und Transporter | inkl. Aufnahmeadapter<\/p>\n","protected":false},"featured_media":374766,"template":"","meta":[],"product_cat":[1033970],"product_tag":[1034161,1034178,1034195],"product_approvals":[],"product_application":[],"class_list":{"0":"post-379760","1":"product","2":"type-product","3":"status-publish","4":"has-post-thumbnail","6":"product_cat-abstutzsysteme-de","7":"product_tag-passenger-cars-de","8":"product_tag-light-commercial-de","9":"product_tag-motor-homes-de","11":"first","12":"instock","13":"shipping-taxable","14":"product-type-simple"},"approvals":[],"application":[],"brb_media_brochure":"","brb_media_drawing":"","brb_media_manuals":[{"id":377177,"url":"https:\/\/dev.codekraft.it\/rotary-2024\/wp-content\/uploads\/brb_media\/00535454_supporting-device-om-sp-129500-multi-2024-10-revb.pdf","title":"supporting device om sp 129500 multi 2024 10 revb","thumbnail":"https:\/\/dev.codekraft.it\/rotary-2024\/wp-content\/uploads\/brb_media\/00535454_supporting-device-om-sp-129500-multi-2024-10-revb-pdf-106x150.png","description":""}],"brb_media_safety_datasheets":"","brb_media_spare_parts":[],"_cdmm_p_id":"472237","_company":"Elektron","_gtin":"4057612678925","accessories":[{"id":379766,"cdmm_p_id":"472238","name":"Aufnahmesatz f\u00fcr Traverse ATT 3,2 C","description":"Optionales Zubeh\u00f6r f\u00fcr die Transporteraufnahme, empfohlenes steckbares Aufnahmeset | f\u00fcr Pkw \/ Transporter \/ MAN \/ Crafter \/ Sprinter","thumbnail":"https:\/\/dev.codekraft.it\/rotary-2024\/wp-content\/uploads\/brb_media\/00397020_125216_att32c_traverse-150x150.png","url":"https:\/\/dev.codekraft.it\/rotary-2024\/produkte\/zubehor-hebebuhnen-de\/lastaufnahmemittel-de\/aufnahmesatz-fur-traverse-att-32-c\/"},{"id":382213,"cdmm_p_id":"500757","name":"Verl\u00e4ngerung f\u00fcr Traverse ATT 3,2 C | 80 mm","description":"2 St\u00fcck","thumbnail":"","url":"https:\/\/dev.codekraft.it\/rotary-2024\/produkte\/zubehor-hebebuhnen-de\/abstutzsysteme-de\/verlangerung-fur-traverse-att-32-c-80-mm\/"},{"id":382207,"cdmm_p_id":"500756","name":"Verl\u00e4ngerung f\u00fcr Traverse ATT 3,2 C | 127 mm","description":"2 St\u00fcck","thumbnail":"","url":"https:\/\/dev.codekraft.it\/rotary-2024\/produkte\/zubehor-hebebuhnen-de\/abstutzsysteme-de\/verlangerung-fur-traverse-att-32-c-127-mm\/"},{"id":382219,"cdmm_p_id":"500758","name":"Adapterzapfen 55 auf 35 mm | f\u00fcr Traverse ATT 3,2 C \/ Heber | 135 mm","description":"Reduzierung von 55 auf 35 mm, f\u00fcr Verwendung der Traverse ATT 3,2 C mit 55 mm Zapfen auf einem Heber (z. B. Junior Jack) mit 35 mm Aufnahmebohrung","thumbnail":"","url":"https:\/\/dev.codekraft.it\/rotary-2024\/produkte\/zubehor-hebebuhnen-de\/abstutzsysteme-de\/adapterzapfen-55-auf-35-mm-fur-traverse-att-32-c-heber-135-mm\/"}],"components":[],"related":[],"similar":[],"lang":"de","translations":{"de":379760,"en":379759,"fr":379761,"it":379762,"es":379763,"ru":379764},"pll_sync_post":[],"_links":{"self":[{"href":"https:\/\/dev.codekraft.it\/rotary-2024\/wp-json\/wp\/v2\/product\/379760","targetHints":{"allow":["GET"]}}],"collection":[{"href":"https:\/\/dev.codekraft.it\/rotary-2024\/wp-json\/wp\/v2\/product"}],"about":[{"href":"https:\/\/dev.codekraft.it\/rotary-2024\/wp-json\/wp\/v2\/types\/product"}],"wp:featuredmedia":[{"embeddable":true,"href":"https:\/\/dev.codekraft.it\/rotary-2024\/wp-json\/wp\/v2\/media\/374766"}],"wp:attachment":[{"href":"https:\/\/dev.codekraft.it\/rotary-2024\/wp-json\/wp\/v2\/media?parent=379760"}],"wp:term":[{"taxonomy":"product_cat","embeddable":true,"href":"https:\/\/dev.codekraft.it\/rotary-2024\/wp-json\/wp\/v2\/product_cat?post=379760"},{"taxonomy":"product_tag","embeddable":true,"href":"https:\/\/dev.codekraft.it\/rotary-2024\/wp-json\/wp\/v2\/product_tag?post=379760"},{"taxonomy":"product_approvals","embeddable":true,"href":"https:\/\/dev.codekraft.it\/rotary-2024\/wp-json\/wp\/v2\/product_approvals?post=379760"},{"taxonomy":"product_application","embeddable":true,"href":"https:\/\/dev.codekraft.it\/rotary-2024\/wp-json\/wp\/v2\/product_application?post=379760"}],"curies":[{"name":"wp","href":"https:\/\/api.w.org\/{rel}","templated":true}]}}