{"id":379515,"date":"2025-12-11T10:11:07","date_gmt":"2025-12-11T10:11:07","guid":{"rendered":"https:\/\/dev.codekraft.it\/rotary-2024\/products\/uncategorized\/ponte-sollevatore-a-doppia-forbice-ds35\/"},"modified":"2025-12-11T10:11:07","modified_gmt":"2025-12-11T10:11:07","slug":"ponte-sollevatore-a-doppia-forbice-ds35","status":"publish","type":"product","link":"https:\/\/dev.codekraft.it\/rotary-2024\/it\/prodotti\/ponti-sollevatori-it\/ponti-sollevatori-a-doppia-forbice-it\/ponte-sollevatore-a-doppia-forbice-ds35\/","title":{"rendered":"Ponte sollevatore a doppia forbice DS35"},"content":{"rendered":"<p>Il sollevatore a forbice doppio a basso profilo DS35 \u00e8 stato progettato specificamente per il settore di assistenza e riparazione. Le nuove piattaforme di montaggio dal design flessibile consentono un\u2019ampia gamma di montaggio.<\/p>\n<ul>\n<li>Struttura in acciaio incredibilmente robusta<\/li>\n<li>Idraulica affidabile completamente testata<\/li>\n<\/ul>\n<ul>\n<li>Bloccaggio semplice delle rampe per estendere l\u2019area di montaggio.<\/li>\n<li>Il sistema idraulico master\u00adslave doppio ridondante rende possibile fornire ulteriori prese di sicurezza. Doppia sicurezza che impedisce il sollevamento e l\u2019abbassamento su un lato.<\/li>\n<li>Ampio range di montaggio grazie alle nuove piattaforme di montaggio dal design flessibile.<\/li>\n<li>L\u2019utilizzo semplice del sistema di rimozione \u00e8 possibile con un\u2019installazione a livello del pavimento.<\/li>\n<li>Manipolazione pi\u00f9 semplice del sistema di rimozione, anche nel caso in cui i veicoli siano sopra, grazie al design intelligente.<\/li>\n<li>L\u2019installazione su pavimento \u00e8 possibile dal momento che la piattaforma ha un\u2019altezza libera bassa.<\/li>\n<li>I cuscinetti in gomma forniti proteggono il pianale del veicolo in modo affidabile.<\/li>\n<\/ul>\n<ul>\n<li>Il CE\u00adstop fornito in dotazione come standard garantisce la protezione del piede senza deflettore per i piedi, senza deflettore per i piedi. Questo consente anche l\u2019installazione sotto il pavimento.<\/li>\n<li>Il basso spazio in altezza rende pi\u00f9 semplice sollevare veicoli con poca altezza da terra.<\/li>\n<li>La costruzione \u00e8 ideale grazie alla sua massima stabilit\u00e0. Essa \u00e8 composta da solide forbici.<\/li>\n<li>Tutti i cilindri idraulici sono a vite. Questo consente un\u2019assistenza semplificata.<\/li>\n<li>Il sistema completamente idraulico con auto\u00adspurgo integrato assicura un funzio namento affidabile anche in ambienti sporchi.<\/li>\n<li>Una discesa di emergenza \u00e8 comodamente praticabile in caso di mancanza di corrente.<\/li>\n<\/ul>\n","protected":false},"excerpt":{"rendered":"<p>3,5 t, elettroidraulico<\/p>\n","protected":false},"featured_media":351408,"template":"","meta":[],"product_cat":[1033708],"product_tag":[1034166],"product_approvals":[],"product_application":[],"class_list":{"0":"post-379515","1":"product","2":"type-product","3":"status-publish","4":"has-post-thumbnail","6":"product_cat-ponti-sollevatori-a-doppia-forbice-it","7":"product_tag-passenger-cars-it","9":"first","10":"instock","11":"shipping-taxable","12":"product-type-simple"},"approvals":[],"application":[],"brb_media_brochure":[{"id":351409,"url":"https:\/\/dev.codekraft.it\/rotary-2024\/wp-content\/uploads\/brb_media\/00435039_double-scissor-lift-ds35-br-125652-de-2020-04_screen.pdf","title":"double scissor lift ds35 br 125652 de 2020 04 screen","thumbnail":"https:\/\/dev.codekraft.it\/rotary-2024\/wp-content\/uploads\/brb_media\/00435039_double-scissor-lift-ds35-br-125652-de-2020-04_screen-pdf-106x150.png","description":""},{"id":351410,"url":"https:\/\/dev.codekraft.it\/rotary-2024\/wp-content\/uploads\/brb_media\/00435040_double-scissor-lift-ds35-br-125653-en-2020-04_screen.pdf","title":"double scissor lift ds35 br 125653 en 2020 04 screen","thumbnail":"https:\/\/dev.codekraft.it\/rotary-2024\/wp-content\/uploads\/brb_media\/00435040_double-scissor-lift-ds35-br-125653-en-2020-04_screen-pdf-106x150.png","description":""},{"id":351411,"url":"https:\/\/dev.codekraft.it\/rotary-2024\/wp-content\/uploads\/brb_media\/00435041_double-scissor-lift-ds35-br-125654-fr-2020-04_screen.pdf","title":"double scissor lift ds35 br 125654 fr 2020 04 screen","thumbnail":"https:\/\/dev.codekraft.it\/rotary-2024\/wp-content\/uploads\/brb_media\/00435041_double-scissor-lift-ds35-br-125654-fr-2020-04_screen-pdf-106x150.png","description":""},{"id":351412,"url":"https:\/\/dev.codekraft.it\/rotary-2024\/wp-content\/uploads\/brb_media\/00435042_double-scissor-lift-ds35-br-125656-it-2020-04_screen.pdf","title":"double scissor lift ds35 br 125656 it 2020 04 screen","thumbnail":"https:\/\/dev.codekraft.it\/rotary-2024\/wp-content\/uploads\/brb_media\/00435042_double-scissor-lift-ds35-br-125656-it-2020-04_screen-pdf-106x150.png","description":""},{"id":351413,"url":"https:\/\/dev.codekraft.it\/rotary-2024\/wp-content\/uploads\/brb_media\/00435043_double-scissor-lift-ds35-br-125655-es-2020-04_screen.pdf","title":"double scissor lift ds35 br 125655 es 2020 04 screen","thumbnail":"https:\/\/dev.codekraft.it\/rotary-2024\/wp-content\/uploads\/brb_media\/00435043_double-scissor-lift-ds35-br-125655-es-2020-04_screen-pdf-106x150.png","description":""},{"id":351414,"url":"https:\/\/dev.codekraft.it\/rotary-2024\/wp-content\/uploads\/brb_media\/00435044_double-scissor-lift-ds35-br-125657-ru-2020-04_screen.pdf","title":"double scissor lift ds35 br 125657 ru 2020 04 screen","thumbnail":"https:\/\/dev.codekraft.it\/rotary-2024\/wp-content\/uploads\/brb_media\/00435044_double-scissor-lift-ds35-br-125657-ru-2020-04_screen-pdf-106x150.png","description":""}],"brb_media_drawing":[{"id":350521,"url":"https:\/\/dev.codekraft.it\/rotary-2024\/wp-content\/uploads\/brb_media\/00407624_scissor-lift-fp_ds35hg-a_8741.pdf","title":"scissor lift fp ds35hg a 8741","thumbnail":"https:\/\/dev.codekraft.it\/rotary-2024\/wp-content\/uploads\/brb_media\/00407624_scissor-lift-fp_ds35hg-a_8741-pdf-150x106.png","description":""},{"id":350522,"url":"https:\/\/dev.codekraft.it\/rotary-2024\/wp-content\/uploads\/brb_media\/00407623_scissor-lift-da_ds35hg-a_8740.pdf","title":"scissor lift da ds35hg a 8740","thumbnail":"https:\/\/dev.codekraft.it\/rotary-2024\/wp-content\/uploads\/brb_media\/00407623_scissor-lift-da_ds35hg-a_8740-pdf-150x106.png","description":""}],"brb_media_manuals":[{"id":375422,"url":"https:\/\/dev.codekraft.it\/rotary-2024\/wp-content\/uploads\/brb_media\/00535409_double-scissor-lift-ds35-om-dc-sp-de-2024-07-rev-c.pdf","title":"double scissor lift ds35 om dc sp de 2024 07 rev c","thumbnail":"https:\/\/dev.codekraft.it\/rotary-2024\/wp-content\/uploads\/brb_media\/00535409_double-scissor-lift-ds35-om-dc-sp-de-2024-07-rev-c-pdf-116x150.png","description":""},{"id":350519,"url":"https:\/\/dev.codekraft.it\/rotary-2024\/wp-content\/uploads\/brb_media\/00479456_double-scissor-lift-ds35-om-sp-en-2021-10-screen.pdf","title":"Double Scissor Lift DS35 OM SP en 2021 10 screen","thumbnail":"https:\/\/dev.codekraft.it\/rotary-2024\/wp-content\/uploads\/brb_media\/00479456_double-scissor-lift-ds35-om-sp-en-2021-10-screen-pdf-116x150.png","description":""},{"id":375423,"url":"https:\/\/dev.codekraft.it\/rotary-2024\/wp-content\/uploads\/brb_media\/00535410_double-scissor-lift-ds35-om-dc-sp-fr-2024-07-rev-c.pdf","title":"double scissor lift ds35 om dc sp fr 2024 07 rev c","thumbnail":"https:\/\/dev.codekraft.it\/rotary-2024\/wp-content\/uploads\/brb_media\/00535410_double-scissor-lift-ds35-om-dc-sp-fr-2024-07-rev-c-pdf-106x150.png","description":""},{"id":350520,"url":"https:\/\/dev.codekraft.it\/rotary-2024\/wp-content\/uploads\/brb_media\/00479457_double-scissor-lift-ds35-om-sp-it-2021-10-screen.pdf","title":"Double Scissor Lift DS35 OM SP it 2021 10 screen","thumbnail":"https:\/\/dev.codekraft.it\/rotary-2024\/wp-content\/uploads\/brb_media\/00479457_double-scissor-lift-ds35-om-sp-it-2021-10-screen-pdf-116x150.png","description":""}],"brb_media_safety_datasheets":"","brb_media_spare_parts":[],"_cdmm_p_id":"471103","_company":"Elektron","_gtin":"5063084195593","accessories":[{"id":378924,"cdmm_p_id":"418367","name":"Kit di alimentazione 230 V","description":"","thumbnail":"https:\/\/dev.codekraft.it\/rotary-2024\/wp-content\/uploads\/brb_media\/00287569_ds-35-power-kit-230v-mi-150x150.png","url":"https:\/\/dev.codekraft.it\/rotary-2024\/it\/prodotti\/accessori-ponti-sollevatori-it\/accessori-ponti-sollevatori-a-doppia-forbice-it\/kit-di-alimentazione-230-v\/"},{"id":379521,"cdmm_p_id":"471105","name":"Kit di rampe di salita per DS32\/35 CAT","description":"Lunghe, 860 mm, zincato a caldo e rivestito a polvere | per auto sportive | 1 set \/ 4 pezzi","thumbnail":"https:\/\/dev.codekraft.it\/rotary-2024\/wp-content\/uploads\/brb_media\/00287551-150x150.png","url":"https:\/\/dev.codekraft.it\/rotary-2024\/it\/prodotti\/accessori-ponti-sollevatori-it\/accessori-ponti-sollevatori-a-doppia-forbice-it\/kit-di-rampe-di-salita-per-ds32-35-cat\/"},{"id":379527,"cdmm_p_id":"471109","name":"Tamponi in gomma Piramide troncata","description":"30 mm, con rivestimenti ritentivi | 1 set \/ 4 pezzi","thumbnail":"https:\/\/dev.codekraft.it\/rotary-2024\/wp-content\/uploads\/brb_media\/00392090-150x150.png","url":"https:\/\/dev.codekraft.it\/rotary-2024\/it\/prodotti\/accessori-ponti-sollevatori-it\/accessori-ponti-sollevatori-a-doppia-forbice-it\/tamponi-in-gomma-piramide-troncata\/"},{"id":379533,"cdmm_p_id":"471110","name":"Tamponi in gomma Piramide troncata","description":"70 mm, con rivestimenti ritentivi | 1 set \/ 4 pezzi","thumbnail":"https:\/\/dev.codekraft.it\/rotary-2024\/wp-content\/uploads\/brb_media\/00392091_scissor-lift-ds-32-70-mm-rubber-pad-di-150x150.png","url":"https:\/\/dev.codekraft.it\/rotary-2024\/it\/prodotti\/accessori-ponti-sollevatori-it\/accessori-ponti-sollevatori-a-doppia-forbice-it\/tamponi-in-gomma-piramide-troncata-2\/"},{"id":381191,"cdmm_p_id":"497233","name":"Kit da incasso DS32\/35, con telaio","description":"Telaio di montaggio (zincato) e scatole di appoggio per rampe a scomparsa","thumbnail":"https:\/\/dev.codekraft.it\/rotary-2024\/wp-content\/uploads\/brb_media\/00489191_xx100003-mi-150x150.jpg","url":"https:\/\/dev.codekraft.it\/rotary-2024\/it\/prodotti\/accessori-ponti-sollevatori-it\/accessori-ponti-sollevatori-a-doppia-forbice-it\/kit-da-incasso-ds32-35-con-telaio\/"},{"id":381185,"cdmm_p_id":"497232","name":"Kit da incasso DS32\/35, senza telaio, ZP+7012","description":"Scatole di appoggio per rampe a scomparsa per installazione a incasso","thumbnail":"https:\/\/dev.codekraft.it\/rotary-2024\/wp-content\/uploads\/brb_media\/00489190_xx100014zpbg-mi-150x150.jpg","url":"https:\/\/dev.codekraft.it\/rotary-2024\/it\/prodotti\/accessori-ponti-sollevatori-it\/accessori-ponti-sollevatori-a-doppia-forbice-it\/kit-da-incasso-ds32-35-senza-telaio-zp-7012\/"},{"id":381179,"cdmm_p_id":"497231","name":"Set di traverse RAL 7016","description":"2 traverse e 4 adattatori (1 set)","thumbnail":"https:\/\/dev.codekraft.it\/rotary-2024\/wp-content\/uploads\/brb_media\/00489189_xx100050cg-mi-150x150.jpg","url":"https:\/\/dev.codekraft.it\/rotary-2024\/it\/prodotti\/accessori-ponti-sollevatori-it\/accessori-ponti-sollevatori-a-doppia-forbice-it\/set-di-traverse-ral-7016\/"},{"id":381197,"cdmm_p_id":"497234","name":"Set di prolunghe per tubi flessibili DS32\/35 | 1 m | incl. copertura tubo flessibile","description":"","thumbnail":"","url":"https:\/\/dev.codekraft.it\/rotary-2024\/it\/prodotti\/accessori-ponti-sollevatori-it\/accessori-ponti-sollevatori-a-doppia-forbice-it\/set-di-prolunghe-per-tubi-flessibili-ds32-35-1-m-incl-copertura-tubo-flessibile\/"}],"components":[],"related":[],"similar":[{"id":379033,"cdmm_p_id":"429583","name":"Ponte sollevatore a doppia forbice DS32","description":"3,2 t, elettroidraulico","thumbnail":"https:\/\/dev.codekraft.it\/rotary-2024\/wp-content\/uploads\/brb_media\/00391097_scissor-lift-ds-32-mi-150x150.png","url":"https:\/\/dev.codekraft.it\/rotary-2024\/it\/prodotti\/ponti-sollevatori-it\/ponti-sollevatori-a-doppia-forbice-it\/ponte-sollevatore-a-doppia-forbice-ds32\/"}],"lang":"it","translations":{"it":379515,"en":379512,"de":379513,"fr":379514,"es":379516,"ru":379517},"pll_sync_post":[],"_links":{"self":[{"href":"https:\/\/dev.codekraft.it\/rotary-2024\/wp-json\/wp\/v2\/product\/379515","targetHints":{"allow":["GET"]}}],"collection":[{"href":"https:\/\/dev.codekraft.it\/rotary-2024\/wp-json\/wp\/v2\/product"}],"about":[{"href":"https:\/\/dev.codekraft.it\/rotary-2024\/wp-json\/wp\/v2\/types\/product"}],"wp:featuredmedia":[{"embeddable":true,"href":"https:\/\/dev.codekraft.it\/rotary-2024\/wp-json\/wp\/v2\/media\/351408"}],"wp:attachment":[{"href":"https:\/\/dev.codekraft.it\/rotary-2024\/wp-json\/wp\/v2\/media?parent=379515"}],"wp:term":[{"taxonomy":"product_cat","embeddable":true,"href":"https:\/\/dev.codekraft.it\/rotary-2024\/wp-json\/wp\/v2\/product_cat?post=379515"},{"taxonomy":"product_tag","embeddable":true,"href":"https:\/\/dev.codekraft.it\/rotary-2024\/wp-json\/wp\/v2\/product_tag?post=379515"},{"taxonomy":"product_approvals","embeddable":true,"href":"https:\/\/dev.codekraft.it\/rotary-2024\/wp-json\/wp\/v2\/product_approvals?post=379515"},{"taxonomy":"product_application","embeddable":true,"href":"https:\/\/dev.codekraft.it\/rotary-2024\/wp-json\/wp\/v2\/product_application?post=379515"}],"curies":[{"name":"wp","href":"https:\/\/api.w.org\/{rel}","templated":true}]}}