{"id":379477,"date":"2025-12-11T10:04:37","date_gmt":"2025-12-11T10:04:37","guid":{"rendered":"https:\/\/dev.codekraft.it\/rotary-2024\/products\/uncategorized\/radgreifanlage-artislift-mrg-55-6\/"},"modified":"2025-12-11T10:04:37","modified_gmt":"2025-12-11T10:04:37","slug":"radgreifanlage-artislift-mrg-55-6","status":"publish","type":"product","link":"https:\/\/dev.codekraft.it\/rotary-2024\/produkte\/hebebuhnen-de\/radgreifanlagen-de\/radgreifanlage-artislift-mrg-55-6\/","title":{"rendered":"Radgreifanlage ArtisLift MRG-55-6"},"content":{"rendered":"<p>Elektromechanische, mobile Radgreifer f\u00fcr Lkws und Busse. Je nach Ausf\u00fchrung f\u00fcr den Einsatz in der Werkstatt oder im Freien m\u00f6glich.<\/p>\n<ul>\n<li>Elektronische Gleichlaufregelung mit automatischer Not-Halt-Einrichtung<\/li>\n<li>Sicherheitseinrichtung sch\u00fctzt jeden Radgreifer bei Hubmutterverschlei\u00df<\/li>\n<\/ul>\n<ul>\n<li>Konfigurierbare S\u00e4ulens\u00e4tze 4, 6 oder 8 (nachtr\u00e4glich erweiterbar).<\/li>\n<li>Der gro\u00dfe Grundrahmen an der Hubs\u00e4ule bietet maximale Standfestigkeit.<\/li>\n<li>An allen Radgreifern l\u00e4sst sich die Anlage mittels Drucktaster anheben oder absenken. Jeder Radgreifer ist mit einer Totmannsteuerung und mit Not-Halt-Taster ausgestattet.<\/li>\n<li>Pro Radgreifer eine\u00a0mechanische Deichsel.<\/li>\n<\/ul>\n<ul>\n<li>Eine rollgeh\u00e4rtete Spindel aus Spezial\u00adstahl, in Verbindung mit einer dauergeschmierten Bronze\u00admutter, garantiert ein H\u00f6chstma\u00df an \u00adSicherheit und eine lange \u00adLebensdauer.<\/li>\n<li>Absolut verschlei\u00dffeste Ertalon-Gleitst\u00fccke in jedem Hubwagen gew\u00e4hrleisten max. Stabilit\u00e4t bei jeder Lage der Last.<\/li>\n<li>Am Hauptradgreifer lassen sich verschiedene Betriebsarten wie Gesamtfahrt, Singlebetrieb oder Paarweise einfach anw\u00e4hlen (f\u00fcr MRG-55\u00a0\/\u00a0MRG-70).<\/li>\n<li>Alle Motoren verf\u00fcgen \u00fcber einen Thermoschutz. Gefertigt nach EN1493. Automatische Bestimmung der Phasen.<\/li>\n<li>Im Arbeitsbereich unter dem Fahrzeug liegen keine st\u00f6renden Leitungen.<\/li>\n<li>Optionale justierbare Radgabel oder leicht aufsetzbare Radaufnahmeadapter verf\u00fcgbar.<\/li>\n<li>Steckverbindung mit Elektro\u00adkabel von Radgreifer zu Radgreifer erm\u00f6glicht kurze R\u00fcstzeiten.<\/li>\n<li>Selbstbremsender, direkt mit der Hubspindel verbundener, Getriebemotor.<\/li>\n<li>Die Hubwagen-Stahlrollen sind mit selbstschmierenden, wartungsfreien Lagern ausgestattet.<\/li>\n<\/ul>\n","protected":false},"excerpt":{"rendered":"<p>6 x 5,5 t, elektromechanisch, kabelgebunden, Hubspindel, mobil, f\u00fcr Transporter und Lkw<\/p>\n","protected":false},"featured_media":351333,"template":"","meta":[],"product_cat":[1033804],"product_tag":[1034260,1034143,1034126,1034178,1034195],"product_approvals":[],"product_application":[],"class_list":{"0":"post-379477","1":"product","2":"type-product","3":"status-publish","4":"has-post-thumbnail","6":"product_cat-radgreifanlagen-de","7":"product_tag-anhanger-de","8":"product_tag-buses-de","9":"product_tag-trucks-de","10":"product_tag-light-commercial-de","11":"product_tag-motor-homes-de","13":"first","14":"instock","15":"shipping-taxable","16":"product-type-simple"},"approvals":[],"application":[],"brb_media_brochure":[{"id":351334,"url":"https:\/\/dev.codekraft.it\/rotary-2024\/wp-content\/uploads\/brb_media\/00481635_mobile-column-lift-artislift-br-124552-de-2021-12-screen.pdf","title":"Mobile column lift ArtisLift BR 124552 de 2021 12 screen","thumbnail":"https:\/\/dev.codekraft.it\/rotary-2024\/wp-content\/uploads\/brb_media\/00481635_mobile-column-lift-artislift-br-124552-de-2021-12-screen-pdf-106x150.png","description":""},{"id":351335,"url":"https:\/\/dev.codekraft.it\/rotary-2024\/wp-content\/uploads\/brb_media\/00481636_mobile-column-lift-artislift-br-124553-en-2021-12-screen.pdf","title":"Mobile column lift ArtisLift BR 124553 en 2021 12 screen","thumbnail":"https:\/\/dev.codekraft.it\/rotary-2024\/wp-content\/uploads\/brb_media\/00481636_mobile-column-lift-artislift-br-124553-en-2021-12-screen-pdf-106x150.png","description":""},{"id":351336,"url":"https:\/\/dev.codekraft.it\/rotary-2024\/wp-content\/uploads\/brb_media\/00481637_mobile-column-lift-artislift-br-124554-fr-2021-12-screen.pdf","title":"Mobile column lift ArtisLift BR 124554 fr 2021 12 screen","thumbnail":"https:\/\/dev.codekraft.it\/rotary-2024\/wp-content\/uploads\/brb_media\/00481637_mobile-column-lift-artislift-br-124554-fr-2021-12-screen-pdf-106x150.png","description":""},{"id":351337,"url":"https:\/\/dev.codekraft.it\/rotary-2024\/wp-content\/uploads\/brb_media\/00481638_mobile-column-lift-artislift-br-124555-it-2021-12-screen.pdf","title":"Mobile column lift ArtisLift BR 124555 it 2021 12 screen","thumbnail":"https:\/\/dev.codekraft.it\/rotary-2024\/wp-content\/uploads\/brb_media\/00481638_mobile-column-lift-artislift-br-124555-it-2021-12-screen-pdf-106x150.png","description":""},{"id":351338,"url":"https:\/\/dev.codekraft.it\/rotary-2024\/wp-content\/uploads\/brb_media\/00481639_mobile-column-lift-artislift-br-124556-es-2021-12-screen.pdf","title":"Mobile column lift ArtisLift BR 124556 es 2021 12 screen","thumbnail":"https:\/\/dev.codekraft.it\/rotary-2024\/wp-content\/uploads\/brb_media\/00481639_mobile-column-lift-artislift-br-124556-es-2021-12-screen-pdf-106x150.png","description":""},{"id":351339,"url":"https:\/\/dev.codekraft.it\/rotary-2024\/wp-content\/uploads\/brb_media\/00481640_mobile-column-lift-artislift-br-124557-ru-2021-12-screen.pdf","title":"Mobile column lift ArtisLift BR 124557 ru 2021 12 screen","thumbnail":"https:\/\/dev.codekraft.it\/rotary-2024\/wp-content\/uploads\/brb_media\/00481640_mobile-column-lift-artislift-br-124557-ru-2021-12-screen-pdf-106x150.png","description":""}],"brb_media_drawing":"","brb_media_manuals":[{"id":379469,"url":"https:\/\/dev.codekraft.it\/rotary-2024\/wp-content\/uploads\/brb_media\/00536833_mobile-column-lift-mrg-55-4-6-8-om-0525-m024-1-rev1-multi-2025-02.pdf","title":"mobile column lift mrg 55 4 6 8 om 0525 m024 1 rev1 multi 2025 02","thumbnail":"https:\/\/dev.codekraft.it\/rotary-2024\/wp-content\/uploads\/brb_media\/00536833_mobile-column-lift-mrg-55-4-6-8-om-0525-m024-1-rev1-multi-2025-02-pdf-106x150.png","description":""}],"brb_media_safety_datasheets":"","brb_media_spare_parts":[],"_cdmm_p_id":"468560","_company":"Elektron","_gtin":"4057612666854","accessories":[{"id":382150,"cdmm_p_id":"499827","name":"Radgabelverl\u00e4ngerung f\u00fcr ArtisLift MRG55","description":"L\u00e4nge ca. 123 mm | Reduzierung der Tragf\u00e4higkeit auf 5 t | 1 Satz (f\u00fcr 1 Radgreifers\u00e4ule)","thumbnail":"https:\/\/dev.codekraft.it\/rotary-2024\/wp-content\/uploads\/brb_media\/00535685_mobile-columns-s270a5-mi-150x150.png","url":"https:\/\/dev.codekraft.it\/rotary-2024\/produkte\/zubehor-hebebuhnen-de\/zubehor-radgreifanlagen-de\/radgabelverlangerung-fur-artislift-mrg55\/"},{"id":382739,"cdmm_p_id":"501900","name":"Quertraverse f\u00fcr ArtisLift MRG55","description":"15 t","thumbnail":"https:\/\/dev.codekraft.it\/rotary-2024\/wp-content\/uploads\/brb_media\/00507074_s260a5-150x150.png","url":"https:\/\/dev.codekraft.it\/rotary-2024\/produkte\/zubehor-hebebuhnen-de\/zubehor-radgreifanlagen-de\/quertraverse-fur-artislift-mrg55\/"},{"id":382156,"cdmm_p_id":"499829","name":"Radgabel f\u00fcr ArtisLift MRG55","description":"Verstellbar, Rad-\u00d8 500 - 1200 mm | werkseitig montiert - nicht nachr\u00fcstbar | 1 St\u00fcck","thumbnail":"https:\/\/dev.codekraft.it\/rotary-2024\/wp-content\/uploads\/brb_media\/00507072_var210-220-f-150x150.png","url":"https:\/\/dev.codekraft.it\/rotary-2024\/produkte\/zubehor-hebebuhnen-de\/zubehor-radgreifanlagen-de\/radgabel-fur-artislift-mrg55\/"},{"id":382136,"cdmm_p_id":"499828","name":"Radgabelreduzierung f\u00fcr Radgreifanlagen | Reifen-\u00d8 800 &#8211; 700 mm","description":"Reduzierung der Radgabel f\u00fcr Reifen von \u00d8 800 mm auf \u00d8 700 mm | 1 St\u00fcck\/pro S\u00e4ule","thumbnail":"https:\/\/dev.codekraft.it\/rotary-2024\/wp-content\/uploads\/brb_media\/00535683_mobile-columns-s270a4-s270a8-mi-150x150.png","url":"https:\/\/dev.codekraft.it\/rotary-2024\/produkte\/zubehor-hebebuhnen-de\/zubehor-radgreifanlagen-de\/radgabelreduzierung-fur-radgreifanlagen-reifen-o-800-700-mm\/"},{"id":383498,"cdmm_p_id":"502177","name":"Radgabelreduzierung f\u00fcr Radgreifanlagen | Reifen-\u00d8 700 &#8211; 500 mm","description":"Reduzierung der Radgabel f\u00fcr Reifen von \u00d8 700 mm auf \u00d8 500 mm | 1 St\u00fcck\/pro S\u00e4ule","thumbnail":"https:\/\/dev.codekraft.it\/rotary-2024\/wp-content\/uploads\/brb_media\/00535683_mobile-columns-s270a4-s270a8-mi-150x150.png","url":"https:\/\/dev.codekraft.it\/rotary-2024\/produkte\/zubehor-hebebuhnen-de\/zubehor-radgreifanlagen-de\/radgabelreduzierung-fur-radgreifanlagen-reifen-o-700-500-mm\/"},{"id":383505,"cdmm_p_id":"502179","name":"Radgabelreduzierung f\u00fcr Radgreifanlagen | Reifen-\u00d8 900 &#8211; 800 mm","description":"Reduzierung der Radgabel f\u00fcr Reifen von \u00d8 900 mm auf \u00d8 800 mm | 1 St\u00fcck\/pro S\u00e4ule","thumbnail":"https:\/\/dev.codekraft.it\/rotary-2024\/wp-content\/uploads\/brb_media\/00535684_mobile-columns-s270a3-mi-150x150.png","url":"https:\/\/dev.codekraft.it\/rotary-2024\/produkte\/zubehor-hebebuhnen-de\/zubehor-radgreifanlagen-de\/radgabelreduzierung-fur-radgreifanlagen-reifen-o-900-800-mm\/"},{"id":383781,"cdmm_p_id":"502295","name":"Hydraulische Hubdeichsel f\u00fcr ArtisLift MRG-55","description":"Hydraulischer Hubwagen, werkseitig montiert anstelle der serienm\u00e4\u00dfigen mechanische Deichsel | 1 St\u00fcck","thumbnail":"https:\/\/dev.codekraft.it\/rotary-2024\/wp-content\/uploads\/brb_media\/00380370_mobile-column-lift-artislift-hydraulic-drawbar-di-150x150.png","url":"https:\/\/dev.codekraft.it\/rotary-2024\/produkte\/zubehor-hebebuhnen-de\/zubehor-radgreifanlagen-de\/hydraulische-hubdeichsel-fur-artislift-mrg-55\/"},{"id":380383,"cdmm_p_id":"483488","name":"MRG-Kit f\u00fcr ArtisLift MRG-55","description":"10 m Netzzuleitungskabel mit CEE-Stecker, inkl. 1 l Spindel\u00f6l | 1 Satz - nur g\u00fcltig f\u00fcr ArtisLift MRG-55 mit 4 Hubeinheiten, bei Erweiterung zu einem 6er- oder 8er-Satz m\u00fcssen 2 St\u00fcck bestellt werden","thumbnail":"https:\/\/dev.codekraft.it\/rotary-2024\/wp-content\/uploads\/brb_media\/00436997_artislift-mrg55-kit-cable-plug-di-150x150.png","url":"https:\/\/dev.codekraft.it\/rotary-2024\/produkte\/zubehor-hebebuhnen-de\/zubehor-radgreifanlagen-de\/mrg-kit-fur-artislift-mrg-55\/"},{"id":384010,"cdmm_p_id":"501896","name":"Abst\u00fctzbock","description":"7500 kg, 1330 - 2030 mm, in 7 x 100-mm-Schritten h\u00f6henverstellbar, 2 Rollen, U-Aufnahme | Grau (RAL 7040)","thumbnail":"https:\/\/dev.codekraft.it\/rotary-2024\/wp-content\/uploads\/brb_media\/00535518_mobile-columns-s260a1-mi-150x150.png","url":"https:\/\/dev.codekraft.it\/rotary-2024\/produkte\/zubehor-hebebuhnen-de\/zubehor-radgreifanlagen-de\/abstutzbock-3\/"},{"id":382948,"cdmm_p_id":"501929","name":"Abst\u00fctzbock","description":"10000 kg, 1235 - 2040 mm, in 6 x 100-mm-Schritten h\u00f6henverstellbar, stufenlos verstellbares Oberteil (115 mm), 3 federnde Rollen, U-Aufnahme und Prisma-Aufnahme (wechselbar), fertig montiert | Grau (RAL 7040)","thumbnail":"https:\/\/dev.codekraft.it\/rotary-2024\/wp-content\/uploads\/brb_media\/00535520_mobile-columns-s270a2-mi-150x150.png","url":"https:\/\/dev.codekraft.it\/rotary-2024\/produkte\/zubehor-hebebuhnen-de\/zubehor-radgreifanlagen-de\/abstutzbock-2\/"},{"id":382721,"cdmm_p_id":"501897","name":"Abst\u00fctzbock","description":"10000 kg, 1235 - 2040 mm, in 6 x 100-mm-Schritten h\u00f6henverstellbar, stufenlos verstellbares Oberteil (115 mm), 2 Rollen, U-Aufnahme und Prisma-Aufnahme (wechselbar) | Grau (RAL 7040)","thumbnail":"https:\/\/dev.codekraft.it\/rotary-2024\/wp-content\/uploads\/brb_media\/00535519_mobile-columns-s270a1-mi-150x150.png","url":"https:\/\/dev.codekraft.it\/rotary-2024\/produkte\/zubehor-hebebuhnen-de\/zubehor-radgreifanlagen-de\/abstutzbock\/"}],"components":[],"related":[],"similar":[{"id":379471,"cdmm_p_id":"468556","name":"Radgreifanlage ArtisLift MRG-55-4","description":"4 x 5,5 t, elektromechanisch, kabelgebunden, Hubspindel, mobil, f\u00fcr Transporter und Lkw","thumbnail":"https:\/\/dev.codekraft.it\/rotary-2024\/wp-content\/uploads\/brb_media\/00371202_mobile-column-lift-artislift-mrg25-4-camper-mi-150x150.png","url":"https:\/\/dev.codekraft.it\/rotary-2024\/produkte\/hebebuhnen-de\/radgreifanlagen-de\/radgreifanlage-artislift-mrg-55-4\/"},{"id":379483,"cdmm_p_id":"468561","name":"Radgreifanlage ArtisLift MRG-55-8","description":"8 x 5,5 t, elektromechanisch, kabelgebunden, Hubspindel, mobil, f\u00fcr Transporter und Lkw","thumbnail":"https:\/\/dev.codekraft.it\/rotary-2024\/wp-content\/uploads\/brb_media\/00371202_mobile-column-lift-artislift-mrg25-4-camper-mi-150x150.png","url":"https:\/\/dev.codekraft.it\/rotary-2024\/produkte\/hebebuhnen-de\/radgreifanlagen-de\/radgreifanlage-artislift-mrg-55-8\/"}],"lang":"de","translations":{"de":379477,"en":379476,"fr":379478,"it":379479,"es":379480,"ru":379481},"pll_sync_post":[],"_links":{"self":[{"href":"https:\/\/dev.codekraft.it\/rotary-2024\/wp-json\/wp\/v2\/product\/379477","targetHints":{"allow":["GET"]}}],"collection":[{"href":"https:\/\/dev.codekraft.it\/rotary-2024\/wp-json\/wp\/v2\/product"}],"about":[{"href":"https:\/\/dev.codekraft.it\/rotary-2024\/wp-json\/wp\/v2\/types\/product"}],"wp:featuredmedia":[{"embeddable":true,"href":"https:\/\/dev.codekraft.it\/rotary-2024\/wp-json\/wp\/v2\/media\/351333"}],"wp:attachment":[{"href":"https:\/\/dev.codekraft.it\/rotary-2024\/wp-json\/wp\/v2\/media?parent=379477"}],"wp:term":[{"taxonomy":"product_cat","embeddable":true,"href":"https:\/\/dev.codekraft.it\/rotary-2024\/wp-json\/wp\/v2\/product_cat?post=379477"},{"taxonomy":"product_tag","embeddable":true,"href":"https:\/\/dev.codekraft.it\/rotary-2024\/wp-json\/wp\/v2\/product_tag?post=379477"},{"taxonomy":"product_approvals","embeddable":true,"href":"https:\/\/dev.codekraft.it\/rotary-2024\/wp-json\/wp\/v2\/product_approvals?post=379477"},{"taxonomy":"product_application","embeddable":true,"href":"https:\/\/dev.codekraft.it\/rotary-2024\/wp-json\/wp\/v2\/product_application?post=379477"}],"curies":[{"name":"wp","href":"https:\/\/api.w.org\/{rel}","templated":true}]}}