{"id":379468,"date":"2025-12-12T14:53:36","date_gmt":"2025-12-12T14:53:36","guid":{"rendered":"https:\/\/dev.codekraft.it\/rotary-2024\/products\/uncategorized\/mobile-column-lift-artislift-mrg-55-4\/"},"modified":"2025-12-12T14:53:36","modified_gmt":"2025-12-12T14:53:36","slug":"mobile-column-lift-artislift-mrg-55-4","status":"publish","type":"product","link":"https:\/\/dev.codekraft.it\/rotary-2024\/en\/products\/lifts-en\/mobile-column-lifts-en\/mobile-column-lift-artislift-mrg-55-4\/","title":{"rendered":"Mobile column lift ArtisLift MRG-55-4"},"content":{"rendered":"<p>Electromechanical mobile column lifts for trucks, buses. Depending on the version, use is possible in the \u00adworkshop or outdoors.<\/p>\n<ul>\n<li>Electronic synchronization control with automatic emergency stop device<\/li>\n<li>Each mobile column is equipped with a safety device in case of lift nut wear<\/li>\n<\/ul>\n<ul>\n<li>Configurable column sets 4, 6 or 8 (subsequently expandable).<\/li>\n<li>The large base frame at the lift column offers max. stability.<\/li>\n<li>On all mobile column, the installation can be raised or lowered via push buttons. Each mobile column is equipped with dead-man control and an emergency stop push-button.<\/li>\n<li>One mechanical drawbar per wheel gripper.<\/li>\n<\/ul>\n<ul>\n<li>Roll-handled spindle made of stainless steel in connection with a permanently lubricated bronze nut guarantees a maximum of safety and a long life.<\/li>\n<li>Absolutely wear-proof Ertalon sliders in each lift truck guarantee max. stability with each positioning of the load.<\/li>\n<li>Different operation modes like total operation, single operation, or operation in pairs can be selected easily at the main mobile column. Only MRG-55 \/ MRG-70<\/li>\n<li>All motors have thermal protection. Manufactured according to EN1493. Automatic determination of the phases.<\/li>\n<li>There are no interfering lines in the work area under the vehicle.<\/li>\n<li>Adjustable wheel fork or easily attachable wheel support adapters available.<\/li>\n<li>Plug connection with electric cable from mobile column to mobile column permits short setup times.<\/li>\n<li>Self-braking gear motor connected directly to the lift spindle.<\/li>\n<li>The lift truck steel rollers are equipped with self-lubricating, maintenance-free bearings.<\/li>\n<\/ul>\n","protected":false},"excerpt":{"rendered":"<p>4 x 5.5 t, electromechanical, cable-bound, lift spindle, mobile, transporter and truck<\/p>\n","protected":false},"featured_media":351333,"template":"","meta":[],"product_cat":[1033800],"product_tag":[1034140,1034175,1034192,1034243,1034123],"product_approvals":[],"product_application":[],"class_list":{"0":"post-379468","1":"product","2":"type-product","3":"status-publish","4":"has-post-thumbnail","6":"product_cat-mobile-column-lifts-en","7":"product_tag-buses-en","8":"product_tag-light-commercial-en","9":"product_tag-motor-homes-en","10":"product_tag-trailer-en","11":"product_tag-trucks-en","13":"first","14":"instock","15":"shipping-taxable","16":"product-type-simple"},"approvals":[],"application":[],"brb_media_brochure":[{"id":351334,"url":"https:\/\/dev.codekraft.it\/rotary-2024\/wp-content\/uploads\/brb_media\/00481635_mobile-column-lift-artislift-br-124552-de-2021-12-screen.pdf","title":"Mobile column lift ArtisLift BR 124552 de 2021 12 screen","thumbnail":"https:\/\/dev.codekraft.it\/rotary-2024\/wp-content\/uploads\/brb_media\/00481635_mobile-column-lift-artislift-br-124552-de-2021-12-screen-pdf-106x150.png","description":""},{"id":351335,"url":"https:\/\/dev.codekraft.it\/rotary-2024\/wp-content\/uploads\/brb_media\/00481636_mobile-column-lift-artislift-br-124553-en-2021-12-screen.pdf","title":"Mobile column lift ArtisLift BR 124553 en 2021 12 screen","thumbnail":"https:\/\/dev.codekraft.it\/rotary-2024\/wp-content\/uploads\/brb_media\/00481636_mobile-column-lift-artislift-br-124553-en-2021-12-screen-pdf-106x150.png","description":""},{"id":351336,"url":"https:\/\/dev.codekraft.it\/rotary-2024\/wp-content\/uploads\/brb_media\/00481637_mobile-column-lift-artislift-br-124554-fr-2021-12-screen.pdf","title":"Mobile column lift ArtisLift BR 124554 fr 2021 12 screen","thumbnail":"https:\/\/dev.codekraft.it\/rotary-2024\/wp-content\/uploads\/brb_media\/00481637_mobile-column-lift-artislift-br-124554-fr-2021-12-screen-pdf-106x150.png","description":""},{"id":351337,"url":"https:\/\/dev.codekraft.it\/rotary-2024\/wp-content\/uploads\/brb_media\/00481638_mobile-column-lift-artislift-br-124555-it-2021-12-screen.pdf","title":"Mobile column lift ArtisLift BR 124555 it 2021 12 screen","thumbnail":"https:\/\/dev.codekraft.it\/rotary-2024\/wp-content\/uploads\/brb_media\/00481638_mobile-column-lift-artislift-br-124555-it-2021-12-screen-pdf-106x150.png","description":""},{"id":351338,"url":"https:\/\/dev.codekraft.it\/rotary-2024\/wp-content\/uploads\/brb_media\/00481639_mobile-column-lift-artislift-br-124556-es-2021-12-screen.pdf","title":"Mobile column lift ArtisLift BR 124556 es 2021 12 screen","thumbnail":"https:\/\/dev.codekraft.it\/rotary-2024\/wp-content\/uploads\/brb_media\/00481639_mobile-column-lift-artislift-br-124556-es-2021-12-screen-pdf-106x150.png","description":""},{"id":351339,"url":"https:\/\/dev.codekraft.it\/rotary-2024\/wp-content\/uploads\/brb_media\/00481640_mobile-column-lift-artislift-br-124557-ru-2021-12-screen.pdf","title":"Mobile column lift ArtisLift BR 124557 ru 2021 12 screen","thumbnail":"https:\/\/dev.codekraft.it\/rotary-2024\/wp-content\/uploads\/brb_media\/00481640_mobile-column-lift-artislift-br-124557-ru-2021-12-screen-pdf-106x150.png","description":""}],"brb_media_drawing":"","brb_media_manuals":[{"id":379469,"url":"https:\/\/dev.codekraft.it\/rotary-2024\/wp-content\/uploads\/brb_media\/00536833_mobile-column-lift-mrg-55-4-6-8-om-0525-m024-1-rev1-multi-2025-02.pdf","title":"mobile column lift mrg 55 4 6 8 om 0525 m024 1 rev1 multi 2025 02","thumbnail":"https:\/\/dev.codekraft.it\/rotary-2024\/wp-content\/uploads\/brb_media\/00536833_mobile-column-lift-mrg-55-4-6-8-om-0525-m024-1-rev1-multi-2025-02-pdf-106x150.png","description":""}],"brb_media_safety_datasheets":"","brb_media_spare_parts":[],"_cdmm_p_id":"468556","_company":"Elektron","_gtin":"4057612666830","accessories":[{"id":382148,"cdmm_p_id":"499827","name":"Wheel fork extension for ArtisLift MRG55","description":"Length approx. 123 mm | load capacity is reduced to 5 t | 1 set (for 1 wheel gripper)","thumbnail":"https:\/\/dev.codekraft.it\/rotary-2024\/wp-content\/uploads\/brb_media\/00535685_mobile-columns-s270a5-mi-150x150.png","url":"https:\/\/dev.codekraft.it\/rotary-2024\/en\/products\/accessories-lifts-en\/accessories-mobile-column-lifts-en\/wheel-fork-extension-for-artislift-mrg55\/"},{"id":382738,"cdmm_p_id":"501900","name":"Cross-beam for ArtisLift MRG55","description":"15 t","thumbnail":"https:\/\/dev.codekraft.it\/rotary-2024\/wp-content\/uploads\/brb_media\/00507074_s260a5-150x150.png","url":"https:\/\/dev.codekraft.it\/rotary-2024\/en\/products\/accessories-lifts-en\/accessories-mobile-column-lifts-en\/cross-beam-for-artislift-mrg55\/"},{"id":382155,"cdmm_p_id":"499829","name":"Wheel fork f\u00fcr ArtisLift MRG55","description":"Adjustable, wheel \u00d8 500 - 1200 mm | factory assembled - cannot be retrofitted | 1 piece","thumbnail":"https:\/\/dev.codekraft.it\/rotary-2024\/wp-content\/uploads\/brb_media\/00507072_var210-220-f-150x150.png","url":"https:\/\/dev.codekraft.it\/rotary-2024\/en\/products\/accessories-lifts-en\/accessories-mobile-column-lifts-en\/wheel-fork-fur-artislift-mrg55\/"},{"id":382134,"cdmm_p_id":"499828","name":"Wheel fork reduction for mobile column lifts | tires \u00d8 800 &#8211; 700 mm","description":"Reduction of the wheel fork for tires from \u00d8 800 mm to \u00d8 700 mm | 1 piece\/per column","thumbnail":"https:\/\/dev.codekraft.it\/rotary-2024\/wp-content\/uploads\/brb_media\/00535683_mobile-columns-s270a4-s270a8-mi-150x150.png","url":"https:\/\/dev.codekraft.it\/rotary-2024\/en\/products\/accessories-lifts-en\/accessories-mobile-column-lifts-en\/wheel-fork-reduction-for-mobile-column-lifts-tires-o-800-700-mm\/"},{"id":383497,"cdmm_p_id":"502177","name":"Wheel fork reduction for mobile column lifts | tires \u00d8 700 &#8211; 500 mm","description":"Reduction of the wheel fork for tires from \u00d8 700 mm to \u00d8 500 mm | 1 piece\/per column","thumbnail":"https:\/\/dev.codekraft.it\/rotary-2024\/wp-content\/uploads\/brb_media\/00535683_mobile-columns-s270a4-s270a8-mi-150x150.png","url":"https:\/\/dev.codekraft.it\/rotary-2024\/en\/products\/accessories-lifts-en\/accessories-mobile-column-lifts-en\/wheel-fork-reduction-for-mobile-column-lifts-tires-o-700-500-mm\/"},{"id":383503,"cdmm_p_id":"502179","name":"Wheel fork reduction for mobile column lifts | tires \u00d8 900 &#8211; 800 mm","description":"Reduction of the wheel fork for tires from \u00d8 900 mm to \u00d8 800 mm | 1 piece\/per column","thumbnail":"https:\/\/dev.codekraft.it\/rotary-2024\/wp-content\/uploads\/brb_media\/00535684_mobile-columns-s270a3-mi-150x150.png","url":"https:\/\/dev.codekraft.it\/rotary-2024\/en\/products\/accessories-lifts-en\/accessories-mobile-column-lifts-en\/wheel-fork-reduction-for-mobile-column-lifts-tires-o-900-800-mm\/"},{"id":383780,"cdmm_p_id":"502295","name":"Hydraulic lifting drawbar for ArtisLift MRG-55","description":"Hydraulic towing jack, factory assembled instead of the standard mechanical drawbar | 1 piece","thumbnail":"https:\/\/dev.codekraft.it\/rotary-2024\/wp-content\/uploads\/brb_media\/00380370_mobile-column-lift-artislift-hydraulic-drawbar-di-150x150.png","url":"https:\/\/dev.codekraft.it\/rotary-2024\/en\/products\/accessories-lifts-en\/accessories-mobile-column-lifts-en\/hydraulic-lifting-drawbar-for-artislift-mrg-55\/"},{"id":380382,"cdmm_p_id":"483488","name":"MRG-Kit for MRG-55","description":"10 m power cable with CEE plug and 1 litre spindle oil | 1 set - only valid for ArtisLift MRG-55 with 4 lifting units, when expanding to a set of 6 or 8, 2 units must be ordered","thumbnail":"https:\/\/dev.codekraft.it\/rotary-2024\/wp-content\/uploads\/brb_media\/00436997_artislift-mrg55-kit-cable-plug-di-150x150.png","url":"https:\/\/dev.codekraft.it\/rotary-2024\/en\/products\/accessories-lifts-en\/accessories-mobile-column-lifts-en\/mrg-kit-for-mrg-55\/"},{"id":384008,"cdmm_p_id":"501896","name":"Support trestle","description":"7500 kg, 1330 - 2030 mm, height adjustable in 7 x 100 mm steps, 2 castors, U-bracket | Grey (RAL 7040)","thumbnail":"https:\/\/dev.codekraft.it\/rotary-2024\/wp-content\/uploads\/brb_media\/00535518_mobile-columns-s260a1-mi-150x150.png","url":"https:\/\/dev.codekraft.it\/rotary-2024\/en\/products\/accessories-lifts-en\/accessories-mobile-column-lifts-en\/support-trestle-3\/"},{"id":382720,"cdmm_p_id":"501897","name":"Support trestle","description":"10000 kg, 1235 - 2040 mm, height adjustable in 6 x 100 mm steps, additionally with infinitely adjustable upper part (115 mm), 2 rollers, U-shaped holder and prismatic holder (interchangeable) | Grey (RAL 7040)","thumbnail":"https:\/\/dev.codekraft.it\/rotary-2024\/wp-content\/uploads\/brb_media\/00535519_mobile-columns-s270a1-mi-150x150.png","url":"https:\/\/dev.codekraft.it\/rotary-2024\/en\/products\/accessories-lifts-en\/accessories-mobile-column-lifts-en\/support-trestle\/"},{"id":382946,"cdmm_p_id":"501929","name":"Support trestle","description":"10000 kg, 1235 - 2040 mm, height adjustable in 6 x 100 mm steps, additionally with infinitely adjustable upper part (115 mm), 3 springy wheels, U-shaped holder and prismatic holder (interchangeable), ready assembled | Grey (RAL 7040)","thumbnail":"https:\/\/dev.codekraft.it\/rotary-2024\/wp-content\/uploads\/brb_media\/00535520_mobile-columns-s270a2-mi-150x150.png","url":"https:\/\/dev.codekraft.it\/rotary-2024\/en\/products\/accessories-lifts-en\/accessories-mobile-column-lifts-en\/support-trestle-2\/"}],"components":[],"related":[],"similar":[{"id":379476,"cdmm_p_id":"468560","name":"Mobile column lift ArtisLift MRG-55-6","description":"6 x 5.5 t, electromechanical, cable-bound, lift spindle, mobile, transporter and trucks","thumbnail":"https:\/\/dev.codekraft.it\/rotary-2024\/wp-content\/uploads\/brb_media\/00371202_mobile-column-lift-artislift-mrg25-4-camper-mi-150x150.png","url":"https:\/\/dev.codekraft.it\/rotary-2024\/en\/products\/lifts-en\/mobile-column-lifts-en\/mobile-column-lift-artislift-mrg-55-6\/"},{"id":379482,"cdmm_p_id":"468561","name":"Mobile column lift ArtisLift MRG-55-8","description":"8 x 5.5 t, electromechanical, cable-bound, lift spindle, mobile, transporter and trucks","thumbnail":"https:\/\/dev.codekraft.it\/rotary-2024\/wp-content\/uploads\/brb_media\/00371202_mobile-column-lift-artislift-mrg25-4-camper-mi-150x150.png","url":"https:\/\/dev.codekraft.it\/rotary-2024\/en\/products\/lifts-en\/mobile-column-lifts-en\/mobile-column-lift-artislift-mrg-55-8\/"}],"lang":"en","translations":{"en":379468,"de":379471,"fr":379472,"it":379473,"es":379474,"ru":379475},"pll_sync_post":[],"_links":{"self":[{"href":"https:\/\/dev.codekraft.it\/rotary-2024\/wp-json\/wp\/v2\/product\/379468","targetHints":{"allow":["GET"]}}],"collection":[{"href":"https:\/\/dev.codekraft.it\/rotary-2024\/wp-json\/wp\/v2\/product"}],"about":[{"href":"https:\/\/dev.codekraft.it\/rotary-2024\/wp-json\/wp\/v2\/types\/product"}],"wp:featuredmedia":[{"embeddable":true,"href":"https:\/\/dev.codekraft.it\/rotary-2024\/wp-json\/wp\/v2\/media\/351333"}],"wp:attachment":[{"href":"https:\/\/dev.codekraft.it\/rotary-2024\/wp-json\/wp\/v2\/media?parent=379468"}],"wp:term":[{"taxonomy":"product_cat","embeddable":true,"href":"https:\/\/dev.codekraft.it\/rotary-2024\/wp-json\/wp\/v2\/product_cat?post=379468"},{"taxonomy":"product_tag","embeddable":true,"href":"https:\/\/dev.codekraft.it\/rotary-2024\/wp-json\/wp\/v2\/product_tag?post=379468"},{"taxonomy":"product_approvals","embeddable":true,"href":"https:\/\/dev.codekraft.it\/rotary-2024\/wp-json\/wp\/v2\/product_approvals?post=379468"},{"taxonomy":"product_application","embeddable":true,"href":"https:\/\/dev.codekraft.it\/rotary-2024\/wp-json\/wp\/v2\/product_application?post=379468"}],"curies":[{"name":"wp","href":"https:\/\/api.w.org\/{rel}","templated":true}]}}