{"id":379394,"date":"2025-12-11T10:10:49","date_gmt":"2025-12-11T10:10:49","guid":{"rendered":"https:\/\/dev.codekraft.it\/rotary-2024\/products\/uncategorized\/mise-a-niveau-du-sol-pour-hdvl-25-35-80-i-galvanise\/"},"modified":"2025-12-11T10:10:49","modified_gmt":"2025-12-11T10:10:49","slug":"mise-a-niveau-du-sol-pour-hdvl-25-35-80-i-galvanise","status":"publish","type":"product","link":"https:\/\/dev.codekraft.it\/rotary-2024\/fr\/produits\/accessoires-ponts-elevateurs-fr\/accessoires-ponts-elevateurs-a-ciseaux-fr\/mise-a-niveau-du-sol-pour-hdvl-25-35-80-i-galvanise\/","title":{"rendered":"Mise \u00e0 niveau du sol pour HDVL 25\/35-80-I | galvanis\u00e9"},"content":{"rendered":"<ul>\n<li>Pour couvrir l&#8217;ouverture dans la fondation lorsque le pont \u00e9l\u00e9vateur est lev\u00e9<\/li>\n<li>S\u00e9curit\u00e9 contre l&#8217;entr\u00e9e involontaire dans la fosse de fondation<\/li>\n<\/ul>\n","protected":false},"excerpt":{"rendered":"<p>Couvercle de s\u00e9curit\u00e9 de l&#8217;ouverture de fondation lorsque la plate-forme \u00e9l\u00e9vatrice est lev\u00e9e, capacit\u00e9 de charge 500 kg, version galvanis\u00e9e \u00e0 chaud | pour \u00e9l\u00e9vateur HDVL avec longueur de plateforme\u00a0de 8 m<\/p>\n","protected":false},"featured_media":351114,"template":"","meta":[],"product_cat":[1033762],"product_tag":[1034145,1034128,1034197,1034180],"product_approvals":[],"product_application":[],"class_list":{"0":"post-379394","1":"product","2":"type-product","3":"status-publish","4":"has-post-thumbnail","6":"product_cat-accessoires-ponts-elevateurs-a-ciseaux-fr","7":"product_tag-buses-fr","8":"product_tag-trucks-fr","9":"product_tag-motor-homes-fr","10":"product_tag-light-commercial-fr","12":"first","13":"instock","14":"shipping-taxable","15":"product-type-simple"},"approvals":[],"application":[],"brb_media_brochure":"","brb_media_drawing":"","brb_media_manuals":"","brb_media_safety_datasheets":"","brb_media_spare_parts":[],"_cdmm_p_id":"467502","_company":"Elektron","_gtin":"4057612669114","accessories":[],"components":[],"related":[],"similar":[],"lang":"fr","translations":{"fr":379394,"en":379392,"de":379393,"it":379395,"es":379396,"ru":379397},"pll_sync_post":[],"_links":{"self":[{"href":"https:\/\/dev.codekraft.it\/rotary-2024\/wp-json\/wp\/v2\/product\/379394","targetHints":{"allow":["GET"]}}],"collection":[{"href":"https:\/\/dev.codekraft.it\/rotary-2024\/wp-json\/wp\/v2\/product"}],"about":[{"href":"https:\/\/dev.codekraft.it\/rotary-2024\/wp-json\/wp\/v2\/types\/product"}],"wp:featuredmedia":[{"embeddable":true,"href":"https:\/\/dev.codekraft.it\/rotary-2024\/wp-json\/wp\/v2\/media\/351114"}],"wp:attachment":[{"href":"https:\/\/dev.codekraft.it\/rotary-2024\/wp-json\/wp\/v2\/media?parent=379394"}],"wp:term":[{"taxonomy":"product_cat","embeddable":true,"href":"https:\/\/dev.codekraft.it\/rotary-2024\/wp-json\/wp\/v2\/product_cat?post=379394"},{"taxonomy":"product_tag","embeddable":true,"href":"https:\/\/dev.codekraft.it\/rotary-2024\/wp-json\/wp\/v2\/product_tag?post=379394"},{"taxonomy":"product_approvals","embeddable":true,"href":"https:\/\/dev.codekraft.it\/rotary-2024\/wp-json\/wp\/v2\/product_approvals?post=379394"},{"taxonomy":"product_application","embeddable":true,"href":"https:\/\/dev.codekraft.it\/rotary-2024\/wp-json\/wp\/v2\/product_application?post=379394"}],"curies":[{"name":"wp","href":"https:\/\/api.w.org\/{rel}","templated":true}]}}