{"id":379238,"date":"2025-12-11T10:11:33","date_gmt":"2025-12-11T10:11:33","guid":{"rendered":"https:\/\/dev.codekraft.it\/rotary-2024\/products\/uncategorized\/regulador-de-carga-2-0\/"},"modified":"2025-12-11T10:11:33","modified_gmt":"2025-12-11T10:11:33","slug":"regulador-de-carga-2-0","status":"publish","type":"product","link":"https:\/\/dev.codekraft.it\/rotary-2024\/es\/productos\/otros-productos-es\/herramientas-especiales-es\/regulador-de-carga-2-0\/","title":{"rendered":"Regulador de carga 2.0"},"content":{"rendered":"","protected":false},"excerpt":{"rendered":"<p>Capacidad de carga 2000 kg | para equilibrar el motor durante la extracci\u00f3n<\/p>\n","protected":false},"featured_media":350880,"template":"","meta":[],"product_cat":[1033418],"product_tag":[1034134],"product_approvals":[],"product_application":[],"class_list":{"0":"post-379238","1":"product","2":"type-product","3":"status-publish","4":"has-post-thumbnail","6":"product_cat-herramientas-especiales-es","7":"product_tag-trucks-es","9":"first","10":"instock","11":"shipping-taxable","12":"product-type-simple"},"approvals":[],"application":[],"brb_media_brochure":[{"id":356550,"url":"https:\/\/dev.codekraft.it\/rotary-2024\/wp-content\/uploads\/brb_media\/00527943_special-tools-br-06-24-de-2024-06-screen.pdf","title":"Special tools BR 06 24 de 2024 06 screen","thumbnail":"https:\/\/dev.codekraft.it\/rotary-2024\/wp-content\/uploads\/brb_media\/00527943_special-tools-br-06-24-de-2024-06-screen-pdf-106x150.png","description":""},{"id":356551,"url":"https:\/\/dev.codekraft.it\/rotary-2024\/wp-content\/uploads\/brb_media\/00527944_special-tools-br-06-24-en-2024-06-screen.pdf","title":"Special tools BR 06 24 en 2024 06 screen","thumbnail":"https:\/\/dev.codekraft.it\/rotary-2024\/wp-content\/uploads\/brb_media\/00527944_special-tools-br-06-24-en-2024-06-screen-pdf-106x150.png","description":""}],"brb_media_drawing":"","brb_media_manuals":"","brb_media_safety_datasheets":"","brb_media_spare_parts":[],"_cdmm_p_id":"466666","_company":"Elektron","_gtin":"4057612621709","accessories":[{"id":378011,"cdmm_p_id":"348","name":"Adaptaci\u00f3n para el volante cDISK","description":"Ajuste positivo por medio de tornillos hexagonales, di\u00e1metro: 450 mm, cromado amarillo, peso: 1,5 kg, capacidad de carga: 80 kg, de paso adicional c\u00edrculo de di\u00e1metro 410 mm + 375 mm","thumbnail":"https:\/\/dev.codekraft.it\/rotary-2024\/wp-content\/uploads\/brb_media\/00023449_cdisk-schwungrad-adaption_web-150x150.png","url":"https:\/\/dev.codekraft.it\/rotary-2024\/es\/productos\/accesorios-otros-productos-es\/accesorios-herramientas-especiales-es\/adaptacion-para-el-volante-cdisk\/"},{"id":378005,"cdmm_p_id":"349","name":"Kit adicional EvoBus cDISK","description":"cromatizado en amarillo, carga admisible: 80 kg","thumbnail":"https:\/\/dev.codekraft.it\/rotary-2024\/wp-content\/uploads\/brb_media\/00023447_cdisk-evobus-zusatzkit_web-150x150.png","url":"https:\/\/dev.codekraft.it\/rotary-2024\/es\/productos\/accesorios-otros-productos-es\/accesorios-herramientas-especiales-es\/kit-adicional-evobus-cdisk\/"},{"id":377477,"cdmm_p_id":"346","name":"Equipo de montaje platos de apriete (cami\u00f3n) cDISK","description":"incl. arco de transporte y brazo de montaje","thumbnail":"https:\/\/dev.codekraft.it\/rotary-2024\/wp-content\/uploads\/brb_media\/00023445_cdisk-druckplatten-montagevorrichtung-lkw_web-150x150.png","url":"https:\/\/dev.codekraft.it\/rotary-2024\/es\/productos\/otros-productos-es\/herramientas-especiales-es\/equipo-de-montaje-platos-de-apriete-camion-cdisk\/"}],"components":[],"related":[],"similar":[],"lang":"es","translations":{"es":379238,"en":379234,"de":379235,"fr":379236,"it":379237,"ru":379239},"pll_sync_post":[],"_links":{"self":[{"href":"https:\/\/dev.codekraft.it\/rotary-2024\/wp-json\/wp\/v2\/product\/379238","targetHints":{"allow":["GET"]}}],"collection":[{"href":"https:\/\/dev.codekraft.it\/rotary-2024\/wp-json\/wp\/v2\/product"}],"about":[{"href":"https:\/\/dev.codekraft.it\/rotary-2024\/wp-json\/wp\/v2\/types\/product"}],"wp:featuredmedia":[{"embeddable":true,"href":"https:\/\/dev.codekraft.it\/rotary-2024\/wp-json\/wp\/v2\/media\/350880"}],"wp:attachment":[{"href":"https:\/\/dev.codekraft.it\/rotary-2024\/wp-json\/wp\/v2\/media?parent=379238"}],"wp:term":[{"taxonomy":"product_cat","embeddable":true,"href":"https:\/\/dev.codekraft.it\/rotary-2024\/wp-json\/wp\/v2\/product_cat?post=379238"},{"taxonomy":"product_tag","embeddable":true,"href":"https:\/\/dev.codekraft.it\/rotary-2024\/wp-json\/wp\/v2\/product_tag?post=379238"},{"taxonomy":"product_approvals","embeddable":true,"href":"https:\/\/dev.codekraft.it\/rotary-2024\/wp-json\/wp\/v2\/product_approvals?post=379238"},{"taxonomy":"product_application","embeddable":true,"href":"https:\/\/dev.codekraft.it\/rotary-2024\/wp-json\/wp\/v2\/product_application?post=379238"}],"curies":[{"name":"wp","href":"https:\/\/api.w.org\/{rel}","templated":true}]}}