{"id":379231,"date":"2025-12-11T10:11:07","date_gmt":"2025-12-11T10:11:07","guid":{"rendered":"https:\/\/dev.codekraft.it\/rotary-2024\/products\/uncategorized\/ponte-sollevatore-a-doppia-forbice-ds35ex\/"},"modified":"2025-12-11T10:11:07","modified_gmt":"2025-12-11T10:11:07","slug":"ponte-sollevatore-a-doppia-forbice-ds35ex","status":"publish","type":"product","link":"https:\/\/dev.codekraft.it\/rotary-2024\/it\/prodotti\/ponti-sollevatori-it\/ponti-sollevatori-a-doppia-forbice-it\/ponte-sollevatore-a-doppia-forbice-ds35ex\/","title":{"rendered":"Ponte sollevatore a doppia forbice DS35EX"},"content":{"rendered":"<p>Il sollevatore a forbice doppio a basso profilo DS35EX \u00e8 stato progettato specificamente per il settore di assistenza e riparazione. La versione EX consente persino il montaggio sicuro di VW T5 \/ T6, Mercedes classe V e Opel Movano (interasse corto) cos\u00ec come di berline di lusso come BMW 7 serie G12.<\/p>\n<ul>\n<li>Montaggio regolabile fino a 2350 mm<\/li>\n<li>Struttura in acciaio decisamente robusta<\/li>\n<\/ul>\n<ul>\n<li>Il sistema idraulico master-slave doppio ridondante rende possibile fornire ulteriori prese di sicurezza. Doppia sicurezza che impedisce il sollevamento e l\u2019abbassamento su un lato.<\/li>\n<li>L\u2019utilizzo semplice del sistema di rimozione \u00e8 possibile con un\u2019installazione a livello del pavimento.<\/li>\n<li>Il design intelligente consente la manipolazione semplice del sistema di estrazione, anche quando il veicolo \u00e8 al di sopra.<\/li>\n<li>Il montaggio su superficie \u00e8 possibile dal momento che la piattaforma ha un\u2019altezza libera bassa.<\/li>\n<li>I cuscinetti in gomma inclusi proteggono in modo affidabile il pianale del veicolo.<\/li>\n<\/ul>\n<ul>\n<li>Il CE\u00adstop fornito in dotazione come standard garantisce la protezione del piede senza deflettore per i piedi, senza deflettore per i piedi. Questo consente anche l\u2019installazione sotto il pavimento.<\/li>\n<li>Il basso spazio in altezza rende pi\u00f9 semplice sollevare veicoli con poca altezza da terra.<\/li>\n<li>La costruzione \u00e8 ideale grazie alla sua massima stabilit\u00e0. Essa \u00e8 composta da solide forbici.<\/li>\n<li>Tutti i cilindri idraulici sono a vite. Questo consente un\u2019assistenza semplificata.<\/li>\n<li>Il sistema completamente idraulico con auto\u00adspurgo integrato assicura un funzio namento affidabile anche in ambienti sporchi.<\/li>\n<li>Le rampe che rimangano in posizione salda sul terreno proteggono le linee idrauliche e consentono un accesso sicuro.<\/li>\n<li>Nel caso di un\u2019interruzione dell\u2019alimentazione elettrica, \u00e8 possibile eseguire un abbassamento di emergenza senza alcun problema.<\/li>\n<\/ul>\n","protected":false},"excerpt":{"rendered":"<p>3,5 t, elettroidraulico<\/p>\n","protected":false},"featured_media":350855,"template":"","meta":[],"product_cat":[1033708],"product_tag":[1034166],"product_approvals":[],"product_application":[],"class_list":{"0":"post-379231","1":"product","2":"type-product","3":"status-publish","4":"has-post-thumbnail","6":"product_cat-ponti-sollevatori-a-doppia-forbice-it","7":"product_tag-passenger-cars-it","9":"first","10":"instock","11":"shipping-taxable","12":"product-type-simple"},"approvals":[],"application":[],"brb_media_brochure":[{"id":350856,"url":"https:\/\/dev.codekraft.it\/rotary-2024\/wp-content\/uploads\/brb_media\/00435045_double-scissor-lift-ds35ex-br-125658-de-2020-04_screen.pdf","title":"double scissor lift ds35ex br 125658 de 2020 04 screen","thumbnail":"https:\/\/dev.codekraft.it\/rotary-2024\/wp-content\/uploads\/brb_media\/00435045_double-scissor-lift-ds35ex-br-125658-de-2020-04_screen-pdf-106x150.png","description":""},{"id":350857,"url":"https:\/\/dev.codekraft.it\/rotary-2024\/wp-content\/uploads\/brb_media\/00435046_double-scissor-lift-ds35ex-br-125659-en-2020-04_screen.pdf","title":"double scissor lift ds35ex br 125659 en 2020 04 screen","thumbnail":"https:\/\/dev.codekraft.it\/rotary-2024\/wp-content\/uploads\/brb_media\/00435046_double-scissor-lift-ds35ex-br-125659-en-2020-04_screen-pdf-106x150.png","description":""},{"id":350858,"url":"https:\/\/dev.codekraft.it\/rotary-2024\/wp-content\/uploads\/brb_media\/00435047_double-scissor-lift-ds35ex-br-125660-fr-2020-04_screen.pdf","title":"double scissor lift ds35ex br 125660 fr 2020 04 screen","thumbnail":"https:\/\/dev.codekraft.it\/rotary-2024\/wp-content\/uploads\/brb_media\/00435047_double-scissor-lift-ds35ex-br-125660-fr-2020-04_screen-pdf-106x150.png","description":""},{"id":350859,"url":"https:\/\/dev.codekraft.it\/rotary-2024\/wp-content\/uploads\/brb_media\/00435049_double-scissor-lift-ds35ex-br-125662-it-2020-04_screen.pdf","title":"double scissor lift ds35ex br 125662 it 2020 04 screen","thumbnail":"https:\/\/dev.codekraft.it\/rotary-2024\/wp-content\/uploads\/brb_media\/00435049_double-scissor-lift-ds35ex-br-125662-it-2020-04_screen-pdf-106x150.png","description":""},{"id":350860,"url":"https:\/\/dev.codekraft.it\/rotary-2024\/wp-content\/uploads\/brb_media\/00435050_double-scissor-lift-ds35ex-br-125661-es-2020-04_screen.pdf","title":"double scissor lift ds35ex br 125661 es 2020 04 screen","thumbnail":"https:\/\/dev.codekraft.it\/rotary-2024\/wp-content\/uploads\/brb_media\/00435050_double-scissor-lift-ds35ex-br-125661-es-2020-04_screen-pdf-106x150.png","description":""},{"id":350861,"url":"https:\/\/dev.codekraft.it\/rotary-2024\/wp-content\/uploads\/brb_media\/00435052_double-scissor-lift-ds35ex-br-125663-ru-2020-04_screen.pdf","title":"double scissor lift ds35ex br 125663 ru 2020 04 screen","thumbnail":"https:\/\/dev.codekraft.it\/rotary-2024\/wp-content\/uploads\/brb_media\/00435052_double-scissor-lift-ds35ex-br-125663-ru-2020-04_screen-pdf-106x150.png","description":""}],"brb_media_drawing":[{"id":350864,"url":"https:\/\/dev.codekraft.it\/rotary-2024\/wp-content\/uploads\/brb_media\/00407439_ds35ex-hg_8537.pdf","title":"ds35ex hg 8537","thumbnail":"https:\/\/dev.codekraft.it\/rotary-2024\/wp-content\/uploads\/brb_media\/00407439_ds35ex-hg_8537-pdf-150x106.png","description":""},{"id":350865,"url":"https:\/\/dev.codekraft.it\/rotary-2024\/wp-content\/uploads\/brb_media\/00407440_ds35ex-hg_8538.pdf","title":"ds35ex hg 8538","thumbnail":"https:\/\/dev.codekraft.it\/rotary-2024\/wp-content\/uploads\/brb_media\/00407440_ds35ex-hg_8538-pdf-150x106.png","description":""},{"id":350866,"url":"https:\/\/dev.codekraft.it\/rotary-2024\/wp-content\/uploads\/brb_media\/00407625_ds35ex-hg_bmw_8539.pdf","title":"ds35ex hg bmw 8539","thumbnail":"https:\/\/dev.codekraft.it\/rotary-2024\/wp-content\/uploads\/brb_media\/00407625_ds35ex-hg_bmw_8539-pdf-150x106.png","description":""},{"id":350867,"url":"https:\/\/dev.codekraft.it\/rotary-2024\/wp-content\/uploads\/brb_media\/00407626_ds35ex-hg_bmw_8540.pdf","title":"ds35ex hg bmw 8540","thumbnail":"https:\/\/dev.codekraft.it\/rotary-2024\/wp-content\/uploads\/brb_media\/00407626_ds35ex-hg_bmw_8540-pdf-150x106.png","description":""},{"id":350868,"url":"https:\/\/dev.codekraft.it\/rotary-2024\/wp-content\/uploads\/brb_media\/00407627_ds35ex-hg_8541.pdf","title":"ds35ex hg 8541","thumbnail":"https:\/\/dev.codekraft.it\/rotary-2024\/wp-content\/uploads\/brb_media\/00407627_ds35ex-hg_8541-pdf-150x106.png","description":""}],"brb_media_manuals":[{"id":375422,"url":"https:\/\/dev.codekraft.it\/rotary-2024\/wp-content\/uploads\/brb_media\/00535409_double-scissor-lift-ds35-om-dc-sp-de-2024-07-rev-c.pdf","title":"double scissor lift ds35 om dc sp de 2024 07 rev c","thumbnail":"https:\/\/dev.codekraft.it\/rotary-2024\/wp-content\/uploads\/brb_media\/00535409_double-scissor-lift-ds35-om-dc-sp-de-2024-07-rev-c-pdf-116x150.png","description":""},{"id":350519,"url":"https:\/\/dev.codekraft.it\/rotary-2024\/wp-content\/uploads\/brb_media\/00479456_double-scissor-lift-ds35-om-sp-en-2021-10-screen.pdf","title":"Double Scissor Lift DS35 OM SP en 2021 10 screen","thumbnail":"https:\/\/dev.codekraft.it\/rotary-2024\/wp-content\/uploads\/brb_media\/00479456_double-scissor-lift-ds35-om-sp-en-2021-10-screen-pdf-116x150.png","description":""},{"id":375423,"url":"https:\/\/dev.codekraft.it\/rotary-2024\/wp-content\/uploads\/brb_media\/00535410_double-scissor-lift-ds35-om-dc-sp-fr-2024-07-rev-c.pdf","title":"double scissor lift ds35 om dc sp fr 2024 07 rev c","thumbnail":"https:\/\/dev.codekraft.it\/rotary-2024\/wp-content\/uploads\/brb_media\/00535410_double-scissor-lift-ds35-om-dc-sp-fr-2024-07-rev-c-pdf-106x150.png","description":""},{"id":350520,"url":"https:\/\/dev.codekraft.it\/rotary-2024\/wp-content\/uploads\/brb_media\/00479457_double-scissor-lift-ds35-om-sp-it-2021-10-screen.pdf","title":"Double Scissor Lift DS35 OM SP it 2021 10 screen","thumbnail":"https:\/\/dev.codekraft.it\/rotary-2024\/wp-content\/uploads\/brb_media\/00479457_double-scissor-lift-ds35-om-sp-it-2021-10-screen-pdf-116x150.png","description":""}],"brb_media_safety_datasheets":"","brb_media_spare_parts":[],"_cdmm_p_id":"465045","_company":"Elektron","_gtin":"5063084195609","accessories":[{"id":378924,"cdmm_p_id":"418367","name":"Kit di alimentazione 230 V","description":"","thumbnail":"https:\/\/dev.codekraft.it\/rotary-2024\/wp-content\/uploads\/brb_media\/00287569_ds-35-power-kit-230v-mi-150x150.png","url":"https:\/\/dev.codekraft.it\/rotary-2024\/it\/prodotti\/accessori-ponti-sollevatori-it\/accessori-ponti-sollevatori-a-doppia-forbice-it\/kit-di-alimentazione-230-v\/"},{"id":381209,"cdmm_p_id":"497236","name":"Rampe per auto sportive per DS35EX CAT","description":"Verniciate per cataforesi e a polvere | per ponte sollevatore a doppia forbice DS35EXCAT-A | Grigio (RAL 7012)","thumbnail":"https:\/\/dev.codekraft.it\/rotary-2024\/wp-content\/uploads\/brb_media\/00489193_sprmp-ds35excpbg-mi-150x150.jpg","url":"https:\/\/dev.codekraft.it\/rotary-2024\/it\/prodotti\/accessori-ponti-sollevatori-it\/accessori-ponti-sollevatori-a-doppia-forbice-it\/rampe-per-auto-sportive-per-ds35ex-cat\/"},{"id":379527,"cdmm_p_id":"471109","name":"Tamponi in gomma Piramide troncata","description":"30 mm, con rivestimenti ritentivi | 1 set \/ 4 pezzi","thumbnail":"https:\/\/dev.codekraft.it\/rotary-2024\/wp-content\/uploads\/brb_media\/00392090-150x150.png","url":"https:\/\/dev.codekraft.it\/rotary-2024\/it\/prodotti\/accessori-ponti-sollevatori-it\/accessori-ponti-sollevatori-a-doppia-forbice-it\/tamponi-in-gomma-piramide-troncata\/"},{"id":379533,"cdmm_p_id":"471110","name":"Tamponi in gomma Piramide troncata","description":"70 mm, con rivestimenti ritentivi | 1 set \/ 4 pezzi","thumbnail":"https:\/\/dev.codekraft.it\/rotary-2024\/wp-content\/uploads\/brb_media\/00392091_scissor-lift-ds-32-70-mm-rubber-pad-di-150x150.png","url":"https:\/\/dev.codekraft.it\/rotary-2024\/it\/prodotti\/accessori-ponti-sollevatori-it\/accessori-ponti-sollevatori-a-doppia-forbice-it\/tamponi-in-gomma-piramide-troncata-2\/"},{"id":381203,"cdmm_p_id":"497235","name":"Kit da incasso DS35EX, con telaio, ZP+7012","description":"Telaio per installazione a incasso, zincato (incl. scatole di compensazione (1 set \/ 4 pezzi))","thumbnail":"https:\/\/dev.codekraft.it\/rotary-2024\/wp-content\/uploads\/brb_media\/00489192_xx100025zpbg-mi-150x150.jpg","url":"https:\/\/dev.codekraft.it\/rotary-2024\/it\/prodotti\/accessori-ponti-sollevatori-it\/accessori-ponti-sollevatori-a-doppia-forbice-it\/kit-da-incasso-ds35ex-con-telaio-zp-7012\/"},{"id":381263,"cdmm_p_id":"497249","name":"Kit da incasso DS35EX, senza telaio, ZP+7012","description":"Scatole di appoggio per rampe a scomparsa per installazione a incasso (1 set \/ 4 pezzi)","thumbnail":"https:\/\/dev.codekraft.it\/rotary-2024\/wp-content\/uploads\/brb_media\/00489196_xx100024zpbg-mi-150x150.jpg","url":"https:\/\/dev.codekraft.it\/rotary-2024\/it\/prodotti\/accessori-ponti-sollevatori-it\/accessori-ponti-sollevatori-a-doppia-forbice-it\/kit-da-incasso-ds35ex-senza-telaio-zp-7012\/"},{"id":381179,"cdmm_p_id":"497231","name":"Set di traverse RAL 7016","description":"2 traverse e 4 adattatori (1 set)","thumbnail":"https:\/\/dev.codekraft.it\/rotary-2024\/wp-content\/uploads\/brb_media\/00489189_xx100050cg-mi-150x150.jpg","url":"https:\/\/dev.codekraft.it\/rotary-2024\/it\/prodotti\/accessori-ponti-sollevatori-it\/accessori-ponti-sollevatori-a-doppia-forbice-it\/set-di-traverse-ral-7016\/"},{"id":381197,"cdmm_p_id":"497234","name":"Set di prolunghe per tubi flessibili DS32\/35 | 1 m | incl. copertura tubo flessibile","description":"","thumbnail":"","url":"https:\/\/dev.codekraft.it\/rotary-2024\/it\/prodotti\/accessori-ponti-sollevatori-it\/accessori-ponti-sollevatori-a-doppia-forbice-it\/set-di-prolunghe-per-tubi-flessibili-ds32-35-1-m-incl-copertura-tubo-flessibile\/"}],"components":[],"related":[],"similar":[{"id":380048,"cdmm_p_id":"476001","name":"Ponte sollevatore a doppia forbice DS35EXHG2-BMW","description":"3,5 t, elettroidraulico","thumbnail":"https:\/\/dev.codekraft.it\/rotary-2024\/wp-content\/uploads\/brb_media\/00370937_scissor-lift-ds-35exhg-mi-150x150.png","url":"https:\/\/dev.codekraft.it\/rotary-2024\/it\/prodotti\/ponti-sollevatori-it\/ponti-sollevatori-a-doppia-forbice-it\/ponte-sollevatore-a-doppia-forbice-ds35exhg2-bmw\/"}],"lang":"it","translations":{"it":379231,"en":379228,"de":379229,"fr":379230,"es":379232,"ru":379233},"pll_sync_post":[],"_links":{"self":[{"href":"https:\/\/dev.codekraft.it\/rotary-2024\/wp-json\/wp\/v2\/product\/379231","targetHints":{"allow":["GET"]}}],"collection":[{"href":"https:\/\/dev.codekraft.it\/rotary-2024\/wp-json\/wp\/v2\/product"}],"about":[{"href":"https:\/\/dev.codekraft.it\/rotary-2024\/wp-json\/wp\/v2\/types\/product"}],"wp:featuredmedia":[{"embeddable":true,"href":"https:\/\/dev.codekraft.it\/rotary-2024\/wp-json\/wp\/v2\/media\/350855"}],"wp:attachment":[{"href":"https:\/\/dev.codekraft.it\/rotary-2024\/wp-json\/wp\/v2\/media?parent=379231"}],"wp:term":[{"taxonomy":"product_cat","embeddable":true,"href":"https:\/\/dev.codekraft.it\/rotary-2024\/wp-json\/wp\/v2\/product_cat?post=379231"},{"taxonomy":"product_tag","embeddable":true,"href":"https:\/\/dev.codekraft.it\/rotary-2024\/wp-json\/wp\/v2\/product_tag?post=379231"},{"taxonomy":"product_approvals","embeddable":true,"href":"https:\/\/dev.codekraft.it\/rotary-2024\/wp-json\/wp\/v2\/product_approvals?post=379231"},{"taxonomy":"product_application","embeddable":true,"href":"https:\/\/dev.codekraft.it\/rotary-2024\/wp-json\/wp\/v2\/product_application?post=379231"}],"curies":[{"name":"wp","href":"https:\/\/api.w.org\/{rel}","templated":true}]}}