{"id":379230,"date":"2025-12-11T10:10:47","date_gmt":"2025-12-11T10:10:47","guid":{"rendered":"https:\/\/dev.codekraft.it\/rotary-2024\/products\/uncategorized\/pont-a-doubles-ciseaux-ds35ex\/"},"modified":"2025-12-11T10:10:47","modified_gmt":"2025-12-11T10:10:47","slug":"pont-a-doubles-ciseaux-ds35ex","status":"publish","type":"product","link":"https:\/\/dev.codekraft.it\/rotary-2024\/fr\/produits\/ponts-elevateurs-fr\/ponts-a-doubles-ciseaux-fr\/pont-a-doubles-ciseaux-ds35ex\/","title":{"rendered":"Pont \u00e0 doubles ciseaux DS35EX"},"content":{"rendered":"<p>Le pont \u00e9l\u00e9vateur \u00e0 doubles ciseaux et profil bas DS35EX a \u00e9t\u00e9 sp\u00e9cialement con\u00e7u pour le secteur de l\u2019entretien et de la r\u00e9paration. La version EX permet m\u00eame le montage s\u00e9curis\u00e9 de VW T5 \/ T6, Mercedes Classe V et Opel Movano (empattement court) ainsi que de longues berlines de luxe telles que la BMW 7 S\u00e9rie G12.<\/p>\n<ul>\n<li>Montage r\u00e9glable jusqu\u2019\u00e0 2350 mm<\/li>\n<li>Construction tr\u00e8s robuste en acier<\/li>\n<\/ul>\n<ul>\n<li>Le syst\u00e8me hydraulique double ma\u00eetre-esclave redondant permet de renoncer aux crochets de s\u00e9curit\u00e9 suppl\u00e9men- taires. S\u00e9curit\u00e9 doubl\u00e9e, emp\u00eachant ainsi la lev\u00e9e ou l\u2019abaissement unilat\u00e9ral.<\/li>\n<li>L\u2019installation au niveau du sol permet un d\u00e9crochage plus facile.<\/li>\n<li>Le design intelligent facilite la manipulation du d\u00e9crochage, m\u00eame si le v\u00e9hicule est plac\u00e9 au-dessus.<\/li>\n<li>Un montage facile en surface est possible car la plateforme dispose d\u2019une faible hauteur de d\u00e9gagement.<\/li>\n<li>Les patins en caoutchouc inclus offrent une protection fiable du dessous de caisse du v\u00e9hicule.<\/li>\n<\/ul>\n<ul>\n<li>L\u2019arr\u00eat CE \u00e9quip\u00e9 en s\u00e9rie garantit une\u00a0 protection des pieds d\u00e9pourvus de d\u00e9flecteurs. Ceci permet \u00e9galement une installation encastr\u00e9e au sol.<\/li>\n<li>La faible hauteur de levage permet plus facilement de supporter des v\u00e9hicules avec peu de d\u00e9gagement au sol.<\/li>\n<li>La construction assure la plus grande stabilit\u00e9. Les ciseaux sont fabriqu\u00e9s \u00e0 partir d\u2019un mat\u00e9riau solide.<\/li>\n<li>Tous les cylindres hydrauli\u00ad ques sont vissables. La facilit\u00e9 d\u2019entretien est accrue.<\/li>\n<li>Le syst\u00e8me enti\u00e8rement hydrau\u00ad lique avec auto\u00adventilation int\u00e9gr\u00e9e garantit un fonctionnement fiable m\u00eame dans les environnements sales.<\/li>\n<li>En cas de panne, l\u2019abaissement d\u2019urgence peut \u00eatre effectu\u00e9 sans probl\u00e8me.<\/li>\n<\/ul>\n","protected":false},"excerpt":{"rendered":"<p>3,5 t, \u00e9lectrohydraulique<\/p>\n","protected":false},"featured_media":350855,"template":"","meta":[],"product_cat":[1033692],"product_tag":[1034163],"product_approvals":[],"product_application":[],"class_list":{"0":"post-379230","1":"product","2":"type-product","3":"status-publish","4":"has-post-thumbnail","6":"product_cat-ponts-a-doubles-ciseaux-fr","7":"product_tag-passenger-cars-fr","9":"first","10":"instock","11":"shipping-taxable","12":"product-type-simple"},"approvals":[],"application":[],"brb_media_brochure":[{"id":350856,"url":"https:\/\/dev.codekraft.it\/rotary-2024\/wp-content\/uploads\/brb_media\/00435045_double-scissor-lift-ds35ex-br-125658-de-2020-04_screen.pdf","title":"double scissor lift ds35ex br 125658 de 2020 04 screen","thumbnail":"https:\/\/dev.codekraft.it\/rotary-2024\/wp-content\/uploads\/brb_media\/00435045_double-scissor-lift-ds35ex-br-125658-de-2020-04_screen-pdf-106x150.png","description":""},{"id":350857,"url":"https:\/\/dev.codekraft.it\/rotary-2024\/wp-content\/uploads\/brb_media\/00435046_double-scissor-lift-ds35ex-br-125659-en-2020-04_screen.pdf","title":"double scissor lift ds35ex br 125659 en 2020 04 screen","thumbnail":"https:\/\/dev.codekraft.it\/rotary-2024\/wp-content\/uploads\/brb_media\/00435046_double-scissor-lift-ds35ex-br-125659-en-2020-04_screen-pdf-106x150.png","description":""},{"id":350858,"url":"https:\/\/dev.codekraft.it\/rotary-2024\/wp-content\/uploads\/brb_media\/00435047_double-scissor-lift-ds35ex-br-125660-fr-2020-04_screen.pdf","title":"double scissor lift ds35ex br 125660 fr 2020 04 screen","thumbnail":"https:\/\/dev.codekraft.it\/rotary-2024\/wp-content\/uploads\/brb_media\/00435047_double-scissor-lift-ds35ex-br-125660-fr-2020-04_screen-pdf-106x150.png","description":""},{"id":350859,"url":"https:\/\/dev.codekraft.it\/rotary-2024\/wp-content\/uploads\/brb_media\/00435049_double-scissor-lift-ds35ex-br-125662-it-2020-04_screen.pdf","title":"double scissor lift ds35ex br 125662 it 2020 04 screen","thumbnail":"https:\/\/dev.codekraft.it\/rotary-2024\/wp-content\/uploads\/brb_media\/00435049_double-scissor-lift-ds35ex-br-125662-it-2020-04_screen-pdf-106x150.png","description":""},{"id":350860,"url":"https:\/\/dev.codekraft.it\/rotary-2024\/wp-content\/uploads\/brb_media\/00435050_double-scissor-lift-ds35ex-br-125661-es-2020-04_screen.pdf","title":"double scissor lift ds35ex br 125661 es 2020 04 screen","thumbnail":"https:\/\/dev.codekraft.it\/rotary-2024\/wp-content\/uploads\/brb_media\/00435050_double-scissor-lift-ds35ex-br-125661-es-2020-04_screen-pdf-106x150.png","description":""},{"id":350861,"url":"https:\/\/dev.codekraft.it\/rotary-2024\/wp-content\/uploads\/brb_media\/00435052_double-scissor-lift-ds35ex-br-125663-ru-2020-04_screen.pdf","title":"double scissor lift ds35ex br 125663 ru 2020 04 screen","thumbnail":"https:\/\/dev.codekraft.it\/rotary-2024\/wp-content\/uploads\/brb_media\/00435052_double-scissor-lift-ds35ex-br-125663-ru-2020-04_screen-pdf-106x150.png","description":""}],"brb_media_drawing":[{"id":350864,"url":"https:\/\/dev.codekraft.it\/rotary-2024\/wp-content\/uploads\/brb_media\/00407439_ds35ex-hg_8537.pdf","title":"ds35ex hg 8537","thumbnail":"https:\/\/dev.codekraft.it\/rotary-2024\/wp-content\/uploads\/brb_media\/00407439_ds35ex-hg_8537-pdf-150x106.png","description":""},{"id":350865,"url":"https:\/\/dev.codekraft.it\/rotary-2024\/wp-content\/uploads\/brb_media\/00407440_ds35ex-hg_8538.pdf","title":"ds35ex hg 8538","thumbnail":"https:\/\/dev.codekraft.it\/rotary-2024\/wp-content\/uploads\/brb_media\/00407440_ds35ex-hg_8538-pdf-150x106.png","description":""},{"id":350866,"url":"https:\/\/dev.codekraft.it\/rotary-2024\/wp-content\/uploads\/brb_media\/00407625_ds35ex-hg_bmw_8539.pdf","title":"ds35ex hg bmw 8539","thumbnail":"https:\/\/dev.codekraft.it\/rotary-2024\/wp-content\/uploads\/brb_media\/00407625_ds35ex-hg_bmw_8539-pdf-150x106.png","description":""},{"id":350867,"url":"https:\/\/dev.codekraft.it\/rotary-2024\/wp-content\/uploads\/brb_media\/00407626_ds35ex-hg_bmw_8540.pdf","title":"ds35ex hg bmw 8540","thumbnail":"https:\/\/dev.codekraft.it\/rotary-2024\/wp-content\/uploads\/brb_media\/00407626_ds35ex-hg_bmw_8540-pdf-150x106.png","description":""},{"id":350868,"url":"https:\/\/dev.codekraft.it\/rotary-2024\/wp-content\/uploads\/brb_media\/00407627_ds35ex-hg_8541.pdf","title":"ds35ex hg 8541","thumbnail":"https:\/\/dev.codekraft.it\/rotary-2024\/wp-content\/uploads\/brb_media\/00407627_ds35ex-hg_8541-pdf-150x106.png","description":""}],"brb_media_manuals":[{"id":375422,"url":"https:\/\/dev.codekraft.it\/rotary-2024\/wp-content\/uploads\/brb_media\/00535409_double-scissor-lift-ds35-om-dc-sp-de-2024-07-rev-c.pdf","title":"double scissor lift ds35 om dc sp de 2024 07 rev c","thumbnail":"https:\/\/dev.codekraft.it\/rotary-2024\/wp-content\/uploads\/brb_media\/00535409_double-scissor-lift-ds35-om-dc-sp-de-2024-07-rev-c-pdf-116x150.png","description":""},{"id":350519,"url":"https:\/\/dev.codekraft.it\/rotary-2024\/wp-content\/uploads\/brb_media\/00479456_double-scissor-lift-ds35-om-sp-en-2021-10-screen.pdf","title":"Double Scissor Lift DS35 OM SP en 2021 10 screen","thumbnail":"https:\/\/dev.codekraft.it\/rotary-2024\/wp-content\/uploads\/brb_media\/00479456_double-scissor-lift-ds35-om-sp-en-2021-10-screen-pdf-116x150.png","description":""},{"id":375423,"url":"https:\/\/dev.codekraft.it\/rotary-2024\/wp-content\/uploads\/brb_media\/00535410_double-scissor-lift-ds35-om-dc-sp-fr-2024-07-rev-c.pdf","title":"double scissor lift ds35 om dc sp fr 2024 07 rev c","thumbnail":"https:\/\/dev.codekraft.it\/rotary-2024\/wp-content\/uploads\/brb_media\/00535410_double-scissor-lift-ds35-om-dc-sp-fr-2024-07-rev-c-pdf-106x150.png","description":""},{"id":350520,"url":"https:\/\/dev.codekraft.it\/rotary-2024\/wp-content\/uploads\/brb_media\/00479457_double-scissor-lift-ds35-om-sp-it-2021-10-screen.pdf","title":"Double Scissor Lift DS35 OM SP it 2021 10 screen","thumbnail":"https:\/\/dev.codekraft.it\/rotary-2024\/wp-content\/uploads\/brb_media\/00479457_double-scissor-lift-ds35-om-sp-it-2021-10-screen-pdf-116x150.png","description":""}],"brb_media_safety_datasheets":"","brb_media_spare_parts":[],"_cdmm_p_id":"465045","_company":"Elektron","_gtin":"5063084195609","accessories":[{"id":378923,"cdmm_p_id":"418367","name":"Kit d\u2018alimentation 230 V","description":"","thumbnail":"https:\/\/dev.codekraft.it\/rotary-2024\/wp-content\/uploads\/brb_media\/00287569_ds-35-power-kit-230v-mi-150x150.png","url":"https:\/\/dev.codekraft.it\/rotary-2024\/fr\/produits\/accessoires-ponts-elevateurs-fr\/accessoires-ponts-a-doubles-ciseaux-fr\/kit-dalimentation-230-v\/"},{"id":381208,"cdmm_p_id":"497236","name":"Rampes pour voitures de sport pour DS35EX CAT","description":"Trait\u00e9es par cataphor\u00e8se et rev\u00eatement par poudre | pour pont \u00e0 double ciseaux DS35EXCAT-A | Gris (RAL 7012)","thumbnail":"https:\/\/dev.codekraft.it\/rotary-2024\/wp-content\/uploads\/brb_media\/00489193_sprmp-ds35excpbg-mi-150x150.jpg","url":"https:\/\/dev.codekraft.it\/rotary-2024\/fr\/produits\/accessoires-ponts-elevateurs-fr\/accessoires-ponts-a-doubles-ciseaux-fr\/rampes-pour-voitures-de-sport-pour-ds35ex-cat\/"},{"id":379526,"cdmm_p_id":"471109","name":"Tampons en caoutchouc Pyramide tronqu\u00e9e","description":"30 mm, avec rev\u00eatements antid\u00e9rapants | 1 jeu \/ 4 pi\u00e8ces","thumbnail":"https:\/\/dev.codekraft.it\/rotary-2024\/wp-content\/uploads\/brb_media\/00392090-150x150.png","url":"https:\/\/dev.codekraft.it\/rotary-2024\/fr\/produits\/accessoires-ponts-elevateurs-fr\/accessoires-ponts-a-doubles-ciseaux-fr\/tampons-en-caoutchouc-pyramide-tronquee\/"},{"id":379532,"cdmm_p_id":"471110","name":"Tampons en caoutchouc Pyramide tronqu\u00e9e","description":"70 mm, avec rev\u00eatements antid\u00e9rapants | 1 jeu \/ 4 pi\u00e8ces","thumbnail":"https:\/\/dev.codekraft.it\/rotary-2024\/wp-content\/uploads\/brb_media\/00392091_scissor-lift-ds-32-70-mm-rubber-pad-di-150x150.png","url":"https:\/\/dev.codekraft.it\/rotary-2024\/fr\/produits\/accessoires-ponts-elevateurs-fr\/accessoires-ponts-a-doubles-ciseaux-fr\/tampons-en-caoutchouc-pyramide-tronquee-2\/"},{"id":381202,"cdmm_p_id":"497235","name":"Kit encastr\u00e9 DS35EX, avec cadre, ZP+7012","description":"Cadre pour installation encastr\u00e9e, zingu\u00e9 (incl. bo\u00eetiers de compensation (1 jeu \/ 4 pi\u00e8ces))","thumbnail":"https:\/\/dev.codekraft.it\/rotary-2024\/wp-content\/uploads\/brb_media\/00489192_xx100025zpbg-mi-150x150.jpg","url":"https:\/\/dev.codekraft.it\/rotary-2024\/fr\/produits\/accessoires-ponts-elevateurs-fr\/accessoires-ponts-a-doubles-ciseaux-fr\/kit-encastre-ds35ex-avec-cadre-zp-7012\/"},{"id":381262,"cdmm_p_id":"497249","name":"Kit encastr\u00e9 DS35EX, sans cadre, ZP+7012","description":"Bo\u00eetes de support pour rampes pliantes avec une installation encastr\u00e9e (1 jeu \/ 4 pi\u00e8ces)","thumbnail":"https:\/\/dev.codekraft.it\/rotary-2024\/wp-content\/uploads\/brb_media\/00489196_xx100024zpbg-mi-150x150.jpg","url":"https:\/\/dev.codekraft.it\/rotary-2024\/fr\/produits\/accessoires-ponts-elevateurs-fr\/accessoires-ponts-a-doubles-ciseaux-fr\/kit-encastre-ds35ex-sans-cadre-zp-7012\/"},{"id":381178,"cdmm_p_id":"497231","name":"Jeu de traverses RAL 7016","description":"2 traverses et 4 adaptateurs de fixation (1 jeu)","thumbnail":"https:\/\/dev.codekraft.it\/rotary-2024\/wp-content\/uploads\/brb_media\/00489189_xx100050cg-mi-150x150.jpg","url":"https:\/\/dev.codekraft.it\/rotary-2024\/fr\/produits\/accessoires-ponts-elevateurs-fr\/accessoires-ponts-a-doubles-ciseaux-fr\/jeu-de-traverses-ral-7016\/"},{"id":381196,"cdmm_p_id":"497234","name":"Jeu prolongateur de flexible DS32\/35 | 1 m | incl. recouvrement de flexible","description":"","thumbnail":"","url":"https:\/\/dev.codekraft.it\/rotary-2024\/fr\/produits\/accessoires-ponts-elevateurs-fr\/accessoires-ponts-a-doubles-ciseaux-fr\/jeu-prolongateur-de-flexible-ds32-35-1-m-incl-recouvrement-de-flexible\/"}],"components":[],"related":[],"similar":[{"id":380047,"cdmm_p_id":"476001","name":"Pont \u00e0 doubles ciseaux DS35EXHG2-BMW","description":"3,5 t, \u00e9lectrohydraulique","thumbnail":"https:\/\/dev.codekraft.it\/rotary-2024\/wp-content\/uploads\/brb_media\/00370937_scissor-lift-ds-35exhg-mi-150x150.png","url":"https:\/\/dev.codekraft.it\/rotary-2024\/fr\/produits\/ponts-elevateurs-fr\/ponts-a-doubles-ciseaux-fr\/pont-a-doubles-ciseaux-ds35exhg2-bmw\/"}],"lang":"fr","translations":{"fr":379230,"en":379228,"de":379229,"it":379231,"es":379232,"ru":379233},"pll_sync_post":[],"_links":{"self":[{"href":"https:\/\/dev.codekraft.it\/rotary-2024\/wp-json\/wp\/v2\/product\/379230","targetHints":{"allow":["GET"]}}],"collection":[{"href":"https:\/\/dev.codekraft.it\/rotary-2024\/wp-json\/wp\/v2\/product"}],"about":[{"href":"https:\/\/dev.codekraft.it\/rotary-2024\/wp-json\/wp\/v2\/types\/product"}],"wp:featuredmedia":[{"embeddable":true,"href":"https:\/\/dev.codekraft.it\/rotary-2024\/wp-json\/wp\/v2\/media\/350855"}],"wp:attachment":[{"href":"https:\/\/dev.codekraft.it\/rotary-2024\/wp-json\/wp\/v2\/media?parent=379230"}],"wp:term":[{"taxonomy":"product_cat","embeddable":true,"href":"https:\/\/dev.codekraft.it\/rotary-2024\/wp-json\/wp\/v2\/product_cat?post=379230"},{"taxonomy":"product_tag","embeddable":true,"href":"https:\/\/dev.codekraft.it\/rotary-2024\/wp-json\/wp\/v2\/product_tag?post=379230"},{"taxonomy":"product_approvals","embeddable":true,"href":"https:\/\/dev.codekraft.it\/rotary-2024\/wp-json\/wp\/v2\/product_approvals?post=379230"},{"taxonomy":"product_application","embeddable":true,"href":"https:\/\/dev.codekraft.it\/rotary-2024\/wp-json\/wp\/v2\/product_application?post=379230"}],"curies":[{"name":"wp","href":"https:\/\/api.w.org\/{rel}","templated":true}]}}