{"id":379220,"date":"2025-12-11T10:11:32","date_gmt":"2025-12-11T10:11:32","guid":{"rendered":"https:\/\/dev.codekraft.it\/rotary-2024\/products\/uncategorized\/travesano-de-autobus-befv-15-ancho-en-version-extendida-con-piezas-deslizantes-extensibles\/"},"modified":"2025-12-11T10:11:32","modified_gmt":"2025-12-11T10:11:32","slug":"travesano-de-autobus-befv-15-ancho-en-version-extendida-con-piezas-deslizantes-extensibles","status":"publish","type":"product","link":"https:\/\/dev.codekraft.it\/rotary-2024\/es\/productos\/accesorios-elevadores-es\/sistemas-de-apoyo-es\/travesano-de-autobus-befv-15-ancho-en-version-extendida-con-piezas-deslizantes-extensibles\/","title":{"rendered":"Travesa\u00f1o de autob\u00fas BEFV-15 | ancho, en versi\u00f3n extendida con piezas deslizantes extensibles"},"content":{"rendered":"<ul>\n<li>Anchura total m\u00edn. 980 mm<\/li>\n<li>Altura 78 mm<\/li>\n<\/ul>\n","protected":false},"excerpt":{"rendered":"<p>1 pieza, extraplano, rango de ajuste 870 &#8211; 1200 mm (510 &#8211; 840 mm), capacidad de carga 15 t (centro)<\/p>\n","protected":false},"featured_media":374759,"template":"","meta":[],"product_brand":[],"product_cat":[1033976],"product_tag":[1034151,1034134,1034203,1034169,1034220,1034265,1034186,1034237],"product_approvals":[],"product_application":[],"class_list":{"0":"post-379220","1":"product","2":"type-product","3":"status-publish","4":"has-post-thumbnail","6":"product_cat-sistemas-de-apoyo-es","7":"product_tag-buses-es","8":"product_tag-trucks-es","9":"product_tag-motor-homes-es","10":"product_tag-passenger-cars-es","11":"product_tag-agricultural-machines-es","12":"product_tag-remolques-es","13":"product_tag-light-commercial-es","14":"product_tag-tracked-vehicles-es","16":"first","17":"instock","18":"shipping-taxable","19":"product-type-simple"},"approvals":[],"application":[],"brb_media_brochure":"","brb_media_drawing":"","brb_media_manuals":"","brb_media_safety_datasheets":"","brb_media_spare_parts":[],"_cdmm_p_id":"463372","_company":"Elektron","_gtin":"4057612049701","accessories":[{"id":380483,"mpn":"127149","name":"Transporter montaje para travesa\u00f1o de cami\u00f3n Universal TEF-15 y travesa\u00f1o de autob\u00fas BEFV-15","description":"Para tomar la parte trasera aprobado MB Sprinter puntos de montaje","thumbnail":"https:\/\/dev.codekraft.it\/rotary-2024\/wp-content\/uploads\/brb_media\/00438631_traverse-mb-sprinter-support-mi-127149-150x146.png","url":"https:\/\/dev.codekraft.it\/rotary-2024\/es\/productos\/accesorios-elevadores-es\/dispositivos-de-transporte-de-carga-es\/transporter-montaje-para-travesano-de-camion-universal-tef-15-y-travesano-de-autobus-befv-15\/"}],"components":[],"related":[],"page_logo_src":"https:\/\/dev.codekraft.it\/rotary-2024\/wp-content\/uploads\/2024\/05\/cropped-rotary-logo-2022.png","lang":"es","translations":{"es":379220,"en":379216,"de":379217,"fr":379218,"it":379219,"ru":379221},"pll_sync_post":[],"_links":{"self":[{"href":"https:\/\/dev.codekraft.it\/rotary-2024\/wp-json\/wp\/v2\/product\/379220","targetHints":{"allow":["GET"]}}],"collection":[{"href":"https:\/\/dev.codekraft.it\/rotary-2024\/wp-json\/wp\/v2\/product"}],"about":[{"href":"https:\/\/dev.codekraft.it\/rotary-2024\/wp-json\/wp\/v2\/types\/product"}],"wp:featuredmedia":[{"embeddable":true,"href":"https:\/\/dev.codekraft.it\/rotary-2024\/wp-json\/wp\/v2\/media\/374759"}],"wp:attachment":[{"href":"https:\/\/dev.codekraft.it\/rotary-2024\/wp-json\/wp\/v2\/media?parent=379220"}],"wp:term":[{"taxonomy":"product_brand","embeddable":true,"href":"https:\/\/dev.codekraft.it\/rotary-2024\/wp-json\/wp\/v2\/product_brand?post=379220"},{"taxonomy":"product_cat","embeddable":true,"href":"https:\/\/dev.codekraft.it\/rotary-2024\/wp-json\/wp\/v2\/product_cat?post=379220"},{"taxonomy":"product_tag","embeddable":true,"href":"https:\/\/dev.codekraft.it\/rotary-2024\/wp-json\/wp\/v2\/product_tag?post=379220"},{"taxonomy":"product_approvals","embeddable":true,"href":"https:\/\/dev.codekraft.it\/rotary-2024\/wp-json\/wp\/v2\/product_approvals?post=379220"},{"taxonomy":"product_application","embeddable":true,"href":"https:\/\/dev.codekraft.it\/rotary-2024\/wp-json\/wp\/v2\/product_application?post=379220"}],"curies":[{"name":"wp","href":"https:\/\/api.w.org\/{rel}","templated":true}]}}