{"id":378906,"date":"2025-12-11T10:11:07","date_gmt":"2025-12-11T10:11:07","guid":{"rendered":"https:\/\/dev.codekraft.it\/rotary-2024\/products\/uncategorized\/ponte-sollevatore-a-forbice-a-bassa-alzata-xs30n\/"},"modified":"2025-12-11T10:11:07","modified_gmt":"2025-12-11T10:11:07","slug":"ponte-sollevatore-a-forbice-a-bassa-alzata-xs30n","status":"publish","type":"product","link":"https:\/\/dev.codekraft.it\/rotary-2024\/it\/prodotti\/ponti-sollevatori-it\/ponti-sollevatori-a-bassa-alzata-it\/ponte-sollevatore-a-forbice-a-bassa-alzata-xs30n\/","title":{"rendered":"Ponte sollevatore a forbice a bassa alzata XS30N"},"content":{"rendered":"<p>Il nuovo sollevatore a forbice a corsa corta XS30N colpisce per la lunghezza e larghezza della sua piattaforma generosamente dimensionata, che consento di ospitare una vasta gamma di veicoli. Copre i requisiti nel campo della riparazione di pneumatici e carrozzeria ed \u00e8 ideale per la manutenzione e il lavoro all&#8217;interno del veicolo.<\/p>\n<ul>\n<li>Lunghezza e larghezza della piattaforma abbinate ai moderni SUV e furgoni<\/li>\n<li>Estensione della piattaforma: pu\u00f2 essere bloccata con una sola mano<\/li>\n<li>Stabile e sicuro<\/li>\n<\/ul>\n<ul>\n<li>Il sollevatore ha un doppio sistema idraulico e due alberi di torsione che possono sostenere il carico in sicurezza in qualsiasi situazione.<\/li>\n<li>L&#8217;arresto CE standard garantisce la protezione dei piedi senza protezione aggiuntiva. Ci\u00f2 consente anche l&#8217;installazione a pavimento.<\/li>\n<li>Per consentire un accesso flessibile a veicoli di piccole e grandi dimensioni, l&#8217;XS30N ha rampe che possono essere ripiegate su entrambi i lati, garantendo una lunghezza di raccolta totale di 2150 mm e bloccabili in posizione con una mano. Questo assicura anche che possa accomodare limousine e SUV di grandi dimensioni.<\/li>\n<li>Il sollevatore \u00e8 completamente assemblato e pronto per l&#8217;uso immediatamente dopo aver collegato l&#8217;idraulica senza grandi sforzi di installazione.<\/li>\n<li>Le rampe con rulli in plastica consentono un attrito ridotto e un rotolamento delicato sul pavimento dell&#8217;officina.<\/li>\n<\/ul>\n<ul>\n<li>Per consentire la sistemazione flessibile di veicoli di piccole e grandi dimensioni, XS30N ha estensioni della piattaforma che possono essere ripiegate su entrambi i lati e facilmente bloccabili.<\/li>\n<li>Due circuiti idraulici indipendenti con un totale di 4 cilindri di sollevamento rendono possibile l&#8217;assenza di ulteriori patch di sicurezza.<\/li>\n<li>L&#8217;XS30N pu\u00f2 essere installato su qualsiasi superficie pavimentata senza lavori di fondazione, l&#8217;ancoraggio al pavimento \u00e8 possibile ma non necessario. Il sollevatore pu\u00f2 essere facilmente spostato in officina con il kit mobile in dotazione.<\/li>\n<li>La bassa altezza carrabile facilita l&#8217;accesso di veicoli con minore altezza da terra.<\/li>\n<\/ul>\n","protected":false},"excerpt":{"rendered":"<p>3,0 t, elettroidraulico<\/p>\n","protected":false},"featured_media":350493,"template":"","meta":[],"product_brand":[],"product_cat":[1033614],"product_tag":[1034166],"product_approvals":[],"product_application":[],"class_list":{"0":"post-378906","1":"product","2":"type-product","3":"status-publish","4":"has-post-thumbnail","6":"product_cat-ponti-sollevatori-a-bassa-alzata-it","7":"product_tag-passenger-cars-it","9":"first","10":"instock","11":"shipping-taxable","12":"product-type-simple"},"approvals":[],"application":[],"brb_media_brochure":[{"id":378898,"url":"https:\/\/dev.codekraft.it\/rotary-2024\/wp-content\/uploads\/brb_media\/00548883_low-rise-scissor-lift-xs30n-cat-br-128783-de-2025-04-screen.pdf","title":"Low Rise Scissor Lift XS30N CAT BR 128783 de 2025 04 screen","mpn":"","thumbnail":"https:\/\/dev.codekraft.it\/rotary-2024\/wp-content\/uploads\/brb_media\/00548883_low-rise-scissor-lift-xs30n-cat-br-128783-de-2025-04-screen-pdf-106x150.png","description":""},{"id":378899,"url":"https:\/\/dev.codekraft.it\/rotary-2024\/wp-content\/uploads\/brb_media\/00548884_low-rise-scissor-lift-xs30n-cat-br-128784-en-2025-04-screen.pdf","title":"Low Rise Scissor Lift XS30N CAT BR 128784 en 2025 04 screen","mpn":"","thumbnail":"https:\/\/dev.codekraft.it\/rotary-2024\/wp-content\/uploads\/brb_media\/00548884_low-rise-scissor-lift-xs30n-cat-br-128784-en-2025-04-screen-pdf-106x150.png","description":""},{"id":378900,"url":"https:\/\/dev.codekraft.it\/rotary-2024\/wp-content\/uploads\/brb_media\/00548885_low-rise-scissor-lift-xs30n-cat-br-128785-fr-2025-04-screen.pdf","title":"Low Rise Scissor Lift XS30N CAT BR 128785 fr 2025 04 screen","mpn":"","thumbnail":"https:\/\/dev.codekraft.it\/rotary-2024\/wp-content\/uploads\/brb_media\/00548885_low-rise-scissor-lift-xs30n-cat-br-128785-fr-2025-04-screen-pdf-106x150.png","description":""},{"id":378901,"url":"https:\/\/dev.codekraft.it\/rotary-2024\/wp-content\/uploads\/brb_media\/00548886_low-rise-scissor-lift-xs30n-cat-br-128786-it-2025-04-screen.pdf","title":"Low Rise Scissor Lift XS30N CAT BR 128786 it 2025 04 screen","mpn":"","thumbnail":"https:\/\/dev.codekraft.it\/rotary-2024\/wp-content\/uploads\/brb_media\/00548886_low-rise-scissor-lift-xs30n-cat-br-128786-it-2025-04-screen-pdf-106x150.png","description":""},{"id":378902,"url":"https:\/\/dev.codekraft.it\/rotary-2024\/wp-content\/uploads\/brb_media\/00548887_low-rise-scissor-lift-xs30n-cat-br-128787-es-2025-04-screen.pdf","title":"Low Rise Scissor Lift XS30N CAT BR 128787 es 2025 04 screen","mpn":"","thumbnail":"https:\/\/dev.codekraft.it\/rotary-2024\/wp-content\/uploads\/brb_media\/00548887_low-rise-scissor-lift-xs30n-cat-br-128787-es-2025-04-screen-pdf-106x150.png","description":""},{"id":378903,"url":"https:\/\/dev.codekraft.it\/rotary-2024\/wp-content\/uploads\/brb_media\/00548888_low-rise-scissor-lift-xs30n-cat-br-128788-ru-2025-04-screen.pdf","title":"Low Rise Scissor Lift XS30N CAT BR 128788 ru 2025 04 screen","mpn":"","thumbnail":"https:\/\/dev.codekraft.it\/rotary-2024\/wp-content\/uploads\/brb_media\/00548888_low-rise-scissor-lift-xs30n-cat-br-128788-ru-2025-04-screen-pdf-106x150.png","description":""}],"brb_media_drawing":[{"id":350506,"url":"https:\/\/dev.codekraft.it\/rotary-2024\/wp-content\/uploads\/brb_media\/00407481_scissor-lift_rfp_xs30_8717.pdf","title":"scissor lift rfp xs30 8717","mpn":"","thumbnail":"https:\/\/dev.codekraft.it\/rotary-2024\/wp-content\/uploads\/brb_media\/00407481_scissor-lift_rfp_xs30_8717-pdf-150x105.png","description":""}],"brb_media_manuals":[{"id":350500,"url":"https:\/\/dev.codekraft.it\/rotary-2024\/wp-content\/uploads\/brb_media\/00438679_scissor-lift-xs30n-om-de-2020-09-screen.pdf","title":"scissor lift xs30n om de 2020 09 screen","mpn":"","thumbnail":"https:\/\/dev.codekraft.it\/rotary-2024\/wp-content\/uploads\/brb_media\/00438679_scissor-lift-xs30n-om-de-2020-09-screen-pdf-116x150.png","description":""},{"id":350501,"url":"https:\/\/dev.codekraft.it\/rotary-2024\/wp-content\/uploads\/brb_media\/00438680_scissor-lift-xs30n-om-en-2020-09-screen.pdf","title":"scissor lift xs30n om en 2020 09 screen","mpn":"","thumbnail":"https:\/\/dev.codekraft.it\/rotary-2024\/wp-content\/uploads\/brb_media\/00438680_scissor-lift-xs30n-om-en-2020-09-screen-pdf-116x150.png","description":""},{"id":350502,"url":"https:\/\/dev.codekraft.it\/rotary-2024\/wp-content\/uploads\/brb_media\/00438681_scissor-lift-xs30n-om-fr-2020-09-screen.pdf","title":"scissor lift xs30n om fr 2020 09 screen","mpn":"","thumbnail":"https:\/\/dev.codekraft.it\/rotary-2024\/wp-content\/uploads\/brb_media\/00438681_scissor-lift-xs30n-om-fr-2020-09-screen-pdf-116x150.png","description":""},{"id":350503,"url":"https:\/\/dev.codekraft.it\/rotary-2024\/wp-content\/uploads\/brb_media\/00438682_scissor-lift-xs30n-om-it-2020-09-screen.pdf","title":"scissor lift xs30n om it 2020 09 screen","mpn":"","thumbnail":"https:\/\/dev.codekraft.it\/rotary-2024\/wp-content\/uploads\/brb_media\/00438682_scissor-lift-xs30n-om-it-2020-09-screen-pdf-116x150.png","description":""},{"id":350504,"url":"https:\/\/dev.codekraft.it\/rotary-2024\/wp-content\/uploads\/brb_media\/00438683_scissor-lift-xs30n-om-es-2020-09-screen.pdf","title":"scissor lift xs30n om es 2020 09 screen","mpn":"","thumbnail":"https:\/\/dev.codekraft.it\/rotary-2024\/wp-content\/uploads\/brb_media\/00438683_scissor-lift-xs30n-om-es-2020-09-screen-pdf-116x150.png","description":""},{"id":350505,"url":"https:\/\/dev.codekraft.it\/rotary-2024\/wp-content\/uploads\/brb_media\/00438684_scissor-lift-xs30n-om-ru-2020-09-screen.pdf","title":"scissor lift xs30n om ru 2020 09 screen","mpn":"","thumbnail":"https:\/\/dev.codekraft.it\/rotary-2024\/wp-content\/uploads\/brb_media\/00438684_scissor-lift-xs30n-om-ru-2020-09-screen-pdf-116x150.png","description":""}],"brb_media_safety_datasheets":"","brb_media_spare_parts":[],"_cdmm_p_id":"409900","_company":"Elektron","_gtin":"5063084193230","accessories":[{"id":378467,"mpn":"T4","name":"Tamponi in gomma","description":"160 x 120 x 80 mm | 1 set \/ 4 pezzi","thumbnail":"https:\/\/dev.codekraft.it\/rotary-2024\/wp-content\/uploads\/brb_media\/00287553-150x150.png","url":"https:\/\/dev.codekraft.it\/rotary-2024\/it\/prodotti\/accessori-ponti-sollevatori-it\/accessori-ponti-sollevatori-a-doppia-forbice-it\/tamponi-in-gomma\/"},{"id":379898,"mpn":"XS30NCP003","name":"Scatola di installazione per l&#039;installazione a livello del pavimento, incl. telaio di montaggio","description":"Zincato","thumbnail":"https:\/\/dev.codekraft.it\/rotary-2024\/wp-content\/uploads\/brb_media\/00400291_low-rise-scissor-lift-xs30-installation-box-incl-mounting-frame-drawing-150x150.png","url":"https:\/\/dev.codekraft.it\/rotary-2024\/it\/prodotti\/accessori-ponti-sollevatori-it\/accessori-ponti-sollevatori-a-bassa-alzata-it\/scatola-di-installazione-per-linstallazione-a-livello-del-pavimento-incl-telaio-di-montaggio\/"},{"id":379892,"mpn":"XS30NCP014","name":"Scatola di installazione per l&#039;installazione a livello del pavimento","description":"Scatole di supporto per rampe pieghevoli","thumbnail":"https:\/\/dev.codekraft.it\/rotary-2024\/wp-content\/uploads\/brb_media\/00400290_low-rise-scissor-lift-xs30-installation-box-drawing-150x150.png","url":"https:\/\/dev.codekraft.it\/rotary-2024\/it\/prodotti\/accessori-ponti-sollevatori-it\/accessori-ponti-sollevatori-a-bassa-alzata-it\/scatola-di-installazione-per-linstallazione-a-livello-del-pavimento\/"},{"id":379521,"mpn":"SPRMP-DS35CPBG","name":"Kit di rampe di salita per DS32\/35 CAT","description":"Lunghe, 860 mm, zincato a caldo e rivestito a polvere | per auto sportive | 1 set \/ 4 pezzi","thumbnail":"https:\/\/dev.codekraft.it\/rotary-2024\/wp-content\/uploads\/brb_media\/00287551-150x150.png","url":"https:\/\/dev.codekraft.it\/rotary-2024\/it\/prodotti\/accessori-ponti-sollevatori-it\/accessori-ponti-sollevatori-a-doppia-forbice-it\/kit-di-rampe-di-salita-per-ds32-35-cat\/"},{"id":378918,"mpn":"T4B","name":"Tamponi in gomma","description":"160 x 120 x 40 mm | 1 set \/ 4 pezzi","thumbnail":"https:\/\/dev.codekraft.it\/rotary-2024\/wp-content\/uploads\/brb_media\/00393013_4-post-lift-rubber-pads-40mm-150x150.png","url":"https:\/\/dev.codekraft.it\/rotary-2024\/it\/prodotti\/accessori-ponti-sollevatori-it\/accessori-ponti-sollevatori-a-bassa-alzata-it\/tamponi-in-gomma-2\/"},{"id":381179,"mpn":"XX100050CG","name":"Set di traverse RAL 7016","description":"2 traverse e 4 adattatori (1 set)","thumbnail":"https:\/\/dev.codekraft.it\/rotary-2024\/wp-content\/uploads\/brb_media\/00489189_xx100050cg-mi-150x150.jpg","url":"https:\/\/dev.codekraft.it\/rotary-2024\/it\/prodotti\/accessori-ponti-sollevatori-it\/accessori-ponti-sollevatori-a-doppia-forbice-it\/set-di-traverse-ral-7016\/"}],"components":[],"related":[],"page_logo_src":"https:\/\/dev.codekraft.it\/rotary-2024\/wp-content\/uploads\/2024\/05\/cropped-rotary-logo-2022.png","lang":"it","translations":{"it":378906,"en":378897,"de":378904,"fr":378905,"es":378907,"ru":378908},"pll_sync_post":[],"_links":{"self":[{"href":"https:\/\/dev.codekraft.it\/rotary-2024\/wp-json\/wp\/v2\/product\/378906","targetHints":{"allow":["GET"]}}],"collection":[{"href":"https:\/\/dev.codekraft.it\/rotary-2024\/wp-json\/wp\/v2\/product"}],"about":[{"href":"https:\/\/dev.codekraft.it\/rotary-2024\/wp-json\/wp\/v2\/types\/product"}],"wp:featuredmedia":[{"embeddable":true,"href":"https:\/\/dev.codekraft.it\/rotary-2024\/wp-json\/wp\/v2\/media\/350493"}],"wp:attachment":[{"href":"https:\/\/dev.codekraft.it\/rotary-2024\/wp-json\/wp\/v2\/media?parent=378906"}],"wp:term":[{"taxonomy":"product_brand","embeddable":true,"href":"https:\/\/dev.codekraft.it\/rotary-2024\/wp-json\/wp\/v2\/product_brand?post=378906"},{"taxonomy":"product_cat","embeddable":true,"href":"https:\/\/dev.codekraft.it\/rotary-2024\/wp-json\/wp\/v2\/product_cat?post=378906"},{"taxonomy":"product_tag","embeddable":true,"href":"https:\/\/dev.codekraft.it\/rotary-2024\/wp-json\/wp\/v2\/product_tag?post=378906"},{"taxonomy":"product_approvals","embeddable":true,"href":"https:\/\/dev.codekraft.it\/rotary-2024\/wp-json\/wp\/v2\/product_approvals?post=378906"},{"taxonomy":"product_application","embeddable":true,"href":"https:\/\/dev.codekraft.it\/rotary-2024\/wp-json\/wp\/v2\/product_application?post=378906"}],"curies":[{"name":"wp","href":"https:\/\/api.w.org\/{rel}","templated":true}]}}