{"id":378881,"date":"2025-09-08T08:59:53","date_gmt":"2025-09-08T08:59:53","guid":{"rendered":"https:\/\/dev.codekraft.it\/rotary-2024\/products\/uncategorized\/pont-elevateur-a-4-colonnes-sm65-55-mb\/"},"modified":"2025-09-08T08:59:53","modified_gmt":"2025-09-08T08:59:53","slug":"pont-elevateur-a-4-colonnes-sm65-55-mb","status":"publish","type":"product","link":"https:\/\/dev.codekraft.it\/rotary-2024\/fr\/produits\/ponts-elevateurs-fr\/ponts-elevateurs-a-4-colonnes-fr\/pont-elevateur-a-4-colonnes-sm65-55-mb\/","title":{"rendered":"Pont \u00e9l\u00e9vateur \u00e0 4 colonnes SM65-55-MB"},"content":{"rendered":"<p>Le pont \u00e9l\u00e9vateur \u00e9lectrohydraulique \u00e0 4 colonnes de la s\u00e9rie SM65-55-MB r\u00e9pond aux sp\u00e9cifications techniques de Mercedes-Benz pour une g\u00e9om\u00e9trie optimale des roues et convient \u00e0 la r\u00e9ception des v\u00e9hicules de tourisme aux v\u00e9hicules utilitaires l\u00e9gers.<\/p>\n<ul>\n<li>Rampes larges, stables<\/li>\n<li>Kit de g\u00e9om\u00e9trie pr\u00e9cise des roue inclus<\/li>\n<li>Convient pour tous les v\u00e9hicules de tourisme et utilitaires avec empattement long<\/li>\n<\/ul>\n<ul>\n<li>Le profil de surface de roulement form\u00e9 \u00e0 froid offre une rigidit\u00e9 \u00e9lev\u00e9e.<\/li>\n<li>Le rail de roulement int\u00e9gr\u00e9 offre une utilisation optimale des colonnes de levage incluses dans la livraison.<\/li>\n<li>Le kit de g\u00e9om\u00e9trie des roues premium permet l&#8217;utilisation de tous les disques rotatifs recommand\u00e9s par Mercedes-Benz. Lorsqu&#8217;aucun disque rotatif n&#8217;est utilis\u00e9, les encoches peuvent \u00eatre compl\u00e8tement ferm\u00e9es \u00e0 l&#8217;aide des pi\u00e8ces de calage fournies en s\u00e9rie.<\/li>\n<li>Les sangles de cliquet r\u00e9glables dans les colonnes de levage permettent \u00e0 la plate-forme de levage d&#8217;\u00eatre align\u00e9e absolument horizontalement, ce qui est important pour un travail pr\u00e9cis lorsqu&#8217;elle est utilis\u00e9e comme pont de g\u00e9om\u00e9trie des roues. Une g\u00e9om\u00e9trie pr\u00e9cise des roues et un haut degr\u00e9 de s\u00e9curit\u00e9 sur le lieu de travail sont ainsi garantis.<\/li>\n<\/ul>\n<ul>\n<li>Tous les ponts \u00e9l\u00e9vateurs \u00e0 4 colonnes sont \u00e9quip\u00e9s d&#8217;un dispositif de stabilisation \u00e0 verrouillage pneumatique.<\/li>\n<li>Les rampes larges permettent une conduite s\u00fbre et confortable sur le pont des petits v\u00e9hicules de tourisme (Smart) juqu&#8217;\u00e0 la Classe V, aux SUV et fourgonnettes Sprinter sans avoir \u00e0 changer la largeur de la rampe.<\/li>\n<li>Les fonctions haut, bas et d&#8217;abaissement du syst\u00e8me de stabilisation peuvent \u00eatre facilement contr\u00f4l\u00e9es par des boutons de commande.<\/li>\n<li>Le v\u00e9rin de levage sans entretien est plac\u00e9 sous la surface de roulement et il est ainsi prot\u00e9g\u00e9 des influences ext\u00e9rieures.<\/li>\n<li>L&#8217;unit\u00e9 hydraulique \u00e0 haute performance garantit une course puissante et des p\u00e9riodes de levage et d&#8217;abaissement courtes.<\/li>\n<\/ul>\n","protected":false},"excerpt":{"rendered":"<p>6,5 t, \u00e9lectrohydraulique, longueur de voie 5500 mm, pour l&#8217;alignement des roues<\/p>\n","protected":false},"featured_media":350458,"template":"","meta":[],"product_brand":[],"product_cat":[1033496],"product_tag":[1034163],"product_approvals":[1014567,1014533,1014550],"product_application":[1037903],"class_list":{"0":"post-378881","1":"product","2":"type-product","3":"status-publish","4":"has-post-thumbnail","6":"product_cat-ponts-elevateurs-a-4-colonnes-fr","7":"product_tag-passenger-cars-fr","8":"product_approvals-maybach-fr","9":"product_approvals-mercedes-benz-fr","10":"product_approvals-smart-fr","11":"product_application-controle-geometrie-fr","13":"first","14":"instock","15":"shipping-taxable","16":"product-type-simple"},"approvals":[{"term_id":1014567,"name":"Maybach","slug":"maybach-fr","term_group":0,"term_taxonomy_id":1014566,"taxonomy":"product_approvals","description":"","parent":0,"count":33,"filter":"raw"},{"term_id":1014533,"name":"Mercedes-Benz","slug":"mercedes-benz-fr","term_group":0,"term_taxonomy_id":1014532,"taxonomy":"product_approvals","description":"","parent":0,"count":43,"filter":"raw"},{"term_id":1014550,"name":"Smart","slug":"smart-fr","term_group":0,"term_taxonomy_id":1014549,"taxonomy":"product_approvals","description":"","parent":0,"count":33,"filter":"raw"}],"application":[{"term_id":1037903,"name":"Controle geometrie","slug":"controle-geometrie-fr","term_group":0,"term_taxonomy_id":1037902,"taxonomy":"product_application","description":"","parent":0,"count":1,"filter":"raw","tax_image_id":""}],"brb_media_brochure":[{"id":350018,"url":"https:\/\/dev.codekraft.it\/rotary-2024\/wp-content\/uploads\/brb_media\/00409857_4-post-lift-sm55lt-sm65-br-126515-de-2019-04-screen.pdf","title":"4 post lift sm55lt sm65 br 126515 de 2019 04 screen","mpn":"","thumbnail":"https:\/\/dev.codekraft.it\/rotary-2024\/wp-content\/uploads\/brb_media\/00409857_4-post-lift-sm55lt-sm65-br-126515-de-2019-04-screen-pdf-106x150.png","description":""},{"id":350019,"url":"https:\/\/dev.codekraft.it\/rotary-2024\/wp-content\/uploads\/brb_media\/00409858_4-post-lift-sm55lt-sm65-br-126516-en-2019-04-screen.pdf","title":"4 post lift sm55lt sm65 br 126516 en 2019 04 screen","mpn":"","thumbnail":"https:\/\/dev.codekraft.it\/rotary-2024\/wp-content\/uploads\/brb_media\/00409858_4-post-lift-sm55lt-sm65-br-126516-en-2019-04-screen-pdf-106x150.png","description":""},{"id":350020,"url":"https:\/\/dev.codekraft.it\/rotary-2024\/wp-content\/uploads\/brb_media\/00409859_4-post-lift-sm55lt-sm65-br-126517-fr-2019-04-screen.pdf","title":"4 post lift sm55lt sm65 br 126517 fr 2019 04 screen","mpn":"","thumbnail":"https:\/\/dev.codekraft.it\/rotary-2024\/wp-content\/uploads\/brb_media\/00409859_4-post-lift-sm55lt-sm65-br-126517-fr-2019-04-screen-pdf-106x150.png","description":""},{"id":350021,"url":"https:\/\/dev.codekraft.it\/rotary-2024\/wp-content\/uploads\/brb_media\/00409860_4-post-lift-sm55lt-sm65-br-126518-it-2019-04-screen.pdf","title":"4 post lift sm55lt sm65 br 126518 it 2019 04 screen","mpn":"","thumbnail":"https:\/\/dev.codekraft.it\/rotary-2024\/wp-content\/uploads\/brb_media\/00409860_4-post-lift-sm55lt-sm65-br-126518-it-2019-04-screen-pdf-106x150.png","description":""},{"id":350022,"url":"https:\/\/dev.codekraft.it\/rotary-2024\/wp-content\/uploads\/brb_media\/00409861_4-post-lift-sm55lt-sm65-br-126519-es-2019-04-screen.pdf","title":"4 post lift sm55lt sm65 br 126519 es 2019 04 screen","mpn":"","thumbnail":"https:\/\/dev.codekraft.it\/rotary-2024\/wp-content\/uploads\/brb_media\/00409861_4-post-lift-sm55lt-sm65-br-126519-es-2019-04-screen-pdf-106x150.png","description":""},{"id":350023,"url":"https:\/\/dev.codekraft.it\/rotary-2024\/wp-content\/uploads\/brb_media\/00409862_4-post-lift-sm55lt-sm65-br-126520-ru-2019-04-screen.pdf","title":"4 post lift sm55lt sm65 br 126520 ru 2019 04 screen","mpn":"","thumbnail":"https:\/\/dev.codekraft.it\/rotary-2024\/wp-content\/uploads\/brb_media\/00409862_4-post-lift-sm55lt-sm65-br-126520-ru-2019-04-screen-pdf-106x150.png","description":""},{"id":349056,"url":"https:\/\/dev.codekraft.it\/rotary-2024\/wp-content\/uploads\/brb_media\/00472565_mercedes-benz-portfolio-br-128719-de-2021-03_screen.pdf","title":"Mercedes Benz Portfolio BR 128719 de 2021 03 screen","mpn":"","thumbnail":"https:\/\/dev.codekraft.it\/rotary-2024\/wp-content\/uploads\/brb_media\/00472565_mercedes-benz-portfolio-br-128719-de-2021-03_screen-pdf-106x150.png","description":""},{"id":349057,"url":"https:\/\/dev.codekraft.it\/rotary-2024\/wp-content\/uploads\/brb_media\/00472566_mercedes-benz-portfolio-br-128720-en-2021-03_screen.pdf","title":"Mercedes Benz Portfolio BR 128720 en 2021 03 screen","mpn":"","thumbnail":"https:\/\/dev.codekraft.it\/rotary-2024\/wp-content\/uploads\/brb_media\/00472566_mercedes-benz-portfolio-br-128720-en-2021-03_screen-pdf-106x150.png","description":""},{"id":349058,"url":"https:\/\/dev.codekraft.it\/rotary-2024\/wp-content\/uploads\/brb_media\/00472570_mercedes-benz-portfolio-br-128721-fr-2021-03_screen.pdf","title":"Mercedes Benz Portfolio BR 128721 fr 2021 03 screen","mpn":"","thumbnail":"https:\/\/dev.codekraft.it\/rotary-2024\/wp-content\/uploads\/brb_media\/00472570_mercedes-benz-portfolio-br-128721-fr-2021-03_screen-pdf-106x150.png","description":""},{"id":349059,"url":"https:\/\/dev.codekraft.it\/rotary-2024\/wp-content\/uploads\/brb_media\/00472567_mercedes-benz-portfolio-br-128722-it-2021-03_screen.pdf","title":"Mercedes Benz Portfolio BR 128722 it 2021 03 screen","mpn":"","thumbnail":"https:\/\/dev.codekraft.it\/rotary-2024\/wp-content\/uploads\/brb_media\/00472567_mercedes-benz-portfolio-br-128722-it-2021-03_screen-pdf-106x150.png","description":""},{"id":349060,"url":"https:\/\/dev.codekraft.it\/rotary-2024\/wp-content\/uploads\/brb_media\/00472568_mercedes-benz-portfolio-br-128723-es-2021-03_screen.pdf","title":"Mercedes Benz Portfolio BR 128723 es 2021 03 screen","mpn":"","thumbnail":"https:\/\/dev.codekraft.it\/rotary-2024\/wp-content\/uploads\/brb_media\/00472568_mercedes-benz-portfolio-br-128723-es-2021-03_screen-pdf-106x150.png","description":""},{"id":349061,"url":"https:\/\/dev.codekraft.it\/rotary-2024\/wp-content\/uploads\/brb_media\/00472569_mercedes-benz-portfolio-br-128724-ru-2021-03_screen.pdf","title":"Mercedes Benz Portfolio BR 128724 ru 2021 03 screen","mpn":"","thumbnail":"https:\/\/dev.codekraft.it\/rotary-2024\/wp-content\/uploads\/brb_media\/00472569_mercedes-benz-portfolio-br-128724-ru-2021-03_screen-pdf-106x150.png","description":""}],"brb_media_drawing":[{"id":350067,"url":"https:\/\/dev.codekraft.it\/rotary-2024\/wp-content\/uploads\/brb_media\/00407456_da_sm65_55b_8566.pdf","title":"da sm65 55b 8566","mpn":"","thumbnail":"https:\/\/dev.codekraft.it\/rotary-2024\/wp-content\/uploads\/brb_media\/00407456_da_sm65_55b_8566-pdf-150x106.png","description":""},{"id":350068,"url":"https:\/\/dev.codekraft.it\/rotary-2024\/wp-content\/uploads\/brb_media\/00407457_4-post-lift-bfp-sm65-55b_8703.pdf","title":"4 post lift bfp sm65 55b 8703","mpn":"","thumbnail":"https:\/\/dev.codekraft.it\/rotary-2024\/wp-content\/uploads\/brb_media\/00407457_4-post-lift-bfp-sm65-55b_8703-pdf-150x106.png","description":""},{"id":350069,"url":"https:\/\/dev.codekraft.it\/rotary-2024\/wp-content\/uploads\/brb_media\/00407458_kfp_sm65-55b_8570.pdf","title":"kfp sm65 55b 8570","mpn":"","thumbnail":"https:\/\/dev.codekraft.it\/rotary-2024\/wp-content\/uploads\/brb_media\/00407458_kfp_sm65-55b_8570-pdf-150x105.png","description":""},{"id":350070,"url":"https:\/\/dev.codekraft.it\/rotary-2024\/wp-content\/uploads\/brb_media\/00407459_rfp_sm65_55b_8563.pdf","title":"rfp sm65 55b 8563","mpn":"","thumbnail":"https:\/\/dev.codekraft.it\/rotary-2024\/wp-content\/uploads\/brb_media\/00407459_rfp_sm65_55b_8563-pdf-150x106.png","description":""},{"id":350071,"url":"https:\/\/dev.codekraft.it\/rotary-2024\/wp-content\/uploads\/brb_media\/00407622_4-post-lift-rfp_sm65_55mb_8568.pdf","title":"4 post lift rfp sm65 55mb 8568","mpn":"","thumbnail":"https:\/\/dev.codekraft.it\/rotary-2024\/wp-content\/uploads\/brb_media\/00407622_4-post-lift-rfp_sm65_55mb_8568-pdf-150x106.png","description":""}],"brb_media_manuals":[{"id":350024,"url":"https:\/\/dev.codekraft.it\/rotary-2024\/wp-content\/uploads\/brb_media\/00505061_4-post-lift-sm65-sm55lt-om-dc-sp-de_2023_01_revf.pdf","title":"4 post lift SM65 SM55LT OM DC SP de 2023 01 RevF","mpn":"","thumbnail":"https:\/\/dev.codekraft.it\/rotary-2024\/wp-content\/uploads\/brb_media\/00505061_4-post-lift-sm65-sm55lt-om-dc-sp-de_2023_01_revf-pdf-106x150.png","description":""},{"id":350053,"url":"https:\/\/dev.codekraft.it\/rotary-2024\/wp-content\/uploads\/brb_media\/00374106_4-post-lift-sm-55lt-65-om-en-2014-10-revd-screen.pdf","title":"4 post lift sm 55lt 65 om en 2014 10 revd screen","mpn":"","thumbnail":"https:\/\/dev.codekraft.it\/rotary-2024\/wp-content\/uploads\/brb_media\/00374106_4-post-lift-sm-55lt-65-om-en-2014-10-revd-screen-pdf-116x150.png","description":""},{"id":350054,"url":"https:\/\/dev.codekraft.it\/rotary-2024\/wp-content\/uploads\/brb_media\/00374107_4-post-lift-sm-55lt-65-sp-de-2017-05.pdf","title":"4 post lift sm 55lt 65 sp de 2017 05","mpn":"","thumbnail":"https:\/\/dev.codekraft.it\/rotary-2024\/wp-content\/uploads\/brb_media\/00374107_4-post-lift-sm-55lt-65-sp-de-2017-05-pdf-106x150.png","description":""}],"brb_media_safety_datasheets":"","brb_media_spare_parts":[],"_cdmm_p_id":"395987","_company":"Elektron","_gtin":"","accessories":[{"id":378460,"mpn":"RJ-X26-2","name":"Traverse de levage pour SM40-SM65 | 2,6 t","description":"2,6 t","thumbnail":"https:\/\/dev.codekraft.it\/rotary-2024\/wp-content\/uploads\/brb_media\/00041709_jacking-beam-rj-x26-1-mi-150x150.png","url":"https:\/\/dev.codekraft.it\/rotary-2024\/fr\/produits\/accessoires-ponts-elevateurs-fr\/accessoires-ponts-elevateurs-a-4-colonnes-fr\/traverse-de-levage-pour-sm40-sm65-26-t\/"},{"id":378466,"mpn":"T4","name":"Tampons en caoutchouc","description":"160 x 120 x 80 mm | 1 jeu \/ 4 pi\u00e8ces","thumbnail":"https:\/\/dev.codekraft.it\/rotary-2024\/wp-content\/uploads\/brb_media\/00287553-150x150.png","url":"https:\/\/dev.codekraft.it\/rotary-2024\/fr\/produits\/accessoires-ponts-elevateurs-fr\/accessoires-ponts-a-doubles-ciseaux-fr\/tampons-en-caoutchouc\/"},{"id":379044,"mpn":"AK-SM65-55N-7040","name":"Kit d&#039;alignement des roues Standard | pour SM65-55","description":"Type N, hauteur 50 mm, compos\u00e9s de t\u00f4les de remplissage et de 4 plaques coulissantes, sans plateau tournant | pour pont \u00e9l\u00e9vateur \u00e0 4 colonnes SM65-55 | Gris (RAL 7040) | prolongateur de rampe EXRMP-SM40N recommand\u00e9","thumbnail":"https:\/\/dev.codekraft.it\/rotary-2024\/wp-content\/uploads\/brb_media\/00309598_sm-65-alignment-kit-mi-150x150.png","url":"https:\/\/dev.codekraft.it\/rotary-2024\/fr\/produits\/accessoires-ponts-elevateurs-fr\/accessoires-ponts-elevateurs-a-ciseaux-fr\/kit-dalignement-des-roues-standard-pour-sm65-55\/"},{"id":379885,"mpn":"AK-P-SM65-55N-7015","name":"Kit d\u2019alignement des roues Premium | pour SM65-55","description":"Type N, pour niveau de chemin, sans plateau tournant | pour pont \u00e9l\u00e9vateur \u00e0 4 colonnes SM65-55 | Gris (RAL 7015)","thumbnail":"https:\/\/dev.codekraft.it\/rotary-2024\/wp-content\/uploads\/brb_media\/00393008_4-post-lift-wheel-alignment-kit-di-150x150.png","url":"https:\/\/dev.codekraft.it\/rotary-2024\/fr\/produits\/accessoires-ponts-elevateurs-fr\/accessoires-ponts-elevateurs-a-4-colonnes-fr\/kit-dalignement-des-roues-premium-pour-sm65-55\/"},{"id":381148,"mpn":"FJ6171-2KIT","name":"Prolongateurs de fixation 130 mm, pour traverse de levage 2,6 t","description":"Adaptateur pour RJ-X26-2F\/3F (1 jeu \/ 2 pi\u00e8ces)","thumbnail":"https:\/\/dev.codekraft.it\/rotary-2024\/wp-content\/uploads\/brb_media\/00489186_fj6171-2kit-mi-150x150.jpg","url":"https:\/\/dev.codekraft.it\/rotary-2024\/fr\/produits\/accessoires-ponts-elevateurs-fr\/accessoires-ponts-elevateurs-a-4-colonnes-fr\/prolongateurs-de-fixation-130-mm-pour-traverse-de-levage-26-t\/"},{"id":378983,"mpn":"RJ-X40-2","name":"Traverse de levage pour SM65 | 4,0 t","description":"4,0 t","thumbnail":"https:\/\/dev.codekraft.it\/rotary-2024\/wp-content\/uploads\/brb_media\/00309601_jacking-beam-rj-x40-1-mi-150x150.png","url":"https:\/\/dev.codekraft.it\/rotary-2024\/fr\/produits\/accessoires-ponts-elevateurs-fr\/accessoires-ponts-elevateurs-a-4-colonnes-fr\/traverse-de-levage-pour-sm65-40-t\/"},{"id":378959,"mpn":"AIRKIT-RJ01","name":"Kit de mise \u00e0 niveau Air supply","description":"Pour traverse de levage","thumbnail":"https:\/\/dev.codekraft.it\/rotary-2024\/wp-content\/uploads\/brb_media\/00312549_4-post-lift-air-supply-di-150x150.png","url":"https:\/\/dev.codekraft.it\/rotary-2024\/fr\/produits\/accessoires-ponts-elevateurs-fr\/accessoires-ponts-elevateurs-a-4-colonnes-fr\/kit-de-mise-a-niveau-air-supply\/"},{"id":378947,"mpn":"LED-KIT-480","name":"Kit d&#039;\u00e9clairage LED 4 fois, 24 V, 4800 mm","description":"","thumbnail":"https:\/\/dev.codekraft.it\/rotary-2024\/wp-content\/uploads\/brb_media\/00287577_s-40-50-lighting-set-mi-150x150.png","url":"https:\/\/dev.codekraft.it\/rotary-2024\/fr\/produits\/accessoires-ponts-elevateurs-fr\/accessoires-ponts-elevateurs-a-4-colonnes-fr\/kit-declairage-led-4-fois-24-v-4800-mm\/"},{"id":378977,"mpn":"RMP-SM40N","name":"Kit de rampes d&#039;acc\u00e8s","description":"Rampes suppl\u00e9mentaires, 900 mm","thumbnail":"https:\/\/dev.codekraft.it\/rotary-2024\/wp-content\/uploads\/brb_media\/00309599-150x150.png","url":"https:\/\/dev.codekraft.it\/rotary-2024\/fr\/produits\/accessoires-ponts-elevateurs-fr\/accessoires-ponts-elevateurs-a-4-colonnes-fr\/kit-de-rampes-dacces\/"},{"id":378965,"mpn":"EXRMP-SM40N","name":"Kit d\u2018extension pour rampes","description":"","thumbnail":"https:\/\/dev.codekraft.it\/rotary-2024\/wp-content\/uploads\/brb_media\/00393015_4-post-lift-extension-kit-for-ramps-di-150x150.png","url":"https:\/\/dev.codekraft.it\/rotary-2024\/fr\/produits\/accessoires-ponts-elevateurs-fr\/accessoires-ponts-elevateurs-a-4-colonnes-fr\/kit-dextension-pour-rampes\/"},{"id":381124,"mpn":"DZRMP-SM1NC","name":"Kit d&#039;encastrement SMxxN\/B, avec but\u00e9e CE, sans kit de parall\u00e9lisme","description":"4 rampes courtes, pour SM40-SM65","thumbnail":"https:\/\/dev.codekraft.it\/rotary-2024\/wp-content\/uploads\/brb_media\/00489182_dzrmp-sm1nc-mi-150x150.jpg","url":"https:\/\/dev.codekraft.it\/rotary-2024\/fr\/produits\/accessoires-ponts-elevateurs-fr\/accessoires-ponts-elevateurs-a-4-colonnes-fr\/kit-dencastrement-smxxn-b-avec-butee-ce-sans-kit-de-parallelisme\/"},{"id":381136,"mpn":"DZRMP-SM6NC","name":"Kit d&#039;encastrement SM55LT\/65\/N\/B, avec but\u00e9e CE, avec kit de parall\u00e9lisme","description":"4 rampes courtes, pour SM55LT\/65\/N\/B","thumbnail":"https:\/\/dev.codekraft.it\/rotary-2024\/wp-content\/uploads\/brb_media\/00489184_dzrmp-sm6nc-mi-150x150.jpg","url":"https:\/\/dev.codekraft.it\/rotary-2024\/fr\/produits\/accessoires-ponts-elevateurs-fr\/accessoires-ponts-elevateurs-a-4-colonnes-fr\/kit-dencastrement-sm55lt-65-n-b-avec-butee-ce-avec-kit-de-parallelisme\/"},{"id":378917,"mpn":"T4B","name":"Tampons en caoutchouc","description":"160 x 120 x 40 mm | 1 jeu \/ 4 pi\u00e8ces","thumbnail":"https:\/\/dev.codekraft.it\/rotary-2024\/wp-content\/uploads\/brb_media\/00393013_4-post-lift-rubber-pads-40mm-150x150.png","url":"https:\/\/dev.codekraft.it\/rotary-2024\/fr\/produits\/accessoires-ponts-elevateurs-fr\/accessoires-ponts-elevateurs-basse-levee-fr\/tampons-en-caoutchouc-2\/"}],"components":[],"related":[],"page_logo_src":"https:\/\/dev.codekraft.it\/rotary-2024\/wp-content\/uploads\/2024\/05\/cropped-rotary-logo-2022.png","lang":"fr","translations":{"fr":378881,"en":378879,"de":378880,"it":378882,"es":378883,"ru":378884},"pll_sync_post":[],"_links":{"self":[{"href":"https:\/\/dev.codekraft.it\/rotary-2024\/wp-json\/wp\/v2\/product\/378881","targetHints":{"allow":["GET"]}}],"collection":[{"href":"https:\/\/dev.codekraft.it\/rotary-2024\/wp-json\/wp\/v2\/product"}],"about":[{"href":"https:\/\/dev.codekraft.it\/rotary-2024\/wp-json\/wp\/v2\/types\/product"}],"wp:featuredmedia":[{"embeddable":true,"href":"https:\/\/dev.codekraft.it\/rotary-2024\/wp-json\/wp\/v2\/media\/350458"}],"wp:attachment":[{"href":"https:\/\/dev.codekraft.it\/rotary-2024\/wp-json\/wp\/v2\/media?parent=378881"}],"wp:term":[{"taxonomy":"product_brand","embeddable":true,"href":"https:\/\/dev.codekraft.it\/rotary-2024\/wp-json\/wp\/v2\/product_brand?post=378881"},{"taxonomy":"product_cat","embeddable":true,"href":"https:\/\/dev.codekraft.it\/rotary-2024\/wp-json\/wp\/v2\/product_cat?post=378881"},{"taxonomy":"product_tag","embeddable":true,"href":"https:\/\/dev.codekraft.it\/rotary-2024\/wp-json\/wp\/v2\/product_tag?post=378881"},{"taxonomy":"product_approvals","embeddable":true,"href":"https:\/\/dev.codekraft.it\/rotary-2024\/wp-json\/wp\/v2\/product_approvals?post=378881"},{"taxonomy":"product_application","embeddable":true,"href":"https:\/\/dev.codekraft.it\/rotary-2024\/wp-json\/wp\/v2\/product_application?post=378881"}],"curies":[{"name":"wp","href":"https:\/\/api.w.org\/{rel}","templated":true}]}}