{"id":378829,"date":"2025-04-01T06:23:31","date_gmt":"2025-04-01T06:23:31","guid":{"rendered":"https:\/\/dev.codekraft.it\/rotary-2024\/products\/uncategorized\/pont-elevateur-a-4-colonnes-vas-6358a\/"},"modified":"2025-04-01T06:23:31","modified_gmt":"2025-04-01T06:23:31","slug":"pont-elevateur-a-4-colonnes-vas-6358a","status":"publish","type":"product","link":"https:\/\/dev.codekraft.it\/rotary-2024\/fr\/produits\/ponts-elevateurs-fr\/ponts-elevateurs-a-4-colonnes-fr\/pont-elevateur-a-4-colonnes-vas-6358a\/","title":{"rendered":"Pont \u00e9l\u00e9vateur \u00e0 4 colonnes VAS 6358A"},"content":{"rendered":"<p>Le syst\u00e8me de levage \u00e9lectro-hydraulique 4 colonnes VAS 6358 A convient pour soulever toutes les voitures de tourisme, les v\u00e9hicules de transport (T5\/T6) et Crafter.\u00a0La plate-forme de levage convient pour l&#8217;alignement des roues.<\/p>\n<ul>\n<li>Chemins de roulement larges et stables<\/li>\n<li>Kit d&#8217;alignement de roue Premium pr\u00e9cis, disponible en option<\/li>\n<li>Convient \u00e0 toutes les voitures et fourgonnettes \u00e0 empattement Long<\/li>\n<\/ul>\n<ul>\n<li>Tous les ponts \u00e9l\u00e9vateurs \u00e0 4 colonnes sont \u00e9quip\u00e9s d&#8217;un syst\u00e8me de descente \u00e0 verrouillage pneumatique.<\/li>\n<li>Les larges chemins de roulement permettent un acc\u00e8s s\u00e9curis\u00e9 et pratique des petites voitures aux fourgonnettes ou SUV sans avoir \u00e0 changer la largeur des chemins.<\/li>\n<li>Le profil de surface de roulement form\u00e9 \u00e0 froid offre une rigidit\u00e9 \u00e9lev\u00e9e.<\/li>\n<li>Les rails int\u00e9gr\u00e9s \u00e0 la surface de roulement permettent de loger tous les v\u00e9rins de traverse disponibles sur le marh\u00e9.<\/li>\n<li>Un kit d&#8217;alignement des roues (AK) avec plaques coulissantes est disponible en particulier pour les travaux d&#8217;alignement des roues pr\u00e9cis.<\/li>\n<li>Les \u00e9videments int\u00e9gr\u00e9s de la surface d&#8217;acc\u00e8s permettent d&#8217;installer toutes les plaques rotatives standard. Si aucune plaque rotative n&#8217;est utilis\u00e9e, les \u00e9videments peuvent \u00eatre ferm\u00e9s compl\u00e8tement avec les pi\u00e8ces de remplissage incluses.<\/li>\n<li>Les barres de cliquet r\u00e9glables dans les colonnes de levage permettent un alignement absolument horizontal du pont \u00e9l\u00e9vateur (important pour le travail pr\u00e9cis lorsqu&#8217;il est utilis\u00e9 comme \u00e9l\u00e9vateur pour l&#8217;alignement de roues. Cela garantit un alignement pr\u00e9cis des roues et un haut degr\u00e9 de s\u00e9curit\u00e9 au travail.<\/li>\n<\/ul>\n<ul>\n<li>Les fonctions Haut, Bas et de descente du syst\u00e8me de descente peuvent \u00eatre contr\u00f4l\u00e9es par des touches de commande.<\/li>\n<li>Prot\u00e9g\u00e9 contre les influences ext\u00e9rieures, le v\u00e9rin de levage sans entretien est positionn\u00e9 sous la surface de roulement.<\/li>\n<li>La puissante unit\u00e9 hydraulique silencieuse assure un levage puissant et des temps de levage et de descente courts.<\/li>\n<\/ul>\n","protected":false},"excerpt":{"rendered":"<p>6,5 t, \u00e9lectrohydraulique, longueur 5500 mm, alignement des roues en option<\/p>\n","protected":false},"featured_media":350355,"template":"","meta":[],"product_brand":[],"product_cat":[1033496],"product_tag":[1034197,1034180,1034163],"product_approvals":[1013890,1013873,1013907,1013992,1013924,1013975,1013958,1013941],"product_application":[],"class_list":{"0":"post-378829","1":"product","2":"type-product","3":"status-publish","4":"has-post-thumbnail","6":"product_cat-ponts-elevateurs-a-4-colonnes-fr","7":"product_tag-motor-homes-fr","8":"product_tag-light-commercial-fr","9":"product_tag-passenger-cars-fr","10":"product_approvals-audi-fr","11":"product_approvals-bentley-fr","12":"product_approvals-bugatti-fr","13":"product_approvals-lamborghini-fr","14":"product_approvals-porsche-fr","15":"product_approvals-seat-fr","16":"product_approvals-skoda-fr","17":"product_approvals-vw-fr","19":"first","20":"instock","21":"shipping-taxable","22":"product-type-simple"},"approvals":[{"term_id":1013890,"name":"Audi","slug":"audi-fr","term_group":0,"term_taxonomy_id":1013889,"taxonomy":"product_approvals","description":"","parent":0,"count":26,"filter":"raw"},{"term_id":1013873,"name":"Bentley","slug":"bentley-fr","term_group":0,"term_taxonomy_id":1013872,"taxonomy":"product_approvals","description":"","parent":0,"count":26,"filter":"raw"},{"term_id":1013907,"name":"Bugatti","slug":"bugatti-fr","term_group":0,"term_taxonomy_id":1013906,"taxonomy":"product_approvals","description":"","parent":0,"count":26,"filter":"raw"},{"term_id":1013992,"name":"Lamborghini","slug":"lamborghini-fr","term_group":0,"term_taxonomy_id":1013991,"taxonomy":"product_approvals","description":"","parent":0,"count":26,"filter":"raw"},{"term_id":1013924,"name":"Porsche","slug":"porsche-fr","term_group":0,"term_taxonomy_id":1013923,"taxonomy":"product_approvals","description":"","parent":0,"count":24,"filter":"raw"},{"term_id":1013975,"name":"Seat","slug":"seat-fr","term_group":0,"term_taxonomy_id":1013974,"taxonomy":"product_approvals","description":"","parent":0,"count":26,"filter":"raw"},{"term_id":1013958,"name":"Skoda","slug":"skoda-fr","term_group":0,"term_taxonomy_id":1013957,"taxonomy":"product_approvals","description":"","parent":0,"count":23,"filter":"raw"},{"term_id":1013941,"name":"VW","slug":"vw-fr","term_group":0,"term_taxonomy_id":1013940,"taxonomy":"product_approvals","description":"","parent":0,"count":26,"filter":"raw"}],"application":[],"brb_media_brochure":[{"id":350312,"url":"https:\/\/dev.codekraft.it\/rotary-2024\/wp-content\/uploads\/brb_media\/00409949_vw-approvals-br-127168-de-2019-04-screen.pdf","title":"vw approvals br 127168 de 2019 04 screen","mpn":"","thumbnail":"https:\/\/dev.codekraft.it\/rotary-2024\/wp-content\/uploads\/brb_media\/00409949_vw-approvals-br-127168-de-2019-04-screen-pdf-106x150.png","description":""},{"id":350313,"url":"https:\/\/dev.codekraft.it\/rotary-2024\/wp-content\/uploads\/brb_media\/00409950_vw-approvals-br-127169-en-2019-04-screen.pdf","title":"vw approvals br 127169 en 2019 04 screen","mpn":"","thumbnail":"https:\/\/dev.codekraft.it\/rotary-2024\/wp-content\/uploads\/brb_media\/00409950_vw-approvals-br-127169-en-2019-04-screen-pdf-106x150.png","description":""},{"id":350314,"url":"https:\/\/dev.codekraft.it\/rotary-2024\/wp-content\/uploads\/brb_media\/00409951_vw-approvals-br-127170-fr-2019-04-screen.pdf","title":"vw approvals br 127170 fr 2019 04 screen","mpn":"","thumbnail":"https:\/\/dev.codekraft.it\/rotary-2024\/wp-content\/uploads\/brb_media\/00409951_vw-approvals-br-127170-fr-2019-04-screen-pdf-106x150.png","description":""},{"id":350315,"url":"https:\/\/dev.codekraft.it\/rotary-2024\/wp-content\/uploads\/brb_media\/00409952_vw-approvals-br-127171-it-2019-04-screen.pdf","title":"vw approvals br 127171 it 2019 04 screen","mpn":"","thumbnail":"https:\/\/dev.codekraft.it\/rotary-2024\/wp-content\/uploads\/brb_media\/00409952_vw-approvals-br-127171-it-2019-04-screen-pdf-106x150.png","description":""},{"id":350316,"url":"https:\/\/dev.codekraft.it\/rotary-2024\/wp-content\/uploads\/brb_media\/00409953_vw-approvals-br-127172-es-2019-04-screen.pdf","title":"vw approvals br 127172 es 2019 04 screen","mpn":"","thumbnail":"https:\/\/dev.codekraft.it\/rotary-2024\/wp-content\/uploads\/brb_media\/00409953_vw-approvals-br-127172-es-2019-04-screen-pdf-106x150.png","description":""},{"id":350317,"url":"https:\/\/dev.codekraft.it\/rotary-2024\/wp-content\/uploads\/brb_media\/00409954_vw-approvals-br-127173-ru-2019-04-screen.pdf","title":"vw approvals br 127173 ru 2019 04 screen","mpn":"","thumbnail":"https:\/\/dev.codekraft.it\/rotary-2024\/wp-content\/uploads\/brb_media\/00409954_vw-approvals-br-127173-ru-2019-04-screen-pdf-106x150.png","description":""}],"brb_media_drawing":[{"id":350067,"url":"https:\/\/dev.codekraft.it\/rotary-2024\/wp-content\/uploads\/brb_media\/00407456_da_sm65_55b_8566.pdf","title":"da sm65 55b 8566","mpn":"","thumbnail":"https:\/\/dev.codekraft.it\/rotary-2024\/wp-content\/uploads\/brb_media\/00407456_da_sm65_55b_8566-pdf-150x106.png","description":""},{"id":350069,"url":"https:\/\/dev.codekraft.it\/rotary-2024\/wp-content\/uploads\/brb_media\/00407458_kfp_sm65-55b_8570.pdf","title":"kfp sm65 55b 8570","mpn":"","thumbnail":"https:\/\/dev.codekraft.it\/rotary-2024\/wp-content\/uploads\/brb_media\/00407458_kfp_sm65-55b_8570-pdf-150x105.png","description":""},{"id":350070,"url":"https:\/\/dev.codekraft.it\/rotary-2024\/wp-content\/uploads\/brb_media\/00407459_rfp_sm65_55b_8563.pdf","title":"rfp sm65 55b 8563","mpn":"","thumbnail":"https:\/\/dev.codekraft.it\/rotary-2024\/wp-content\/uploads\/brb_media\/00407459_rfp_sm65_55b_8563-pdf-150x106.png","description":""},{"id":350068,"url":"https:\/\/dev.codekraft.it\/rotary-2024\/wp-content\/uploads\/brb_media\/00407457_4-post-lift-bfp-sm65-55b_8703.pdf","title":"4 post lift bfp sm65 55b 8703","mpn":"","thumbnail":"https:\/\/dev.codekraft.it\/rotary-2024\/wp-content\/uploads\/brb_media\/00407457_4-post-lift-bfp-sm65-55b_8703-pdf-150x106.png","description":""},{"id":350071,"url":"https:\/\/dev.codekraft.it\/rotary-2024\/wp-content\/uploads\/brb_media\/00407622_4-post-lift-rfp_sm65_55mb_8568.pdf","title":"4 post lift rfp sm65 55mb 8568","mpn":"","thumbnail":"https:\/\/dev.codekraft.it\/rotary-2024\/wp-content\/uploads\/brb_media\/00407622_4-post-lift-rfp_sm65_55mb_8568-pdf-150x106.png","description":""}],"brb_media_manuals":[{"id":350024,"url":"https:\/\/dev.codekraft.it\/rotary-2024\/wp-content\/uploads\/brb_media\/00505061_4-post-lift-sm65-sm55lt-om-dc-sp-de_2023_01_revf.pdf","title":"4 post lift SM65 SM55LT OM DC SP de 2023 01 RevF","mpn":"","thumbnail":"https:\/\/dev.codekraft.it\/rotary-2024\/wp-content\/uploads\/brb_media\/00505061_4-post-lift-sm65-sm55lt-om-dc-sp-de_2023_01_revf-pdf-106x150.png","description":""},{"id":350053,"url":"https:\/\/dev.codekraft.it\/rotary-2024\/wp-content\/uploads\/brb_media\/00374106_4-post-lift-sm-55lt-65-om-en-2014-10-revd-screen.pdf","title":"4 post lift sm 55lt 65 om en 2014 10 revd screen","mpn":"","thumbnail":"https:\/\/dev.codekraft.it\/rotary-2024\/wp-content\/uploads\/brb_media\/00374106_4-post-lift-sm-55lt-65-om-en-2014-10-revd-screen-pdf-116x150.png","description":""},{"id":350054,"url":"https:\/\/dev.codekraft.it\/rotary-2024\/wp-content\/uploads\/brb_media\/00374107_4-post-lift-sm-55lt-65-sp-de-2017-05.pdf","title":"4 post lift sm 55lt 65 sp de 2017 05","mpn":"","thumbnail":"https:\/\/dev.codekraft.it\/rotary-2024\/wp-content\/uploads\/brb_media\/00374107_4-post-lift-sm-55lt-65-sp-de-2017-05-pdf-106x150.png","description":""}],"brb_media_safety_datasheets":"","brb_media_spare_parts":[],"_cdmm_p_id":"372456","_company":"Elektron","_gtin":"","accessories":[{"id":378460,"mpn":"RJ-X26-2","name":"Traverse de levage pour SM40-SM65 | 2,6 t","description":"2,6 t","thumbnail":"https:\/\/dev.codekraft.it\/rotary-2024\/wp-content\/uploads\/brb_media\/00041709_jacking-beam-rj-x26-1-mi-150x150.png","url":"https:\/\/dev.codekraft.it\/rotary-2024\/fr\/produits\/accessoires-ponts-elevateurs-fr\/accessoires-ponts-elevateurs-a-4-colonnes-fr\/traverse-de-levage-pour-sm40-sm65-26-t\/"},{"id":378983,"mpn":"RJ-X40-2","name":"Traverse de levage pour SM65 | 4,0 t","description":"4,0 t","thumbnail":"https:\/\/dev.codekraft.it\/rotary-2024\/wp-content\/uploads\/brb_media\/00309601_jacking-beam-rj-x40-1-mi-150x150.png","url":"https:\/\/dev.codekraft.it\/rotary-2024\/fr\/produits\/accessoires-ponts-elevateurs-fr\/accessoires-ponts-elevateurs-a-4-colonnes-fr\/traverse-de-levage-pour-sm65-40-t\/"},{"id":378947,"mpn":"LED-KIT-480","name":"Kit d&#039;\u00e9clairage LED 4 fois, 24 V, 4800 mm","description":"","thumbnail":"https:\/\/dev.codekraft.it\/rotary-2024\/wp-content\/uploads\/brb_media\/00287577_s-40-50-lighting-set-mi-150x150.png","url":"https:\/\/dev.codekraft.it\/rotary-2024\/fr\/produits\/accessoires-ponts-elevateurs-fr\/accessoires-ponts-elevateurs-a-4-colonnes-fr\/kit-declairage-led-4-fois-24-v-4800-mm\/"},{"id":378977,"mpn":"RMP-SM40N","name":"Kit de rampes d&#039;acc\u00e8s","description":"Rampes suppl\u00e9mentaires, 900 mm","thumbnail":"https:\/\/dev.codekraft.it\/rotary-2024\/wp-content\/uploads\/brb_media\/00309599-150x150.png","url":"https:\/\/dev.codekraft.it\/rotary-2024\/fr\/produits\/accessoires-ponts-elevateurs-fr\/accessoires-ponts-elevateurs-a-4-colonnes-fr\/kit-de-rampes-dacces\/"},{"id":378965,"mpn":"EXRMP-SM40N","name":"Kit d\u2018extension pour rampes","description":"","thumbnail":"https:\/\/dev.codekraft.it\/rotary-2024\/wp-content\/uploads\/brb_media\/00393015_4-post-lift-extension-kit-for-ramps-di-150x150.png","url":"https:\/\/dev.codekraft.it\/rotary-2024\/fr\/produits\/accessoires-ponts-elevateurs-fr\/accessoires-ponts-elevateurs-a-4-colonnes-fr\/kit-dextension-pour-rampes\/"},{"id":378959,"mpn":"AIRKIT-RJ01","name":"Kit de mise \u00e0 niveau Air supply","description":"Pour traverse de levage","thumbnail":"https:\/\/dev.codekraft.it\/rotary-2024\/wp-content\/uploads\/brb_media\/00312549_4-post-lift-air-supply-di-150x150.png","url":"https:\/\/dev.codekraft.it\/rotary-2024\/fr\/produits\/accessoires-ponts-elevateurs-fr\/accessoires-ponts-elevateurs-a-4-colonnes-fr\/kit-de-mise-a-niveau-air-supply\/"},{"id":379885,"mpn":"AK-P-SM65-55N-7015","name":"Kit d\u2019alignement des roues Premium | pour SM65-55","description":"Type N, pour niveau de chemin, sans plateau tournant | pour pont \u00e9l\u00e9vateur \u00e0 4 colonnes SM65-55 | Gris (RAL 7015)","thumbnail":"https:\/\/dev.codekraft.it\/rotary-2024\/wp-content\/uploads\/brb_media\/00393008_4-post-lift-wheel-alignment-kit-di-150x150.png","url":"https:\/\/dev.codekraft.it\/rotary-2024\/fr\/produits\/accessoires-ponts-elevateurs-fr\/accessoires-ponts-elevateurs-a-4-colonnes-fr\/kit-dalignement-des-roues-premium-pour-sm65-55\/"},{"id":381148,"mpn":"FJ6171-2KIT","name":"Prolongateurs de fixation 130 mm, pour traverse de levage 2,6 t","description":"Adaptateur pour RJ-X26-2F\/3F (1 jeu \/ 2 pi\u00e8ces)","thumbnail":"https:\/\/dev.codekraft.it\/rotary-2024\/wp-content\/uploads\/brb_media\/00489186_fj6171-2kit-mi-150x150.jpg","url":"https:\/\/dev.codekraft.it\/rotary-2024\/fr\/produits\/accessoires-ponts-elevateurs-fr\/accessoires-ponts-elevateurs-a-4-colonnes-fr\/prolongateurs-de-fixation-130-mm-pour-traverse-de-levage-26-t\/"},{"id":381124,"mpn":"DZRMP-SM1NC","name":"Kit d&#039;encastrement SMxxN\/B, avec but\u00e9e CE, sans kit de parall\u00e9lisme","description":"4 rampes courtes, pour SM40-SM65","thumbnail":"https:\/\/dev.codekraft.it\/rotary-2024\/wp-content\/uploads\/brb_media\/00489182_dzrmp-sm1nc-mi-150x150.jpg","url":"https:\/\/dev.codekraft.it\/rotary-2024\/fr\/produits\/accessoires-ponts-elevateurs-fr\/accessoires-ponts-elevateurs-a-4-colonnes-fr\/kit-dencastrement-smxxn-b-avec-butee-ce-sans-kit-de-parallelisme\/"},{"id":381130,"mpn":"DZRMP-SM3NC","name":"Kit d&#039;encastrement SM40N\/B, avec but\u00e9e CE, avec kit de parall\u00e9lisme","description":"4 rampes courtes, pour SM40","thumbnail":"https:\/\/dev.codekraft.it\/rotary-2024\/wp-content\/uploads\/brb_media\/00489183_dzrmp-sm3nc-mi-150x150.png","url":"https:\/\/dev.codekraft.it\/rotary-2024\/fr\/produits\/accessoires-ponts-elevateurs-fr\/accessoires-ponts-elevateurs-a-4-colonnes-fr\/kit-dencastrement-sm40n-b-avec-butee-ce-avec-kit-de-parallelisme\/"},{"id":381136,"mpn":"DZRMP-SM6NC","name":"Kit d&#039;encastrement SM55LT\/65\/N\/B, avec but\u00e9e CE, avec kit de parall\u00e9lisme","description":"4 rampes courtes, pour SM55LT\/65\/N\/B","thumbnail":"https:\/\/dev.codekraft.it\/rotary-2024\/wp-content\/uploads\/brb_media\/00489184_dzrmp-sm6nc-mi-150x150.jpg","url":"https:\/\/dev.codekraft.it\/rotary-2024\/fr\/produits\/accessoires-ponts-elevateurs-fr\/accessoires-ponts-elevateurs-a-4-colonnes-fr\/kit-dencastrement-sm55lt-65-n-b-avec-butee-ce-avec-kit-de-parallelisme\/"}],"components":[],"related":[],"page_logo_src":"https:\/\/dev.codekraft.it\/rotary-2024\/wp-content\/uploads\/2024\/05\/cropped-rotary-logo-2022.png","lang":"fr","translations":{"fr":378829,"en":378827,"de":378828,"it":378830,"es":378831,"ru":378832},"pll_sync_post":[],"_links":{"self":[{"href":"https:\/\/dev.codekraft.it\/rotary-2024\/wp-json\/wp\/v2\/product\/378829","targetHints":{"allow":["GET"]}}],"collection":[{"href":"https:\/\/dev.codekraft.it\/rotary-2024\/wp-json\/wp\/v2\/product"}],"about":[{"href":"https:\/\/dev.codekraft.it\/rotary-2024\/wp-json\/wp\/v2\/types\/product"}],"wp:featuredmedia":[{"embeddable":true,"href":"https:\/\/dev.codekraft.it\/rotary-2024\/wp-json\/wp\/v2\/media\/350355"}],"wp:attachment":[{"href":"https:\/\/dev.codekraft.it\/rotary-2024\/wp-json\/wp\/v2\/media?parent=378829"}],"wp:term":[{"taxonomy":"product_brand","embeddable":true,"href":"https:\/\/dev.codekraft.it\/rotary-2024\/wp-json\/wp\/v2\/product_brand?post=378829"},{"taxonomy":"product_cat","embeddable":true,"href":"https:\/\/dev.codekraft.it\/rotary-2024\/wp-json\/wp\/v2\/product_cat?post=378829"},{"taxonomy":"product_tag","embeddable":true,"href":"https:\/\/dev.codekraft.it\/rotary-2024\/wp-json\/wp\/v2\/product_tag?post=378829"},{"taxonomy":"product_approvals","embeddable":true,"href":"https:\/\/dev.codekraft.it\/rotary-2024\/wp-json\/wp\/v2\/product_approvals?post=378829"},{"taxonomy":"product_application","embeddable":true,"href":"https:\/\/dev.codekraft.it\/rotary-2024\/wp-json\/wp\/v2\/product_application?post=378829"}],"curies":[{"name":"wp","href":"https:\/\/api.w.org\/{rel}","templated":true}]}}