{"id":378046,"date":"2024-06-20T10:13:55","date_gmt":"2024-06-20T10:13:55","guid":{"rendered":"https:\/\/dev.codekraft.it\/rotary-2024\/products\/uncategorized\/regulateurs-portables-de-pression-des-pneus-pneustar-2\/"},"modified":"2024-06-20T10:13:55","modified_gmt":"2024-06-20T10:13:55","slug":"regulateurs-portables-de-pression-des-pneus-pneustar-2","status":"publish","type":"product","link":"https:\/\/dev.codekraft.it\/rotary-2024\/fr\/produits\/service-de-pneus-fr\/gonfleur-manometres-pression-pneu-fr\/regulateurs-portables-de-pression-des-pneus-pneustar-2\/","title":{"rendered":"R\u00e9gulateurs portables de pression des pneus Pneustar 2"},"content":{"rendered":"<p>Le dispositif de gonflage portable de pression des pneus Pneustar 2 avec r\u00e9servoir de stockage transporte de l&#8217;air comprim\u00e9 en permanence.<\/p>\n<ul>\n<li>Filtre de pression des pneus portable<\/li>\n<li>R\u00e9servoir d&#8217;air comprim\u00e9 avec un volume de gonflage de 6 l<\/li>\n<li>Dispositif de gonflage automatique<\/li>\n<\/ul>\n<ul>\n<li>Manom\u00e8tre de pr\u00e9cision plac\u00e9 de fa\u00e7on inclin\u00e9e (\u00d8 160 mm): Il permet un \u00e9coulement optimal de l&#8217;eau et une lecture non r\u00e9fl\u00e9chissante.<\/li>\n<li>R\u00e9servoir de stockage de l&#8217;air comprim\u00e9 : R\u00e9servoir d&#8217;air comprim\u00e9 mobile dans un mod\u00e8le galvanis\u00e9 avec un volume de gonflage de 6 l.<\/li>\n<li>Disque de s\u00e9curit\u00e9 rempla\u00e7able : Le service apr\u00e8s-vente joue un r\u00f4le important &#8211; afin de r\u00e9duire les co\u00fbts de maintenance.<\/li>\n<li>Grande distance entre la cloche de gonflage et le manom\u00e8tre : Elle permet de prot\u00e9ger le manom\u00e8tre de pr\u00e9cision au moment de soulever le r\u00e9gulateur de pression des pneus du dispositif de gonflage.<\/li>\n<li>Tuyau de gonflage de 800 mm de longueur : En liaison avec un connecteur pour station-service en s\u00e9rie bilat\u00e9rale, m\u00eame des valves difficilement accessibles peuvent \u00eatre atteintes de fa\u00e7on optimale et les mains restent toujours propres.<\/li>\n<li>Conception au poids optimis\u00e9 : Gr\u00e2ce \u00e0 l&#8217;utilisation d&#8217;alliages l\u00e9gers d&#8217;aluminium et de mati\u00e8res plastiques r\u00e9sistantes aux chocs, le poids total est r\u00e9duit au minimum.<\/li>\n<li>Protection contre la surpression jusqu&#8217;\u00e0 16 bar : Des m\u00e9canismes de protection int\u00e9gr\u00e9s emp\u00eachent le manom\u00e8tre d&#8217;\u00eatre endommag\u00e9 en cas d&#8217;alimentation excessive involontaire en pression.<\/li>\n<li>Autorisation PTB : Tous les r\u00e9gulateurs de pression des pneus BLITZ disposent de l&#8217;autorisation de l&#8217;Institut f\u00e9d\u00e9ral physicotechnique de Braunschweig (PTB).<\/li>\n<li>Centre de gravit\u00e9 bas : La construction intelligente assure un niveau de stabilit\u00e9 particuli\u00e8rement \u00e9lev\u00e9.<\/li>\n<\/ul>\n<ul>\n<li>Poign\u00e9e ergonomique en caoutchouc : Le mat\u00e9riau antid\u00e9rapant, qui n&#8217;ab\u00eeme pas la peau, permet un confort de port agr\u00e9able du r\u00e9gulateur de pression des pneus.<\/li>\n<li>Pieds de support en \u00e9lastom\u00e8re : La propri\u00e9t\u00e9 d&#8217;amortissement \u00e9lev\u00e9 du mat\u00e9riau sert \u00e0 prot\u00e9ger le manom\u00e8tre en cas de chute brutale.<\/li>\n<li>Commande \u00e0 deux boutons : Les boutons facilement r\u00e9glables et prot\u00e9g\u00e9s de l&#8217;eau et de la poussi\u00e8re servent au gonflage et \u00e0 l&#8217;\u00e9vacuation de l&#8217;air.<\/li>\n<li>Dispositif de gonflage automatique : Le dispositif de gonflage, compos\u00e9 d&#8217;une cloche de gonflage et d&#8217;une soupape de gonflage (pendant), sert \u00e9galement \u00e0 ranger le r\u00e9gulateur de pression des pneus.<\/li>\n<\/ul>\n","protected":false},"excerpt":{"rendered":"<p>0-10 bar (0-140 psi), Tuyau de gonflage avec connecteur pour station-service bilat\u00e9ral<\/p>\n","protected":false},"featured_media":349123,"template":"","meta":[],"product_brand":[],"product_cat":[1033600],"product_tag":[1034145,1034128,1034197,1035648,1035682,1034262,1035665,1034180,1034231,1034214,1034163],"product_approvals":[1014533],"product_application":[],"class_list":{"0":"post-378046","1":"product","2":"type-product","3":"status-publish","4":"has-post-thumbnail","6":"product_cat-gonfleur-manometres-pression-pneu-fr","7":"product_tag-buses-fr","8":"product_tag-trucks-fr","9":"product_tag-motor-homes-fr","10":"product_tag-motorbikes-fr","11":"product_tag-quad-bikes-fr","12":"product_tag-remorques-fr","13":"product_tag-scooter-fr","14":"product_tag-light-commercial-fr","15":"product_tag-tracked-vehicles-fr","16":"product_tag-agricultural-machines-fr","17":"product_tag-passenger-cars-fr","18":"product_approvals-mercedes-benz-fr","20":"first","21":"instock","22":"shipping-taxable","23":"product-type-simple"},"approvals":[{"term_id":1014533,"name":"Mercedes-Benz","slug":"mercedes-benz-fr","term_group":0,"term_taxonomy_id":1014532,"taxonomy":"product_approvals","description":"","parent":0,"count":43,"filter":"raw"}],"application":[],"brb_media_brochure":[{"id":349032,"url":"https:\/\/dev.codekraft.it\/rotary-2024\/wp-content\/uploads\/brb_media\/00355450_tyre-pressure-regulator-br-110086-de-2016-12-screen.pdf","title":"tyre pressure regulator br 110086 de 2016 12 screen","mpn":"","thumbnail":"https:\/\/dev.codekraft.it\/rotary-2024\/wp-content\/uploads\/brb_media\/00355450_tyre-pressure-regulator-br-110086-de-2016-12-screen-pdf-150x106.png","description":""},{"id":349033,"url":"https:\/\/dev.codekraft.it\/rotary-2024\/wp-content\/uploads\/brb_media\/00224232_reifendruckregler_en_2010_11_screen.pdf","title":"reifendruckregler en 2010 11 screen","mpn":"","thumbnail":"https:\/\/dev.codekraft.it\/rotary-2024\/wp-content\/uploads\/brb_media\/00224232_reifendruckregler_en_2010_11_screen-pdf-106x150.png","description":""},{"id":349035,"url":"https:\/\/dev.codekraft.it\/rotary-2024\/wp-content\/uploads\/brb_media\/00355452_tyre-pressure-regulator-br-110088-fr-2016-12-screen.pdf","title":"tyre pressure regulator br 110088 fr 2016 12 screen","mpn":"","thumbnail":"https:\/\/dev.codekraft.it\/rotary-2024\/wp-content\/uploads\/brb_media\/00355452_tyre-pressure-regulator-br-110088-fr-2016-12-screen-pdf-150x106.png","description":""},{"id":349036,"url":"https:\/\/dev.codekraft.it\/rotary-2024\/wp-content\/uploads\/brb_media\/00355453_tyre-pressure-regulator-br-110089-it-2016-12-screen.pdf","title":"tyre pressure regulator br 110089 it 2016 12 screen","mpn":"","thumbnail":"https:\/\/dev.codekraft.it\/rotary-2024\/wp-content\/uploads\/brb_media\/00355453_tyre-pressure-regulator-br-110089-it-2016-12-screen-pdf-150x106.png","description":""},{"id":349034,"url":"https:\/\/dev.codekraft.it\/rotary-2024\/wp-content\/uploads\/brb_media\/00355454_tyre-pressure-regulator-br-110090-es-2016-12-screen.pdf","title":"tyre pressure regulator br 110090 es 2016 12 screen","mpn":"","thumbnail":"https:\/\/dev.codekraft.it\/rotary-2024\/wp-content\/uploads\/brb_media\/00355454_tyre-pressure-regulator-br-110090-es-2016-12-screen-pdf-150x106.png","description":""},{"id":349037,"url":"https:\/\/dev.codekraft.it\/rotary-2024\/wp-content\/uploads\/brb_media\/00355456_tyre-pressure-regulator-br-110087-ru-2016-12-screen.pdf","title":"tyre pressure regulator br 110087 ru 2016 12 screen","mpn":"","thumbnail":"https:\/\/dev.codekraft.it\/rotary-2024\/wp-content\/uploads\/brb_media\/00355456_tyre-pressure-regulator-br-110087-ru-2016-12-screen-pdf-150x106.png","description":""},{"id":349056,"url":"https:\/\/dev.codekraft.it\/rotary-2024\/wp-content\/uploads\/brb_media\/00472565_mercedes-benz-portfolio-br-128719-de-2021-03_screen.pdf","title":"Mercedes Benz Portfolio BR 128719 de 2021 03 screen","mpn":"","thumbnail":"https:\/\/dev.codekraft.it\/rotary-2024\/wp-content\/uploads\/brb_media\/00472565_mercedes-benz-portfolio-br-128719-de-2021-03_screen-pdf-106x150.png","description":""},{"id":349057,"url":"https:\/\/dev.codekraft.it\/rotary-2024\/wp-content\/uploads\/brb_media\/00472566_mercedes-benz-portfolio-br-128720-en-2021-03_screen.pdf","title":"Mercedes Benz Portfolio BR 128720 en 2021 03 screen","mpn":"","thumbnail":"https:\/\/dev.codekraft.it\/rotary-2024\/wp-content\/uploads\/brb_media\/00472566_mercedes-benz-portfolio-br-128720-en-2021-03_screen-pdf-106x150.png","description":""},{"id":349058,"url":"https:\/\/dev.codekraft.it\/rotary-2024\/wp-content\/uploads\/brb_media\/00472570_mercedes-benz-portfolio-br-128721-fr-2021-03_screen.pdf","title":"Mercedes Benz Portfolio BR 128721 fr 2021 03 screen","mpn":"","thumbnail":"https:\/\/dev.codekraft.it\/rotary-2024\/wp-content\/uploads\/brb_media\/00472570_mercedes-benz-portfolio-br-128721-fr-2021-03_screen-pdf-106x150.png","description":""},{"id":349059,"url":"https:\/\/dev.codekraft.it\/rotary-2024\/wp-content\/uploads\/brb_media\/00472567_mercedes-benz-portfolio-br-128722-it-2021-03_screen.pdf","title":"Mercedes Benz Portfolio BR 128722 it 2021 03 screen","mpn":"","thumbnail":"https:\/\/dev.codekraft.it\/rotary-2024\/wp-content\/uploads\/brb_media\/00472567_mercedes-benz-portfolio-br-128722-it-2021-03_screen-pdf-106x150.png","description":""},{"id":349060,"url":"https:\/\/dev.codekraft.it\/rotary-2024\/wp-content\/uploads\/brb_media\/00472568_mercedes-benz-portfolio-br-128723-es-2021-03_screen.pdf","title":"Mercedes Benz Portfolio BR 128723 es 2021 03 screen","mpn":"","thumbnail":"https:\/\/dev.codekraft.it\/rotary-2024\/wp-content\/uploads\/brb_media\/00472568_mercedes-benz-portfolio-br-128723-es-2021-03_screen-pdf-106x150.png","description":""},{"id":349061,"url":"https:\/\/dev.codekraft.it\/rotary-2024\/wp-content\/uploads\/brb_media\/00472569_mercedes-benz-portfolio-br-128724-ru-2021-03_screen.pdf","title":"Mercedes Benz Portfolio BR 128724 ru 2021 03 screen","mpn":"","thumbnail":"https:\/\/dev.codekraft.it\/rotary-2024\/wp-content\/uploads\/brb_media\/00472569_mercedes-benz-portfolio-br-128724-ru-2021-03_screen-pdf-106x150.png","description":""}],"brb_media_drawing":"","brb_media_manuals":[{"id":349124,"url":"https:\/\/dev.codekraft.it\/rotary-2024\/wp-content\/uploads\/brb_media\/00359334_tyre-inflator-pneustar-2-wurth-om-de-en-fr-1999-10-print.pdf","title":"tyre inflator pneustar 2 wurth om de en fr 1999 10 print","mpn":"","thumbnail":"https:\/\/dev.codekraft.it\/rotary-2024\/wp-content\/uploads\/brb_media\/00359334_tyre-inflator-pneustar-2-wurth-om-de-en-fr-1999-10-print-pdf-106x150.png","description":""},{"id":349125,"url":"https:\/\/dev.codekraft.it\/rotary-2024\/wp-content\/uploads\/brb_media\/00022334_tyre-inflator-pneustar-2-wurth-om-de-en-fr-1999-10-screen.pdf","title":"tyre inflator pneustar 2 wurth om de en fr 1999 10 screen","mpn":"","thumbnail":"https:\/\/dev.codekraft.it\/rotary-2024\/wp-content\/uploads\/brb_media\/00022334_tyre-inflator-pneustar-2-wurth-om-de-en-fr-1999-10-screen-pdf-106x150.png","description":""},{"id":349126,"url":"https:\/\/dev.codekraft.it\/rotary-2024\/wp-content\/uploads\/brb_media\/00359335_tyre-inflator-pneustar-2-om-cn-1999-10-screen.pdf","title":"tyre inflator pneustar 2 om cn 1999 10 screen","mpn":"","thumbnail":"https:\/\/dev.codekraft.it\/rotary-2024\/wp-content\/uploads\/brb_media\/00359335_tyre-inflator-pneustar-2-om-cn-1999-10-screen-pdf-106x150.png","description":""},{"id":349127,"url":"https:\/\/dev.codekraft.it\/rotary-2024\/wp-content\/uploads\/brb_media\/00022335_tyre-inflator-pneustar-2-om-de-en-fr-1999-10-screen.pdf","title":"tyre inflator pneustar 2 om de en fr 1999 10 screen","mpn":"","thumbnail":"https:\/\/dev.codekraft.it\/rotary-2024\/wp-content\/uploads\/brb_media\/00022335_tyre-inflator-pneustar-2-om-de-en-fr-1999-10-screen-pdf-106x150.png","description":""},{"id":349128,"url":"https:\/\/dev.codekraft.it\/rotary-2024\/wp-content\/uploads\/brb_media\/00359336_tyre-inflator-pneustar-2-om-de-en-fr-1999-10-tyre-inflator-print.pdf","title":"tyre inflator pneustar 2 om de en fr 1999 10 tyre inflator print","mpn":"","thumbnail":"https:\/\/dev.codekraft.it\/rotary-2024\/wp-content\/uploads\/brb_media\/00359336_tyre-inflator-pneustar-2-om-de-en-fr-1999-10-tyre-inflator-print-pdf-106x150.png","description":""},{"id":349129,"url":"https:\/\/dev.codekraft.it\/rotary-2024\/wp-content\/uploads\/brb_media\/00359337_tyre-inflator-pneutest-sp-2544-de-1999-03.pdf","title":"tyre inflator pneutest sp 2544 de 1999 03","mpn":"","thumbnail":"https:\/\/dev.codekraft.it\/rotary-2024\/wp-content\/uploads\/brb_media\/00359337_tyre-inflator-pneutest-sp-2544-de-1999-03-pdf-106x150.png","description":""}],"brb_media_safety_datasheets":"","brb_media_spare_parts":[],"_cdmm_p_id":"561","_company":"Elektron","_gtin":"4057612001259","accessories":[],"components":[],"related":[],"page_logo_src":"https:\/\/dev.codekraft.it\/rotary-2024\/wp-content\/uploads\/2024\/05\/cropped-rotary-logo-2022.png","lang":"fr","translations":{"fr":378046,"en":378044,"de":378045,"it":378047,"es":378048,"ru":378049},"pll_sync_post":[],"_links":{"self":[{"href":"https:\/\/dev.codekraft.it\/rotary-2024\/wp-json\/wp\/v2\/product\/378046","targetHints":{"allow":["GET"]}}],"collection":[{"href":"https:\/\/dev.codekraft.it\/rotary-2024\/wp-json\/wp\/v2\/product"}],"about":[{"href":"https:\/\/dev.codekraft.it\/rotary-2024\/wp-json\/wp\/v2\/types\/product"}],"wp:featuredmedia":[{"embeddable":true,"href":"https:\/\/dev.codekraft.it\/rotary-2024\/wp-json\/wp\/v2\/media\/349123"}],"wp:attachment":[{"href":"https:\/\/dev.codekraft.it\/rotary-2024\/wp-json\/wp\/v2\/media?parent=378046"}],"wp:term":[{"taxonomy":"product_brand","embeddable":true,"href":"https:\/\/dev.codekraft.it\/rotary-2024\/wp-json\/wp\/v2\/product_brand?post=378046"},{"taxonomy":"product_cat","embeddable":true,"href":"https:\/\/dev.codekraft.it\/rotary-2024\/wp-json\/wp\/v2\/product_cat?post=378046"},{"taxonomy":"product_tag","embeddable":true,"href":"https:\/\/dev.codekraft.it\/rotary-2024\/wp-json\/wp\/v2\/product_tag?post=378046"},{"taxonomy":"product_approvals","embeddable":true,"href":"https:\/\/dev.codekraft.it\/rotary-2024\/wp-json\/wp\/v2\/product_approvals?post=378046"},{"taxonomy":"product_application","embeddable":true,"href":"https:\/\/dev.codekraft.it\/rotary-2024\/wp-json\/wp\/v2\/product_application?post=378046"}],"curies":[{"name":"wp","href":"https:\/\/api.w.org\/{rel}","templated":true}]}}