{"id":377625,"date":"2025-12-11T10:10:53","date_gmt":"2025-12-11T10:10:53","guid":{"rendered":"https:\/\/dev.codekraft.it\/rotary-2024\/products\/uncategorized\/kit-de-levage-i-4\/"},"modified":"2025-12-11T10:10:53","modified_gmt":"2025-12-11T10:10:53","slug":"kit-de-levage-i-4","status":"publish","type":"product","link":"https:\/\/dev.codekraft.it\/rotary-2024\/fr\/produits\/accessoires-ponts-elevateurs-fr\/systemes-de-soutien-fr\/kit-de-levage-i-4\/","title":{"rendered":"Kit de levage I"},"content":{"rendered":"<ul>\n<li>\u00c9quipement minimal d&#8217;une fosse de travail<\/li>\n<\/ul>\n<p><strong>\u00c9tendue de la prestation :<\/strong><\/p>\n<ul>\n<li>1 ensemble de raccordement \u00ab\u00a0GS\u00a0\u00bb\n<ul>\n<li>positionnement sans risque de basculement (p. ex. travaux de carrosserie)<\/li>\n<li>utilisation combin\u00e9e possible du pont \u00e9l\u00e9vateur de fosse<\/li>\n<\/ul>\n<\/li>\n<li>1 traverse \u00ab\u00a0ATS\u00a0\u00bb\n<ul>\n<li>mise en place s\u00fbre en 2 points des essieux soutenus<\/li>\n<li>pour mettre le diff\u00e9rentiel sur un pont \u00e9l\u00e9vateur<\/li>\n<\/ul>\n<\/li>\n<li>2 pi\u00e8ces d\u2019\u00e9cartement \u00ab\u00a0DS 2\u00a0\u00bb &#8211; pour points de levage \u00e9lev\u00e9s avec ATS et GS<\/li>\n<li>1 ensemble de raccordement \u00ab\u00a0VS\u00a0\u00bb &#8211; liaison par compl\u00e9mentarit\u00e9 de forme d&#8217;ATS et de GS<\/li>\n<\/ul>\n","protected":false},"excerpt":{"rendered":"<p>15 t, \u00d8 de goujon 55 mm, mobile | \u00e9quipement minimal d&#8217;une fosse de travail | incl. pontage d&#8217;appui GS, traverse ATS, 2 pi\u00e8ces d\u2019\u00e9cartement et ensemble de raccordement<\/p>\n","protected":false},"featured_media":373899,"template":"","meta":[],"product_cat":[1033972],"product_tag":[1034145,1034128,1034197,1034262,1034180,1034231,1034214,1034163],"product_approvals":[],"product_application":[],"class_list":{"0":"post-377625","1":"product","2":"type-product","3":"status-publish","4":"has-post-thumbnail","6":"product_cat-systemes-de-soutien-fr","7":"product_tag-buses-fr","8":"product_tag-trucks-fr","9":"product_tag-motor-homes-fr","10":"product_tag-remorques-fr","11":"product_tag-light-commercial-fr","12":"product_tag-tracked-vehicles-fr","13":"product_tag-agricultural-machines-fr","14":"product_tag-passenger-cars-fr","16":"first","17":"instock","18":"shipping-taxable","19":"product-type-simple"},"approvals":[],"application":[],"brb_media_brochure":"","brb_media_drawing":"","brb_media_manuals":"","brb_media_safety_datasheets":"","brb_media_spare_parts":[],"_cdmm_p_id":"269","_company":"Elektron","_gtin":"4057612122893","accessories":[],"components":[],"related":[],"similar":[{"id":377601,"cdmm_p_id":"283","name":"Kit de levage II","description":"15 t, \u00d8 de goujon 55 mm, mobile | \u00e9quipement de base pour les ateliers de r\u00e9paration de camions avec passage universel pour les v\u00e9hicules | incl. 2 pontages d'appui GS, 2 traverses (ATS, ATK), 2 pi\u00e8ces d\u2019\u00e9cartement, ensemble de raccordement et 2 tubes d'\u00e9cartement","thumbnail":"https:\/\/dev.codekraft.it\/rotary-2024\/wp-content\/uploads\/brb_media\/00022948_abstutzpaket-ii-mit-rollen_ohne-text_web-150x150.png","url":"https:\/\/dev.codekraft.it\/rotary-2024\/fr\/produits\/accessoires-ponts-elevateurs-fr\/systemes-de-soutien-fr\/kit-de-levage-ii-5\/"},{"id":377565,"cdmm_p_id":"294","name":"Kit de levage III","description":"15 t, \u00d8 de goujon 55 mm, mobile | pour les entreprises de bus et de transport (bus surbaiss\u00e9s) | incl. pontage d'appui GSB, traverse ATB, 3 tampons et 2 blocs de bois","thumbnail":"https:\/\/dev.codekraft.it\/rotary-2024\/wp-content\/uploads\/brb_media\/00022950_abstutzpaket-iii-mit-rollen_ohne-text_web-150x150.png","url":"https:\/\/dev.codekraft.it\/rotary-2024\/fr\/produits\/accessoires-ponts-elevateurs-fr\/systemes-de-soutien-fr\/kit-de-levage-iii\/"},{"id":377547,"cdmm_p_id":"305","name":"Kit de levage IV","description":"15 t, \u00d8 de goujon 55 mm, mobile | pour les entreprises de r\u00e9paration avec passage universel pour les v\u00e9hicules - en particulier pour les camions, Unimog, v\u00e9hicules de chantier et v\u00e9hicules sp\u00e9ciaux | incl. 3 traverses (ATK, ATS, ATB), 3 pontages d'appui GS, 2 blocs de bois, 5 tampons, 2 tubes d'\u00e9cartement et 8 pi\u00e8ces d\u2019\u00e9cartement","thumbnail":"https:\/\/dev.codekraft.it\/rotary-2024\/wp-content\/uploads\/brb_media\/00022956_abstutzpaket-iv-mit-rollen_ohne-text_web-150x150.png","url":"https:\/\/dev.codekraft.it\/rotary-2024\/fr\/produits\/accessoires-ponts-elevateurs-fr\/systemes-de-soutien-fr\/kit-de-levage-iv-4\/"}],"lang":"fr","translations":{"fr":377625,"en":377623,"de":377624,"it":377626,"es":377627,"ru":377628},"pll_sync_post":[],"_links":{"self":[{"href":"https:\/\/dev.codekraft.it\/rotary-2024\/wp-json\/wp\/v2\/product\/377625","targetHints":{"allow":["GET"]}}],"collection":[{"href":"https:\/\/dev.codekraft.it\/rotary-2024\/wp-json\/wp\/v2\/product"}],"about":[{"href":"https:\/\/dev.codekraft.it\/rotary-2024\/wp-json\/wp\/v2\/types\/product"}],"wp:featuredmedia":[{"embeddable":true,"href":"https:\/\/dev.codekraft.it\/rotary-2024\/wp-json\/wp\/v2\/media\/373899"}],"wp:attachment":[{"href":"https:\/\/dev.codekraft.it\/rotary-2024\/wp-json\/wp\/v2\/media?parent=377625"}],"wp:term":[{"taxonomy":"product_cat","embeddable":true,"href":"https:\/\/dev.codekraft.it\/rotary-2024\/wp-json\/wp\/v2\/product_cat?post=377625"},{"taxonomy":"product_tag","embeddable":true,"href":"https:\/\/dev.codekraft.it\/rotary-2024\/wp-json\/wp\/v2\/product_tag?post=377625"},{"taxonomy":"product_approvals","embeddable":true,"href":"https:\/\/dev.codekraft.it\/rotary-2024\/wp-json\/wp\/v2\/product_approvals?post=377625"},{"taxonomy":"product_application","embeddable":true,"href":"https:\/\/dev.codekraft.it\/rotary-2024\/wp-json\/wp\/v2\/product_application?post=377625"}],"curies":[{"name":"wp","href":"https:\/\/api.w.org\/{rel}","templated":true}]}}