{"id":377603,"date":"2025-12-11T10:11:29","date_gmt":"2025-12-11T10:11:29","guid":{"rendered":"https:\/\/dev.codekraft.it\/rotary-2024\/products\/uncategorized\/paquete-de-apoyo-ii-5\/"},"modified":"2025-12-11T10:11:29","modified_gmt":"2025-12-11T10:11:29","slug":"paquete-de-apoyo-ii-5","status":"publish","type":"product","link":"https:\/\/dev.codekraft.it\/rotary-2024\/es\/productos\/accesorios-elevadores-es\/sistemas-de-apoyo-es\/paquete-de-apoyo-ii-5\/","title":{"rendered":"Paquete de apoyo II"},"content":{"rendered":"<ul>\n<li>Equipamiento b\u00e1sico para talleres de camiones con acceso universal para veh\u00edculos<\/li>\n<\/ul>\n<p><strong>Alcance de la entrega:<\/strong><\/p>\n<ul>\n<li>2 puentes de soporte\u00a0\u00abGS\u00bb\n<ul>\n<li>soporte antivuelco (por ejemplo, para trabajos de carrocer\u00eda)<\/li>\n<li>uso adicional del elevador de foso<\/li>\n<\/ul>\n<\/li>\n<li>1 travesa\u00f1o\u00a0\u00abATS\u00bb\n<ul>\n<li>asiento seguro de 2 puntos para ejes cargados<\/li>\n<li>para puentear el diferencial<\/li>\n<\/ul>\n<\/li>\n<li>1 travesa\u00f1o \u00abATK\u00bb\n<ul>\n<li>distribuci\u00f3n uniforme de la carga para ejes ligeros cargados<\/li>\n<\/ul>\n<\/li>\n<li>2 piezas distanciadora \u00abDS 2\u00bb &#8211; para puntos de levantamiento altos con ATS &#038; GS<\/li>\n<li>1 juego de conexi\u00f3n \u00abVS\u00bb &#8211; uni\u00f3n sin holgura de ATS y GS<\/li>\n<li>2 tubo distanciadorese \u00abDR 6\u00bb &#8211; para puntos de levantamiento altos en el marco<\/li>\n<\/ul>\n","protected":false},"excerpt":{"rendered":"<p>15 t, espiga \u00d8 55 mm, desplazable | equipamiento b\u00e1sico para talleres de camiones con acceso universal para veh\u00edculos | incl. 2 puentes de soporte GS, 2 travesa\u00f1os (ATS, ATK), 2 piezas distanciadora, juego de conexi\u00f3n y 2 tubos distanciadores<\/p>\n","protected":false},"featured_media":373930,"template":"","meta":[],"product_cat":[1033976],"product_tag":[1034151,1034134,1034203,1034169,1034220,1034265,1034186,1034237],"product_approvals":[],"product_application":[],"class_list":{"0":"post-377603","1":"product","2":"type-product","3":"status-publish","4":"has-post-thumbnail","6":"product_cat-sistemas-de-apoyo-es","7":"product_tag-buses-es","8":"product_tag-trucks-es","9":"product_tag-motor-homes-es","10":"product_tag-passenger-cars-es","11":"product_tag-agricultural-machines-es","12":"product_tag-remolques-es","13":"product_tag-light-commercial-es","14":"product_tag-tracked-vehicles-es","16":"first","17":"instock","18":"shipping-taxable","19":"product-type-simple"},"approvals":[],"application":[],"brb_media_brochure":"","brb_media_drawing":"","brb_media_manuals":"","brb_media_safety_datasheets":"","brb_media_spare_parts":[],"_cdmm_p_id":"283","_company":"Elektron","_gtin":"4057612123104","accessories":[],"components":[],"related":[],"page_logo_src":"https:\/\/dev.codekraft.it\/rotary-2024\/wp-content\/uploads\/2024\/05\/cropped-rotary-logo-2022.png","lang":"es","translations":{"es":377603,"en":377599,"de":377600,"fr":377601,"it":377602,"ru":377604},"pll_sync_post":[],"_links":{"self":[{"href":"https:\/\/dev.codekraft.it\/rotary-2024\/wp-json\/wp\/v2\/product\/377603","targetHints":{"allow":["GET"]}}],"collection":[{"href":"https:\/\/dev.codekraft.it\/rotary-2024\/wp-json\/wp\/v2\/product"}],"about":[{"href":"https:\/\/dev.codekraft.it\/rotary-2024\/wp-json\/wp\/v2\/types\/product"}],"wp:featuredmedia":[{"embeddable":true,"href":"https:\/\/dev.codekraft.it\/rotary-2024\/wp-json\/wp\/v2\/media\/373930"}],"wp:attachment":[{"href":"https:\/\/dev.codekraft.it\/rotary-2024\/wp-json\/wp\/v2\/media?parent=377603"}],"wp:term":[{"taxonomy":"product_cat","embeddable":true,"href":"https:\/\/dev.codekraft.it\/rotary-2024\/wp-json\/wp\/v2\/product_cat?post=377603"},{"taxonomy":"product_tag","embeddable":true,"href":"https:\/\/dev.codekraft.it\/rotary-2024\/wp-json\/wp\/v2\/product_tag?post=377603"},{"taxonomy":"product_approvals","embeddable":true,"href":"https:\/\/dev.codekraft.it\/rotary-2024\/wp-json\/wp\/v2\/product_approvals?post=377603"},{"taxonomy":"product_application","embeddable":true,"href":"https:\/\/dev.codekraft.it\/rotary-2024\/wp-json\/wp\/v2\/product_application?post=377603"}],"curies":[{"name":"wp","href":"https:\/\/api.w.org\/{rel}","templated":true}]}}