{"id":377385,"date":"2024-10-17T09:13:36","date_gmt":"2024-10-17T09:13:36","guid":{"rendered":"https:\/\/dev.codekraft.it\/rotary-2024\/products\/uncategorized\/recouvrement-de-fosse-a-segments\/"},"modified":"2024-10-17T09:13:36","modified_gmt":"2024-10-17T09:13:36","slug":"recouvrement-de-fosse-a-segments","status":"publish","type":"product","link":"https:\/\/dev.codekraft.it\/rotary-2024\/fr\/produits\/accessoires-ponts-elevateurs-fr\/recouvrement-de-fosse-fr\/recouvrement-de-fosse-a-segments\/","title":{"rendered":"Recouvrement de fosse \u00e0 segments"},"content":{"rendered":"<ul>\n<li><strong>Compl\u00e8tement traversable:<\/strong> La capacit\u00e9 particuli\u00e8rement \u00e9lev\u00e9e permet aux v\u00e9hicules de rouler sur les \u00e9l\u00e9ments (ceux au sol supportant une charge par essieu 10 t et ceux extensibles une charge de roue jusqu&#8217;\u00e0 5 t.). <\/li>\n<li><strong>Flexibilit\u00e9 I:<\/strong> Chaque segment de recouvrement peut \u00eatre mis en place sans probl\u00e8me pour d&#8217;autres op\u00e9rations telles que l&#8217;\u00e9tayage \u00e0 l&#8217;aide de supports, par exemple. <\/li>\n<li><strong>Gain de temps:<\/strong> Vous avez toujours souhait\u00e9 travailler simultan\u00e9ment devant, sous et derri\u00e8re le v\u00e9hicule et profiter en m\u00eame temps d&#8217;un acc\u00e8s lat\u00e9ral: pas de probl\u00e8me avec le tapis de recouvrement \u00e0 segments de BLITZ! <\/li>\n<li><strong>Acc\u00e8s du v\u00e9hicule optimal:<\/strong> Les \u00e9l\u00e9ments de recouvrement pouvant \u00eatre retir\u00e9s aux endroits n\u00e9cessaires, un acc\u00e8s maximum du v\u00e9hicule devient ainsi possible. <\/li>\n<li><strong>All\u00e9gement des op\u00e9rations:<\/strong> Le retrait des \u00e9l\u00e9ments de recouvrement sur roulettes ne r\u00e9clame que peu d&#8217;efforts et permet de r\u00e9aliser ainsi en l&#8217;espace de quelques secondes des passages au-dessus de la fosse (en respectant les mesures de s\u00e9curit\u00e9s appropri\u00e9es). <\/li>\n<li><strong>S\u00e9curit\u00e9:<\/strong> Les parties inutilis\u00e9es de la fosse peuvent \u00eatre recouvertes rapidement et en souplesse, de sorte que les risques d&#8217;accident sont r\u00e9duits \u00e0 un minimum sur le poste de travail. <\/li>\n<li><strong>Flexibilit\u00e9 II:<\/strong> La longueur de la fosse correspond \u00e0 la longueur n\u00e9cessaire et l&#8217;espace restant peut servir \u00e0 la r\u00e9alisation de travaux secondaires, de sorte que la surface utile de l&#8217;atelier augmente.<\/li>\n<\/ul>\n<p><strong>Remarque:<\/strong> \u00c9l\u00e9ment de construction standard ! La largeur de la fosse doit \u00eatre adapt\u00e9e \u00e0 celle du recouvrement lors de la planification.<\/p>\n","protected":false},"excerpt":{"rendered":"<p>pour fosses de type monolithique, m\u00e8tre courant<\/p>\n","protected":false},"featured_media":374151,"template":"","meta":[],"product_cat":[1033984],"product_tag":[1034145,1034128,1034197,1035648,1035682,1034262,1035665,1034180,1034231,1034214,1034163],"product_approvals":[],"product_application":[],"class_list":{"0":"post-377385","1":"product","2":"type-product","3":"status-publish","4":"has-post-thumbnail","6":"product_cat-recouvrement-de-fosse-fr","7":"product_tag-buses-fr","8":"product_tag-trucks-fr","9":"product_tag-motor-homes-fr","10":"product_tag-motorbikes-fr","11":"product_tag-quad-bikes-fr","12":"product_tag-remorques-fr","13":"product_tag-scooter-fr","14":"product_tag-light-commercial-fr","15":"product_tag-tracked-vehicles-fr","16":"product_tag-agricultural-machines-fr","17":"product_tag-passenger-cars-fr","19":"first","20":"instock","21":"shipping-taxable","22":"product-type-simple"},"approvals":[],"application":[],"brb_media_brochure":"","brb_media_drawing":"","brb_media_manuals":[{"id":374152,"url":"https:\/\/dev.codekraft.it\/rotary-2024\/wp-content\/uploads\/brb_media\/00061536_segment-pit-covering-om-de-2008-06-screen.pdf","title":"segment pit covering om de 2008 06 screen","thumbnail":"https:\/\/dev.codekraft.it\/rotary-2024\/wp-content\/uploads\/brb_media\/00061536_segment-pit-covering-om-de-2008-06-screen-pdf-106x150.png","description":""},{"id":374153,"url":"https:\/\/dev.codekraft.it\/rotary-2024\/wp-content\/uploads\/brb_media\/00061537_segment-pit-covering-om-en-2008-06-screen.pdf","title":"segment pit covering om en 2008 06 screen","thumbnail":"https:\/\/dev.codekraft.it\/rotary-2024\/wp-content\/uploads\/brb_media\/00061537_segment-pit-covering-om-en-2008-06-screen-pdf-106x150.png","description":""}],"brb_media_safety_datasheets":"","brb_media_spare_parts":[],"_cdmm_p_id":"520","_company":"Elektron","_gtin":"4057612029130","accessories":[],"components":[],"related":[],"similar":[],"lang":"fr","translations":{"fr":377385,"en":377383,"de":377384,"it":377386,"es":377387,"ru":377388},"pll_sync_post":[],"_links":{"self":[{"href":"https:\/\/dev.codekraft.it\/rotary-2024\/wp-json\/wp\/v2\/product\/377385","targetHints":{"allow":["GET"]}}],"collection":[{"href":"https:\/\/dev.codekraft.it\/rotary-2024\/wp-json\/wp\/v2\/product"}],"about":[{"href":"https:\/\/dev.codekraft.it\/rotary-2024\/wp-json\/wp\/v2\/types\/product"}],"wp:featuredmedia":[{"embeddable":true,"href":"https:\/\/dev.codekraft.it\/rotary-2024\/wp-json\/wp\/v2\/media\/374151"}],"wp:attachment":[{"href":"https:\/\/dev.codekraft.it\/rotary-2024\/wp-json\/wp\/v2\/media?parent=377385"}],"wp:term":[{"taxonomy":"product_cat","embeddable":true,"href":"https:\/\/dev.codekraft.it\/rotary-2024\/wp-json\/wp\/v2\/product_cat?post=377385"},{"taxonomy":"product_tag","embeddable":true,"href":"https:\/\/dev.codekraft.it\/rotary-2024\/wp-json\/wp\/v2\/product_tag?post=377385"},{"taxonomy":"product_approvals","embeddable":true,"href":"https:\/\/dev.codekraft.it\/rotary-2024\/wp-json\/wp\/v2\/product_approvals?post=377385"},{"taxonomy":"product_application","embeddable":true,"href":"https:\/\/dev.codekraft.it\/rotary-2024\/wp-json\/wp\/v2\/product_application?post=377385"}],"curies":[{"name":"wp","href":"https:\/\/api.w.org\/{rel}","templated":true}]}}