{"id":377378,"date":"2024-10-17T09:13:19","date_gmt":"2024-10-17T09:13:19","guid":{"rendered":"https:\/\/dev.codekraft.it\/rotary-2024\/products\/uncategorized\/grubenerweiterung-busstop\/"},"modified":"2024-10-17T09:13:19","modified_gmt":"2024-10-17T09:13:19","slug":"grubenerweiterung-busstop","status":"publish","type":"product","link":"https:\/\/dev.codekraft.it\/rotary-2024\/produkte\/zubehor-hebebuhnen-de\/segmentgrubenabdeckungen-de\/grubenerweiterung-busstop\/","title":{"rendered":"Grubenerweiterung BusStop"},"content":{"rendered":"<p><strong>Schritt 1<\/strong><\/p>\n<p>Zun\u00e4chst werden die beiden Gitterroste aus dem Werkstattboden entfernt. Der nun freiwerdende Raum erm\u00f6glicht das Verschieben der Plattform.<\/p>\n<p><strong>Schritt 2<\/strong><\/p>\n<p>Im zweiten Schritt wird die verschiebbare Plattform in ihre Parkposition gebracht. Die zus\u00e4tzliche \u00d6ffnung im Werkstattboden erm\u00f6glicht nun einen freien Zugang zu allen au\u00dfenliegenden Baugruppen am Fahrzeug.<\/p>\n","protected":false},"excerpt":{"rendered":"<p>Auszugselement<\/p>\n","protected":false},"featured_media":374163,"template":"","meta":[],"product_brand":[],"product_cat":[1033982],"product_tag":[1034260,1034143,1034229,1034212,1034126,1035646,1035663,1034161,1035680,1034178,1034195],"product_approvals":[],"product_application":[],"class_list":{"0":"post-377378","1":"product","2":"type-product","3":"status-publish","4":"has-post-thumbnail","6":"product_cat-segmentgrubenabdeckungen-de","7":"product_tag-anhanger-de","8":"product_tag-buses-de","9":"product_tag-tracked-vehicles-de","10":"product_tag-agricultural-machines-de","11":"product_tag-trucks-de","12":"product_tag-motorbikes-de","13":"product_tag-scooter-de","14":"product_tag-passenger-cars-de","15":"product_tag-quad-bikes-de","16":"product_tag-light-commercial-de","17":"product_tag-motor-homes-de","19":"first","20":"instock","21":"shipping-taxable","22":"product-type-simple"},"approvals":[],"application":[],"brb_media_brochure":"","brb_media_drawing":"","brb_media_manuals":"","brb_media_safety_datasheets":"","brb_media_spare_parts":[],"_cdmm_p_id":"522","_company":"Elektron","_gtin":"","accessories":[],"components":[],"related":[],"page_logo_src":"https:\/\/dev.codekraft.it\/rotary-2024\/wp-content\/uploads\/2024\/05\/cropped-rotary-logo-2022.png","lang":"de","translations":{"de":377378,"en":377377,"fr":377379,"it":377380,"es":377381,"ru":377382},"pll_sync_post":[],"_links":{"self":[{"href":"https:\/\/dev.codekraft.it\/rotary-2024\/wp-json\/wp\/v2\/product\/377378","targetHints":{"allow":["GET"]}}],"collection":[{"href":"https:\/\/dev.codekraft.it\/rotary-2024\/wp-json\/wp\/v2\/product"}],"about":[{"href":"https:\/\/dev.codekraft.it\/rotary-2024\/wp-json\/wp\/v2\/types\/product"}],"wp:featuredmedia":[{"embeddable":true,"href":"https:\/\/dev.codekraft.it\/rotary-2024\/wp-json\/wp\/v2\/media\/374163"}],"wp:attachment":[{"href":"https:\/\/dev.codekraft.it\/rotary-2024\/wp-json\/wp\/v2\/media?parent=377378"}],"wp:term":[{"taxonomy":"product_brand","embeddable":true,"href":"https:\/\/dev.codekraft.it\/rotary-2024\/wp-json\/wp\/v2\/product_brand?post=377378"},{"taxonomy":"product_cat","embeddable":true,"href":"https:\/\/dev.codekraft.it\/rotary-2024\/wp-json\/wp\/v2\/product_cat?post=377378"},{"taxonomy":"product_tag","embeddable":true,"href":"https:\/\/dev.codekraft.it\/rotary-2024\/wp-json\/wp\/v2\/product_tag?post=377378"},{"taxonomy":"product_approvals","embeddable":true,"href":"https:\/\/dev.codekraft.it\/rotary-2024\/wp-json\/wp\/v2\/product_approvals?post=377378"},{"taxonomy":"product_application","embeddable":true,"href":"https:\/\/dev.codekraft.it\/rotary-2024\/wp-json\/wp\/v2\/product_application?post=377378"}],"curies":[{"name":"wp","href":"https:\/\/api.w.org\/{rel}","templated":true}]}}