{"id":377354,"date":"2025-12-11T10:04:39","date_gmt":"2025-12-11T10:04:39","guid":{"rendered":"https:\/\/dev.codekraft.it\/rotary-2024\/products\/uncategorized\/achsfreiheber-ghusktp-6-6\/"},"modified":"2025-12-11T10:04:39","modified_gmt":"2025-12-11T10:04:39","slug":"achsfreiheber-ghusktp-6-6","status":"publish","type":"product","link":"https:\/\/dev.codekraft.it\/rotary-2024\/produkte\/hebebuhnen-de\/achsfreiheber-de\/achsfreiheber-ghusktp-6-6\/","title":{"rendered":"Achsfreiheber GHUSKTP 6\/6"},"content":{"rendered":"<ul>\n<li><strong>Komplett:<\/strong> Verl\u00e4ngerungsst\u00fccke geh\u00f6ren bereits mit zum Standard-Lieferumfang.<\/li>\n<li><strong>Leichtg\u00e4ngigkeit:<\/strong> Die serienm\u00e4\u00dfige Nadellagerung der Fahrgestellrollen erlaubt ein m\u00fcheloses Verschieben des Hebers innerhalb der Grube.<\/li>\n<li><strong>Zeitersparnis:<\/strong> Die mechanische Zwangsr\u00fcckf\u00fchrung erm\u00f6glicht ein schnelles R\u00fcckfahren des Stempels auch ohne Last. Im Unterschied zu Hebern konventioneller Bauart wird der Stempel f\u00f6rmlich in seine Ruhestellung \u201egezogen\u201d.<\/li>\n<li><strong>Genauigkeit:<\/strong> Mit dem stufenlosen Feinhub wird ein genaues Einrichten des Grubenhebers am Fahrzeug m\u00f6glich. Wichtig zum feinf\u00fchligen Anheben sowie beim Einsetzen von Aggregaten.<\/li>\n<li><strong>Kraftersparnis:<\/strong> Der Lasthub \u00fcber Luftmotor erlaubt ein Heben der Last auf Knopfdruck \u2013 ganz ohne k\u00f6rperlichen Einsatz.<\/li>\n<li><strong>Langlebigkeit:<\/strong> Sowohl Kolbenstange als auch Pumpenkolben sind zum Schutz vor Korrosion und Verschlei\u00df hartverchromt.<\/li>\n<li><strong>Lastabsenkendes Sicherheitsquerfahrwerk:<\/strong> Ab ca. 800 kg Belastung wird die M\u00f6glichkeit der Verschiebbarkeit unter Last ausgeschlossen. Zudem wird eine besonders flache Bauweise erreicht.<\/li>\n<\/ul>\n","protected":false},"excerpt":{"rendered":"<p>6\/6 t, 330 mm Hub, lufthydraulisch<\/p>\n","protected":false},"featured_media":348373,"template":"","meta":[],"product_cat":[1033876],"product_tag":[1034143,1034126,1034178,1034195],"product_approvals":[],"product_application":[],"class_list":{"0":"post-377354","1":"product","2":"type-product","3":"status-publish","4":"has-post-thumbnail","6":"product_cat-achsfreiheber-de","7":"product_tag-buses-de","8":"product_tag-trucks-de","9":"product_tag-light-commercial-de","10":"product_tag-motor-homes-de","12":"first","13":"instock","14":"shipping-taxable","15":"product-type-simple"},"approvals":[],"application":[],"brb_media_brochure":[{"id":348374,"url":"https:\/\/dev.codekraft.it\/rotary-2024\/wp-content\/uploads\/brb_media\/00367747_pit-lift-suspended-br-de-2017-03-screen.pdf","title":"pit lift suspended br de 2017 03 screen","thumbnail":"https:\/\/dev.codekraft.it\/rotary-2024\/wp-content\/uploads\/brb_media\/00367747_pit-lift-suspended-br-de-2017-03-screen-pdf-150x106.png","description":""},{"id":348375,"url":"https:\/\/dev.codekraft.it\/rotary-2024\/wp-content\/uploads\/brb_media\/00367748_pit-lift-suspended-br-en-2017-03-screen.pdf","title":"pit lift suspended br en 2017 03 screen","thumbnail":"https:\/\/dev.codekraft.it\/rotary-2024\/wp-content\/uploads\/brb_media\/00367748_pit-lift-suspended-br-en-2017-03-screen-pdf-150x106.png","description":""},{"id":376145,"url":"https:\/\/dev.codekraft.it\/rotary-2024\/wp-content\/uploads\/brb_media\/00367750_pit-lift-suspended-br-fr-2017-03-screen.pdf","title":"pit lift suspended br fr 2017 03 screen","thumbnail":"https:\/\/dev.codekraft.it\/rotary-2024\/wp-content\/uploads\/brb_media\/00367750_pit-lift-suspended-br-fr-2017-03-screen-pdf-150x106.png","description":""},{"id":348377,"url":"https:\/\/dev.codekraft.it\/rotary-2024\/wp-content\/uploads\/brb_media\/00378573_pit-lift-suspended-br-it-2017-03-screen.pdf","title":"pit lift suspended br it 2017 03 screen","thumbnail":"https:\/\/dev.codekraft.it\/rotary-2024\/wp-content\/uploads\/brb_media\/00378573_pit-lift-suspended-br-it-2017-03-screen-pdf-150x106.png","description":""},{"id":348378,"url":"https:\/\/dev.codekraft.it\/rotary-2024\/wp-content\/uploads\/brb_media\/00367752_pit-lift-suspended-br-es-2017-03-screen.pdf","title":"pit lift suspended br es 2017 03 screen","thumbnail":"https:\/\/dev.codekraft.it\/rotary-2024\/wp-content\/uploads\/brb_media\/00367752_pit-lift-suspended-br-es-2017-03-screen-pdf-150x106.png","description":""},{"id":376146,"url":"https:\/\/dev.codekraft.it\/rotary-2024\/wp-content\/uploads\/brb_media\/00367753_pit-lift-suspended-br-ru-2017-03-screen.pdf","title":"pit lift suspended br ru 2017 03 screen","thumbnail":"https:\/\/dev.codekraft.it\/rotary-2024\/wp-content\/uploads\/brb_media\/00367753_pit-lift-suspended-br-ru-2017-03-screen-pdf-150x106.png","description":""}],"brb_media_drawing":"","brb_media_manuals":[{"id":375255,"url":"https:\/\/dev.codekraft.it\/rotary-2024\/wp-content\/uploads\/brb_media\/00535434_pit-jacks-suspended-om-dc-sp-126600_de_2024-02-rev-f.pdf","title":"pit jacks suspended om dc sp 126600 de 2024 02 rev f","thumbnail":"https:\/\/dev.codekraft.it\/rotary-2024\/wp-content\/uploads\/brb_media\/00535434_pit-jacks-suspended-om-dc-sp-126600_de_2024-02-rev-f-pdf-106x150.png","description":""},{"id":375256,"url":"https:\/\/dev.codekraft.it\/rotary-2024\/wp-content\/uploads\/brb_media\/00535435_pit-jacks-suspended-om-dc-sp-126867-en-2024-02-rev-f.pdf","title":"pit jacks suspended om dc sp 126867 en 2024 02 rev f","thumbnail":"https:\/\/dev.codekraft.it\/rotary-2024\/wp-content\/uploads\/brb_media\/00535435_pit-jacks-suspended-om-dc-sp-126867-en-2024-02-rev-f-pdf-106x150.png","description":""},{"id":375257,"url":"https:\/\/dev.codekraft.it\/rotary-2024\/wp-content\/uploads\/brb_media\/00535436_pit-jacks-suspended-om-dc-sp-126868_fr-2024-02-rev-f.pdf","title":"pit jacks suspended om dc sp 126868 fr 2024 02 rev f","thumbnail":"https:\/\/dev.codekraft.it\/rotary-2024\/wp-content\/uploads\/brb_media\/00535436_pit-jacks-suspended-om-dc-sp-126868_fr-2024-02-rev-f-pdf-106x150.png","description":""},{"id":375258,"url":"https:\/\/dev.codekraft.it\/rotary-2024\/wp-content\/uploads\/brb_media\/00535437_pit-jacks-suspended-om-dc-sp-126869_it-2024-02-rev-f.pdf","title":"pit jacks suspended om dc sp 126869 it 2024 02 rev f","thumbnail":"https:\/\/dev.codekraft.it\/rotary-2024\/wp-content\/uploads\/brb_media\/00535437_pit-jacks-suspended-om-dc-sp-126869_it-2024-02-rev-f-pdf-106x150.png","description":""},{"id":375259,"url":"https:\/\/dev.codekraft.it\/rotary-2024\/wp-content\/uploads\/brb_media\/00535438_pit-jacks-suspended-om-dc-sp-126872_es-2024-02-rev-f.pdf","title":"pit jacks suspended om dc sp 126872 es 2024 02 rev f","thumbnail":"https:\/\/dev.codekraft.it\/rotary-2024\/wp-content\/uploads\/brb_media\/00535438_pit-jacks-suspended-om-dc-sp-126872_es-2024-02-rev-f-pdf-106x150.png","description":""},{"id":375260,"url":"https:\/\/dev.codekraft.it\/rotary-2024\/wp-content\/uploads\/brb_media\/00535439_pit-jacks-suspended-om-dc-sp-126871_ru-2024-02-rev-f.pdf","title":"pit jacks suspended om dc sp 126871 ru 2024 02 rev f","thumbnail":"https:\/\/dev.codekraft.it\/rotary-2024\/wp-content\/uploads\/brb_media\/00535439_pit-jacks-suspended-om-dc-sp-126871_ru-2024-02-rev-f-pdf-106x150.png","description":""},{"id":375261,"url":"https:\/\/dev.codekraft.it\/rotary-2024\/wp-content\/uploads\/brb_media\/00535440_pit-jacks-suspended-om-dc-sp-126870_nl-2024-02-rev-f.pdf","title":"pit jacks suspended om dc sp 126870 nl 2024 02 rev f","thumbnail":"https:\/\/dev.codekraft.it\/rotary-2024\/wp-content\/uploads\/brb_media\/00535440_pit-jacks-suspended-om-dc-sp-126870_nl-2024-02-rev-f-pdf-106x150.png","description":""}],"brb_media_safety_datasheets":"","brb_media_spare_parts":[],"_cdmm_p_id":"16","_company":"Elektron","_gtin":"4057612009026","accessories":[{"id":377948,"cdmm_p_id":"173","name":"Aufnahmeadapter X","description":"Pratze Stahl | Tragf\u00e4higkeit 20 t, Zapfen-\u00d8 55 mm | 1 St\u00fcck","thumbnail":"https:\/\/dev.codekraft.it\/rotary-2024\/wp-content\/uploads\/brb_media\/00023151_x-ohne-text_web-150x150.png","url":"https:\/\/dev.codekraft.it\/rotary-2024\/produkte\/zubehor-hebebuhnen-de\/lastaufnahmemittel-de\/aufnahmeadapter-x-2\/"},{"id":377930,"cdmm_p_id":"176","name":"Aufnahmeadapter R","description":"Tragteller, Gummiauflage, rund | Tragf\u00e4higkeit 15 t, Zapfen-\u00d8 55 mm | 1 St\u00fcck","thumbnail":"https:\/\/dev.codekraft.it\/rotary-2024\/wp-content\/uploads\/brb_media\/00023129_r-ohne-text_web-150x150.png","url":"https:\/\/dev.codekraft.it\/rotary-2024\/produkte\/zubehor-hebebuhnen-de\/lastaufnahmemittel-de\/aufnahmeadapter-r\/"}],"components":[],"related":[],"similar":[{"id":377348,"cdmm_p_id":"17","name":"Achsfreiheber GHUSKTP 4\/4","description":"4\/4 t, 330 mm Hub, lufthydraulisch","thumbnail":"https:\/\/dev.codekraft.it\/rotary-2024\/wp-content\/uploads\/brb_media\/00022493-150x150.png","url":"https:\/\/dev.codekraft.it\/rotary-2024\/produkte\/hebebuhnen-de\/achsfreiheber-de\/achsfreiheber-ghusktp-4-4\/"},{"id":377372,"cdmm_p_id":"12","name":"Achsfreiheber GHUSKTP 14\/14","description":"14\/14 t, 330 mm Hub, lufthydraulisch, Mittelpunktachsheber, 2-fach teleskopierbar, Betriebsdruck 10 bar, Aufnahmedurchmesser 55 mm","thumbnail":"https:\/\/dev.codekraft.it\/rotary-2024\/wp-content\/uploads\/brb_media\/00022493-150x150.png","url":"https:\/\/dev.codekraft.it\/rotary-2024\/produkte\/hebebuhnen-de\/achsfreiheber-de\/achsfreiheber-ghusktp-14-14\/"},{"id":377360,"cdmm_p_id":"14","name":"Achsfreiheber GHUSKTP 10\/10","description":"10\/10 t, 330 mm Hub, lufthydraulisch","thumbnail":"https:\/\/dev.codekraft.it\/rotary-2024\/wp-content\/uploads\/brb_media\/00022493-150x150.png","url":"https:\/\/dev.codekraft.it\/rotary-2024\/produkte\/hebebuhnen-de\/achsfreiheber-de\/achsfreiheber-ghusktp-10-10\/"},{"id":377366,"cdmm_p_id":"13","name":"Achsfreiheber GHUSKTP 12\/12","description":"12\/12 t, 330 mm Hub, lufthydraulisch","thumbnail":"https:\/\/dev.codekraft.it\/rotary-2024\/wp-content\/uploads\/brb_media\/00022493-150x150.png","url":"https:\/\/dev.codekraft.it\/rotary-2024\/produkte\/hebebuhnen-de\/achsfreiheber-de\/achsfreiheber-ghusktp-12-12\/"}],"lang":"de","translations":{"de":377354,"en":377353,"fr":377355,"it":377356,"es":377357,"ru":377358},"pll_sync_post":[],"_links":{"self":[{"href":"https:\/\/dev.codekraft.it\/rotary-2024\/wp-json\/wp\/v2\/product\/377354","targetHints":{"allow":["GET"]}}],"collection":[{"href":"https:\/\/dev.codekraft.it\/rotary-2024\/wp-json\/wp\/v2\/product"}],"about":[{"href":"https:\/\/dev.codekraft.it\/rotary-2024\/wp-json\/wp\/v2\/types\/product"}],"wp:featuredmedia":[{"embeddable":true,"href":"https:\/\/dev.codekraft.it\/rotary-2024\/wp-json\/wp\/v2\/media\/348373"}],"wp:attachment":[{"href":"https:\/\/dev.codekraft.it\/rotary-2024\/wp-json\/wp\/v2\/media?parent=377354"}],"wp:term":[{"taxonomy":"product_cat","embeddable":true,"href":"https:\/\/dev.codekraft.it\/rotary-2024\/wp-json\/wp\/v2\/product_cat?post=377354"},{"taxonomy":"product_tag","embeddable":true,"href":"https:\/\/dev.codekraft.it\/rotary-2024\/wp-json\/wp\/v2\/product_tag?post=377354"},{"taxonomy":"product_approvals","embeddable":true,"href":"https:\/\/dev.codekraft.it\/rotary-2024\/wp-json\/wp\/v2\/product_approvals?post=377354"},{"taxonomy":"product_application","embeddable":true,"href":"https:\/\/dev.codekraft.it\/rotary-2024\/wp-json\/wp\/v2\/product_application?post=377354"}],"curies":[{"name":"wp","href":"https:\/\/api.w.org\/{rel}","templated":true}]}}