{"id":377189,"date":"2025-12-11T10:10:42","date_gmt":"2025-12-11T10:10:42","guid":{"rendered":"https:\/\/dev.codekraft.it\/rotary-2024\/products\/uncategorized\/gearbox-plate-ga-passenger-car\/"},"modified":"2025-12-11T10:10:42","modified_gmt":"2025-12-11T10:10:42","slug":"gearbox-plate-ga-passenger-car","status":"publish","type":"product","link":"https:\/\/dev.codekraft.it\/rotary-2024\/en\/products\/accessories-lifts-en\/gearbox-plates-en\/gearbox-plate-ga-passenger-car\/","title":{"rendered":"Gearbox plate GA passenger car"},"content":{"rendered":"<ul>\n<li>Only applicable in combination with universal adapter, part. no.: 103544<\/li>\n<\/ul>\n","protected":false},"excerpt":{"rendered":"<p>Adjustment angle +\/- 10\u00b0, load capacity 400 kg, peg \u00d8 35 mm, measurements 300 x 240 mm, tensioning belts to secure the load, large rubber supporting surface | universally applicable for passenger cars, particularly suitable for Mercedes-Benz automatic transmissions<\/p>\n","protected":false},"featured_media":278693,"template":"","meta":[],"product_cat":[1033944],"product_tag":[1034158],"product_approvals":[1013885,1013868,1013902,1013987,1013919,1013970,1013953,1013936],"product_application":[],"class_list":{"0":"post-377189","1":"product","2":"type-product","3":"status-publish","4":"has-post-thumbnail","6":"product_cat-gearbox-plates-en","7":"product_tag-passenger-cars-en","8":"product_approvals-audi-en","9":"product_approvals-bentley-en","10":"product_approvals-bugatti-en","11":"product_approvals-lamborghini-en","12":"product_approvals-porsche-en","13":"product_approvals-seat-en","14":"product_approvals-skoda-en","15":"product_approvals-vw-en","17":"first","18":"instock","19":"shipping-taxable","20":"product-type-simple"},"approvals":[{"term_id":1013885,"name":"Audi","slug":"audi-en","term_group":0,"term_taxonomy_id":1013884,"taxonomy":"product_approvals","description":"","parent":0,"count":26,"filter":"raw"},{"term_id":1013868,"name":"Bentley","slug":"bentley-en","term_group":0,"term_taxonomy_id":1013867,"taxonomy":"product_approvals","description":"","parent":0,"count":26,"filter":"raw"},{"term_id":1013902,"name":"Bugatti","slug":"bugatti-en","term_group":0,"term_taxonomy_id":1013901,"taxonomy":"product_approvals","description":"","parent":0,"count":26,"filter":"raw"},{"term_id":1013987,"name":"Lamborghini","slug":"lamborghini-en","term_group":0,"term_taxonomy_id":1013986,"taxonomy":"product_approvals","description":"","parent":0,"count":26,"filter":"raw"},{"term_id":1013919,"name":"Porsche","slug":"porsche-en","term_group":0,"term_taxonomy_id":1013918,"taxonomy":"product_approvals","description":"","parent":0,"count":24,"filter":"raw"},{"term_id":1013970,"name":"Seat","slug":"seat-en","term_group":0,"term_taxonomy_id":1013969,"taxonomy":"product_approvals","description":"","parent":0,"count":26,"filter":"raw"},{"term_id":1013953,"name":"Skoda","slug":"skoda-en","term_group":0,"term_taxonomy_id":1013952,"taxonomy":"product_approvals","description":"","parent":0,"count":23,"filter":"raw"},{"term_id":1013936,"name":"VW","slug":"vw-en","term_group":0,"term_taxonomy_id":1013935,"taxonomy":"product_approvals","description":"","parent":0,"count":26,"filter":"raw"}],"application":[],"brb_media_brochure":[{"id":356550,"url":"https:\/\/dev.codekraft.it\/rotary-2024\/wp-content\/uploads\/brb_media\/00527943_special-tools-br-06-24-de-2024-06-screen.pdf","title":"Special tools BR 06 24 de 2024 06 screen","thumbnail":"https:\/\/dev.codekraft.it\/rotary-2024\/wp-content\/uploads\/brb_media\/00527943_special-tools-br-06-24-de-2024-06-screen-pdf-106x150.png","description":""},{"id":356551,"url":"https:\/\/dev.codekraft.it\/rotary-2024\/wp-content\/uploads\/brb_media\/00527944_special-tools-br-06-24-en-2024-06-screen.pdf","title":"Special tools BR 06 24 en 2024 06 screen","thumbnail":"https:\/\/dev.codekraft.it\/rotary-2024\/wp-content\/uploads\/brb_media\/00527944_special-tools-br-06-24-en-2024-06-screen-pdf-106x150.png","description":""}],"brb_media_drawing":"","brb_media_manuals":[{"id":377190,"url":"https:\/\/dev.codekraft.it\/rotary-2024\/wp-content\/uploads\/brb_media\/00550433_gearbox-plates-om-3134980-multi-2025-04-rev-f.pdf","title":"Gearbox Plates OM 3134980 multi 2025 04 Rev F","thumbnail":"https:\/\/dev.codekraft.it\/rotary-2024\/wp-content\/uploads\/brb_media\/00550433_gearbox-plates-om-3134980-multi-2025-04-rev-f-pdf-106x150.png","description":""}],"brb_media_safety_datasheets":"","brb_media_spare_parts":[],"_cdmm_p_id":"156","_company":"VSG","_gtin":"4057612003031","accessories":[{"id":377983,"cdmm_p_id":"153","name":"Bushing 55\/35","description":"Peg \u00d8 55 mm, standard peg \u00d8 gearbox plates 35 mm | for BLITZlifts with mount \u00d8 55 mm | 1 piece","thumbnail":"https:\/\/dev.codekraft.it\/rotary-2024\/wp-content\/uploads\/brb_media\/00022995_buchse_web-150x150.png","url":"https:\/\/dev.codekraft.it\/rotary-2024\/en\/products\/accessories-lifts-en\/load-carrying-devices-en\/bushing-55-35\/"},{"id":377977,"cdmm_p_id":"154","name":"Bushing 80\/35","description":"Peg \u00d8 80 mm, standard peg \u00d8 gearbox plates 35 mm | for BLITZlifts with mount \u00d8 80 mm | 1 piece","thumbnail":"https:\/\/dev.codekraft.it\/rotary-2024\/wp-content\/uploads\/brb_media\/00022995_buchse_web-150x150.png","url":"https:\/\/dev.codekraft.it\/rotary-2024\/en\/products\/accessories-lifts-en\/load-carrying-devices-en\/bushing-80-35\/"}],"components":[],"related":[],"similar":[],"lang":"en","translations":{"en":377189,"de":377192,"fr":377193,"it":377194,"es":377195,"ru":377196},"pll_sync_post":[],"_links":{"self":[{"href":"https:\/\/dev.codekraft.it\/rotary-2024\/wp-json\/wp\/v2\/product\/377189","targetHints":{"allow":["GET"]}}],"collection":[{"href":"https:\/\/dev.codekraft.it\/rotary-2024\/wp-json\/wp\/v2\/product"}],"about":[{"href":"https:\/\/dev.codekraft.it\/rotary-2024\/wp-json\/wp\/v2\/types\/product"}],"wp:featuredmedia":[{"embeddable":true,"href":"https:\/\/dev.codekraft.it\/rotary-2024\/wp-json\/wp\/v2\/media\/278693"}],"wp:attachment":[{"href":"https:\/\/dev.codekraft.it\/rotary-2024\/wp-json\/wp\/v2\/media?parent=377189"}],"wp:term":[{"taxonomy":"product_cat","embeddable":true,"href":"https:\/\/dev.codekraft.it\/rotary-2024\/wp-json\/wp\/v2\/product_cat?post=377189"},{"taxonomy":"product_tag","embeddable":true,"href":"https:\/\/dev.codekraft.it\/rotary-2024\/wp-json\/wp\/v2\/product_tag?post=377189"},{"taxonomy":"product_approvals","embeddable":true,"href":"https:\/\/dev.codekraft.it\/rotary-2024\/wp-json\/wp\/v2\/product_approvals?post=377189"},{"taxonomy":"product_application","embeddable":true,"href":"https:\/\/dev.codekraft.it\/rotary-2024\/wp-json\/wp\/v2\/product_application?post=377189"}],"curies":[{"name":"wp","href":"https:\/\/api.w.org\/{rel}","templated":true}]}}