{"id":377120,"date":"2025-12-11T10:11:33","date_gmt":"2025-12-11T10:11:33","guid":{"rendered":"https:\/\/dev.codekraft.it\/rotary-2024\/products\/uncategorized\/dispositivo-elevador-del-motor-m30\/"},"modified":"2025-12-11T10:11:33","modified_gmt":"2025-12-11T10:11:33","slug":"dispositivo-elevador-del-motor-m30","status":"publish","type":"product","link":"https:\/\/dev.codekraft.it\/rotary-2024\/es\/productos\/otros-productos-es\/herramientas-especiales-es\/dispositivo-elevador-del-motor-m30\/","title":{"rendered":"Dispositivo elevador del motor M30"},"content":{"rendered":"","protected":false},"excerpt":{"rendered":"<p>Dispositivo elevador del motor<\/p>\n","protected":false},"featured_media":348657,"template":"","meta":[],"product_cat":[1033418],"product_tag":[1034169],"product_approvals":[1014573,1014539,1014556],"product_application":[],"class_list":{"0":"post-377120","1":"product","2":"type-product","3":"status-publish","4":"has-post-thumbnail","6":"product_cat-herramientas-especiales-es","7":"product_tag-passenger-cars-es","8":"product_approvals-maybach-es","9":"product_approvals-mercedes-benz-es","10":"product_approvals-smart-es","12":"first","13":"instock","14":"shipping-taxable","15":"product-type-simple"},"approvals":[{"term_id":1014573,"name":"Maybach","slug":"maybach-es","term_group":0,"term_taxonomy_id":1014572,"taxonomy":"product_approvals","description":"","parent":0,"count":33,"filter":"raw"},{"term_id":1014539,"name":"Mercedes-Benz","slug":"mercedes-benz-es","term_group":0,"term_taxonomy_id":1014538,"taxonomy":"product_approvals","description":"","parent":0,"count":43,"filter":"raw"},{"term_id":1014556,"name":"Smart","slug":"smart-es","term_group":0,"term_taxonomy_id":1014555,"taxonomy":"product_approvals","description":"","parent":0,"count":33,"filter":"raw"}],"application":[],"brb_media_brochure":[{"id":356550,"url":"https:\/\/dev.codekraft.it\/rotary-2024\/wp-content\/uploads\/brb_media\/00527943_special-tools-br-06-24-de-2024-06-screen.pdf","title":"Special tools BR 06 24 de 2024 06 screen","thumbnail":"https:\/\/dev.codekraft.it\/rotary-2024\/wp-content\/uploads\/brb_media\/00527943_special-tools-br-06-24-de-2024-06-screen-pdf-106x150.png","description":""},{"id":356551,"url":"https:\/\/dev.codekraft.it\/rotary-2024\/wp-content\/uploads\/brb_media\/00527944_special-tools-br-06-24-en-2024-06-screen.pdf","title":"Special tools BR 06 24 en 2024 06 screen","thumbnail":"https:\/\/dev.codekraft.it\/rotary-2024\/wp-content\/uploads\/brb_media\/00527944_special-tools-br-06-24-en-2024-06-screen-pdf-106x150.png","description":""}],"brb_media_drawing":"","brb_media_manuals":[{"id":348643,"url":"https:\/\/dev.codekraft.it\/rotary-2024\/wp-content\/uploads\/brb_media\/00022338_m-class-tools-om-de-2006-01-b.pdf","title":"m class tools om de 2006 01 b","thumbnail":"https:\/\/dev.codekraft.it\/rotary-2024\/wp-content\/uploads\/brb_media\/00022338_m-class-tools-om-de-2006-01-b-pdf-106x150.png","description":""}],"brb_media_safety_datasheets":"","brb_media_spare_parts":[],"_cdmm_p_id":"326","_company":"Elektron","_gtin":"4057612350364","accessories":[{"id":377207,"cdmm_p_id":"328","name":"Adaptaci\u00f3n M30-1","description":"para Clase C (BR203), Clase S (BR220\/W215), Clase M con motor de 4 cilindros","thumbnail":"https:\/\/dev.codekraft.it\/rotary-2024\/wp-content\/uploads\/brb_media\/00023417_adaption-m-30-1_web-150x150.png","url":"https:\/\/dev.codekraft.it\/rotary-2024\/es\/productos\/accesorios-otros-productos-es\/accesorios-herramientas-especiales-es\/adaptacion-m30-1\/"},{"id":377201,"cdmm_p_id":"329","name":"Adaptaci\u00f3n SL01","description":"para SL (R230)","thumbnail":"https:\/\/dev.codekraft.it\/rotary-2024\/wp-content\/uploads\/brb_media\/00023435_adaption-sl-01_web-150x150.png","url":"https:\/\/dev.codekraft.it\/rotary-2024\/es\/productos\/accesorios-otros-productos-es\/accesorios-herramientas-especiales-es\/adaptacion-sl01\/"},{"id":377238,"cdmm_p_id":"314","name":"Adaptaci\u00f3n para el dispositivo de elevaci\u00f3n del motor R251","description":"s\u00f3lo en combinaci\u00f3n con el aparato b\u00e1sico M30","thumbnail":"https:\/\/dev.codekraft.it\/rotary-2024\/wp-content\/uploads\/brb_media\/00023432_adaption-motorhebevorrichtung-r251-_p-150x150.png","url":"https:\/\/dev.codekraft.it\/rotary-2024\/es\/productos\/accesorios-otros-productos-es\/accesorios-herramientas-especiales-es\/adaptacion-para-el-dispositivo-de-elevacion-del-motor-r251\/"}],"components":[],"related":[],"similar":[],"lang":"es","translations":{"es":377120,"en":377116,"de":377117,"fr":377118,"it":377119,"ru":377121},"pll_sync_post":[],"_links":{"self":[{"href":"https:\/\/dev.codekraft.it\/rotary-2024\/wp-json\/wp\/v2\/product\/377120","targetHints":{"allow":["GET"]}}],"collection":[{"href":"https:\/\/dev.codekraft.it\/rotary-2024\/wp-json\/wp\/v2\/product"}],"about":[{"href":"https:\/\/dev.codekraft.it\/rotary-2024\/wp-json\/wp\/v2\/types\/product"}],"wp:featuredmedia":[{"embeddable":true,"href":"https:\/\/dev.codekraft.it\/rotary-2024\/wp-json\/wp\/v2\/media\/348657"}],"wp:attachment":[{"href":"https:\/\/dev.codekraft.it\/rotary-2024\/wp-json\/wp\/v2\/media?parent=377120"}],"wp:term":[{"taxonomy":"product_cat","embeddable":true,"href":"https:\/\/dev.codekraft.it\/rotary-2024\/wp-json\/wp\/v2\/product_cat?post=377120"},{"taxonomy":"product_tag","embeddable":true,"href":"https:\/\/dev.codekraft.it\/rotary-2024\/wp-json\/wp\/v2\/product_tag?post=377120"},{"taxonomy":"product_approvals","embeddable":true,"href":"https:\/\/dev.codekraft.it\/rotary-2024\/wp-json\/wp\/v2\/product_approvals?post=377120"},{"taxonomy":"product_application","embeddable":true,"href":"https:\/\/dev.codekraft.it\/rotary-2024\/wp-json\/wp\/v2\/product_application?post=377120"}],"curies":[{"name":"wp","href":"https:\/\/api.w.org\/{rel}","templated":true}]}}