{"id":4694,"date":"2020-02-29T11:32:42","date_gmt":"2020-02-29T11:32:42","guid":{"rendered":"https:\/\/dev.codekraft.it\/rotary\/?page_id=4694"},"modified":"2024-07-11T18:30:48","modified_gmt":"2024-07-11T18:30:48","slug":"lhistoire","status":"publish","type":"page","link":"https:\/\/dev.codekraft.it\/rotary-2024\/fr\/lhistoire\/","title":{"rendered":"L&#8217;histoire"},"content":{"rendered":"\n<div class=\"wp-block-cover\" style=\"min-height:60vh;aspect-ratio:unset;\"><span aria-hidden=\"true\" class=\"wp-block-cover__background has-background-dim\" style=\"background-color:#363636\"><\/span><img loading=\"lazy\" decoding=\"async\" width=\"1920\" height=\"853\" src=\"https:\/\/dev.codekraft.it\/rotary-2024\/wp-content\/uploads\/2024\/05\/company-hero-2024.jpg\" class=\"wp-block-cover__image-background wp-post-image\" alt=\"\" data-object-fit=\"cover\" srcset=\"https:\/\/dev.codekraft.it\/rotary-2024\/wp-content\/uploads\/2024\/05\/company-hero-2024.jpg 1920w, https:\/\/dev.codekraft.it\/rotary-2024\/wp-content\/uploads\/2024\/05\/company-hero-2024-570x253.jpg 570w, https:\/\/dev.codekraft.it\/rotary-2024\/wp-content\/uploads\/2024\/05\/company-hero-2024-722x321.jpg 722w\" sizes=\"auto, (max-width: 1920px) 100vw, 1920px\" \/><div class=\"wp-block-cover__inner-container has-global-padding is-layout-constrained wp-block-cover-is-layout-constrained\">\n<div class=\"wp-block-group animate__animated animate__fadeInUp animate__delay__600 animate__duration__1500 has-global-padding is-layout-constrained wp-block-group-is-layout-constrained\" style=\"padding-bottom:var(--wp--preset--spacing--70)\"><h2 style=\"font-style:normal;font-weight:700;\" class=\"has-text-align-center has-link-color wp-elements-81e3fc1db69ec29d7d8d355c2c6bd02e wp-block-post-title has-text-color has-primary-color has-xxxx-large-font-size\">L&#8217;histoire<\/h2>\n\n\n<p class=\"has-text-align-center has-extra-large-font-size\">de Rotary<\/p>\n<\/div>\n<\/div><\/div>\n\n\n\n<div class=\"wp-block-group has-global-padding is-layout-constrained wp-container-core-group-is-layout-3fdbf40e wp-block-group-is-layout-constrained\" style=\"padding-top:var(--wp--preset--spacing--80);padding-bottom:var(--wp--preset--spacing--80)\">\n<p class=\"has-text-align-center page-header\">Avec nos produits de haute performance nous r\u00e9pondons aux exigences des durs travaux quotidiens de l&#8217;atelier.<\/p>\n<\/div>\n\n\n\n<div class=\"wp-block-media-text alignfull is-stacked-on-mobile is-style-checker-style has-gray-light-background-color has-background\"><figure class=\"wp-block-media-text__media\"><img loading=\"lazy\" decoding=\"async\" width=\"570\" height=\"570\" src=\"https:\/\/dev.codekraft.it\/rotary-2024\/wp-content\/uploads\/2022\/10\/rotary-logo-2024-1.png\" alt=\"\" class=\"wp-image-237952 size-full\" srcset=\"https:\/\/dev.codekraft.it\/rotary-2024\/wp-content\/uploads\/2022\/10\/rotary-logo-2024-1.png 570w, https:\/\/dev.codekraft.it\/rotary-2024\/wp-content\/uploads\/2022\/10\/rotary-logo-2024-1-square-crop-150.png 150w, https:\/\/dev.codekraft.it\/rotary-2024\/wp-content\/uploads\/2022\/10\/rotary-logo-2024-1-square-crop-75.png 75w, https:\/\/dev.codekraft.it\/rotary-2024\/wp-content\/uploads\/2022\/10\/rotary-logo-2024-1-square-crop-385.png 385w, https:\/\/dev.codekraft.it\/rotary-2024\/wp-content\/uploads\/2022\/10\/rotary-logo-2024-1-square-crop-680.png 680w, https:\/\/dev.codekraft.it\/rotary-2024\/wp-content\/uploads\/2022\/10\/rotary-logo-2024-1-square-crop-1200.png 1200w\" sizes=\"auto, (max-width: 570px) 100vw, 570px\" \/><\/figure><div class=\"wp-block-media-text__content\">\n<div class=\"wp-block-group has-global-padding is-content-justification-center is-layout-constrained wp-container-core-group-is-layout-5eac0670 wp-block-group-is-layout-constrained\" style=\"padding-top:var(--wp--preset--spacing--70);padding-bottom:var(--wp--preset--spacing--70)\">\n<h2 class=\"wp-block-heading has-foreground-color has-text-color has-link-color has-xx-large-font-size wp-elements-109ad60cd173c0da3f2ffb9cb016eba9\" style=\"padding-bottom:var(--wp--preset--spacing--50);font-style:normal;font-weight:500\">\u00c0 propos de Rotary<\/h2>\n\n\n\n<p>L\u2019histoire \u00e0 succ\u00e8s de Rotary Lift a commenc\u00e9 en 1924. Inspir\u00e9 par un fauteuil de salon de coiffure, le fondateur de la soci\u00e9t\u00e9, Peter Lunati, a d\u00e9velopp\u00e9 le premier pont \u00e9l\u00e9vateur hydraulique pour v\u00e9hicules dans le monde entier. Le pont \u00e9l\u00e9vateur a \u00e9t\u00e9 con\u00e7u pour \u00eatre orientable. Les v\u00e9hicules ne sont ainsi pas toujours oblig\u00e9s d\u2019acc\u00e9der en avant sur le pont \u00e9l\u00e9vateur. Ils peuvent \u00e9galement quitter le pont \u00e9l\u00e9vateur dans la m\u00eame direction \u2013 un argument important pour le probl\u00e8me de la marche arri\u00e8re qui revenait tr\u00e8s souvent autrefois. Le brevet pour le pont \u00e9l\u00e9vateur a \u00e9t\u00e9 obtenu le 1er septembre 1925 et Rotary Lift a ensuite \u00e9t\u00e9 cr\u00e9\u00e9.<\/p>\n\n\n\n<p>En plus de 75 ans, Rotary Lift est devenu le plus grand fabricant de ponts \u00e9l\u00e9vateurs pour v\u00e9hicules. Les souhaits de nos clients sont g\u00e9r\u00e9s non seulement par le si\u00e8ge \u00e0 Madison, aux Etats-Unis, et par la centrale europ\u00e9enne situ\u00e9e en Allemagne \u00e0 Br\u00e4unlingen mais \u00e9galement par des nombreuses succursales dans le monde entier. Gr\u00e2ce \u00e0 ce r\u00e9seau unique en son genre, Rotary Lift est capable de reconna\u00eetre tr\u00e8s vite les tendances locales des march\u00e9s et de cr\u00e9er des standards mondiaux. Des homologations mondiales de produits de nombreux fabricants de v\u00e9hicules soulignent cette approche.<\/p>\n<\/div>\n<\/div><\/div>\n\n\n\n<div class=\"wp-block-cover is-light has-parallax lazy-background\" style=\"min-height:95vh;aspect-ratio:unset;\"><span aria-hidden=\"true\" class=\"wp-block-cover__background has-foreground-background-color has-background-dim\"><\/span><div class=\"wp-block-cover__image-background wp-image-296822 has-parallax\" style=\"background-position:50% 50%;background-image:url(data:image\/png;base64,iVBORw0KGgoAAAANSUhEUgAAAAUAAAAFCAYAAACNbyblAAAAHElEQVQI12P4\/\/8\/w38GIAXDIBKE0DHxgljNBAAO9TXL0Y4OHwAAAABJRU5ErkJggg==);\"\" data-background=\"https:\/\/rotarylift.eu\/wp-content\/uploads\/2023\/03\/Rotary-Matteport-hero-02-2023.jpg\"><\/div><div class=\"wp-block-cover__inner-container has-global-padding is-layout-constrained wp-container-core-cover-is-layout-00f579c5 wp-block-cover-is-layout-constrained\">\n<div class=\"wp-block-media-text alignwide is-stacked-on-mobile is-vertically-aligned-center\"><figure class=\"wp-block-media-text__media\"><a href=\"https:\/\/my.matterport.com\/show\/?m=6T5vKWEXKon\" target=\"_blank\" rel=\"noreferrer noopener\"><img decoding=\"async\" src=\"https:\/\/rotarylift.eu\/wp-content\/uploads\/2023\/03\/Rotary-matterport-tour.png\" alt=\"\" class=\"animate__animated animate__fadeInUp animate__repeat wp-image-296821 size-full\"\/><\/a><\/figure><div class=\"wp-block-media-text__content\">\n<div class=\"wp-block-group has-global-padding is-content-justification-center is-layout-constrained wp-container-core-group-is-layout-619c232d wp-block-group-is-layout-constrained\">\n<h2 class=\"wp-block-heading has-white-color has-text-color has-xxx-large-font-size\" style=\"font-style:normal;font-weight:500\">D\u00e9couvrez notre Training Room du Rotary<\/h2>\n\n\n\n<h4 class=\"wp-block-heading has-white-color has-text-color has-large-font-size\">VISITE A 360<\/h4>\n\n\n\n<p class=\"has-white-color has-text-color\">Venez visiter virtuellement notre training room \u00e0 Ohlsbach et explorer notre gamme de produits<\/p>\n\n\n\n<div class=\"wp-block-buttons is-layout-flex wp-block-buttons-is-layout-flex\">\n<div class=\"wp-block-button is-style-outline is-style-outline--1\"><a class=\"wp-block-button__link has-white-color has-text-color has-border-color has-background-border-color wp-element-button\" href=\"https:\/\/my.matterport.com\/show\/?m=6T5vKWEXKon\">COMMENCER LA VISITE<\/a><\/div>\n<\/div>\n<\/div>\n\n\n\n<div style=\"height:50px\" aria-hidden=\"true\" class=\"wp-block-spacer\"><\/div>\n<\/div><\/div>\n<\/div><\/div>\n\n\n\n<div class=\"wp-block-media-text alignfull has-media-on-the-right is-stacked-on-mobile is-vertically-aligned-center is-style-checker-style has-gray-light-background-color has-background\"><div class=\"wp-block-media-text__content\">\n<div class=\"wp-block-group has-global-padding is-content-justification-center is-layout-constrained wp-container-core-group-is-layout-5eac0670 wp-block-group-is-layout-constrained\" style=\"padding-top:var(--wp--preset--spacing--70);padding-bottom:var(--wp--preset--spacing--70)\">\n<h2 class=\"wp-block-heading has-foreground-color has-text-color has-link-color has-xx-large-font-size wp-elements-ad2c00c28e38dd4534411bdcd545f814\" style=\"padding-bottom:var(--wp--preset--spacing--50);font-style:normal;font-weight:500\">\u00c0 propos de VSG<\/h2>\n\n\n\n<p>Faisant partie de la section Syst\u00e8mes synergiquesde Dover Corporation, Vehicle Service Group (VSG) est un leader mondial dynamique, diversifi\u00e9 et solide dans l\u2019industrie sp\u00e9cialis\u00e9e dans l\u2019entretien de v\u00e9hicule. VSG comprend 13 marques principales en mati\u00e8re de levage de v\u00e9hicule, Service pneus et de r\u00e9paration de carrosserie: Rotary, Ravaglioli, Blitz, Butler, Elektron, Nogra, Space, Sirio, Chief, Forward, Direct-Lift, Revolution et Hanmecson. Bas\u00e9 \u00e0 Downers Grove, dans l&#8217;Illinois aux \u00c9tats-Unis, VSG exerce ses activit\u00e9s \u00e0 l\u2019\u00e9chelle internationale et b\u00e9n\u00e9ficie de centres de fabrication certifi\u00e9s ISO9001 en Am\u00e9rique du Nord, en Europe et en Asie. Vous trouverez des informations suppl\u00e9mentaires sur le site www.vsgdover.com<\/p>\n\n\n\n<div class=\"wp-block-button is-style-outline is-style-outline--2\"><a class=\"wp-block-button__link has-border-color has-foreground-border-color has-text-align-left wp-element-button\" href=\"https:\/\/vsgdover.com\/\">EN SAVOIR PLUS<\/a><\/div>\n<\/div>\n<\/div><figure class=\"wp-block-media-text__media\"><img loading=\"lazy\" decoding=\"async\" width=\"571\" height=\"570\" src=\"https:\/\/dev.codekraft.it\/rotary-2024\/wp-content\/uploads\/2022\/08\/vsg-logo-2024-1.png\" alt=\"\" class=\"wp-image-199465 size-full\" srcset=\"https:\/\/dev.codekraft.it\/rotary-2024\/wp-content\/uploads\/2022\/08\/vsg-logo-2024-1.png 571w, https:\/\/dev.codekraft.it\/rotary-2024\/wp-content\/uploads\/2022\/08\/vsg-logo-2024-1-square-crop-150.png 150w, https:\/\/dev.codekraft.it\/rotary-2024\/wp-content\/uploads\/2022\/08\/vsg-logo-2024-1-square-crop-75.png 75w, https:\/\/dev.codekraft.it\/rotary-2024\/wp-content\/uploads\/2022\/08\/vsg-logo-2024-1-square-crop-385.png 385w, https:\/\/dev.codekraft.it\/rotary-2024\/wp-content\/uploads\/2022\/08\/vsg-logo-2024-1-square-crop-680.png 680w, https:\/\/dev.codekraft.it\/rotary-2024\/wp-content\/uploads\/2022\/08\/vsg-logo-2024-1-square-crop-1200.png 1200w\" sizes=\"auto, (max-width: 571px) 100vw, 571px\" \/><\/figure><\/div>\n\n\n\n<div class=\"wp-block-media-text alignfull is-stacked-on-mobile is-vertically-aligned-center is-style-checker-style has-gray-light-background-color has-background\"><figure class=\"wp-block-media-text__media\"><img loading=\"lazy\" decoding=\"async\" width=\"571\" height=\"570\" src=\"https:\/\/dev.codekraft.it\/rotary-2024\/wp-content\/uploads\/2020\/03\/dover-logo-2024.png\" alt=\"\" class=\"wp-image-2026 size-full\" srcset=\"https:\/\/dev.codekraft.it\/rotary-2024\/wp-content\/uploads\/2020\/03\/dover-logo-2024.png 571w, https:\/\/dev.codekraft.it\/rotary-2024\/wp-content\/uploads\/2020\/03\/dover-logo-2024-square-crop-150.png 150w, https:\/\/dev.codekraft.it\/rotary-2024\/wp-content\/uploads\/2020\/03\/dover-logo-2024-square-crop-75.png 75w, https:\/\/dev.codekraft.it\/rotary-2024\/wp-content\/uploads\/2020\/03\/dover-logo-2024-square-crop-385.png 385w, https:\/\/dev.codekraft.it\/rotary-2024\/wp-content\/uploads\/2020\/03\/dover-logo-2024-square-crop-680.png 680w, https:\/\/dev.codekraft.it\/rotary-2024\/wp-content\/uploads\/2020\/03\/dover-logo-2024-square-crop-1200.png 1200w\" sizes=\"auto, (max-width: 571px) 100vw, 571px\" \/><\/figure><div class=\"wp-block-media-text__content\">\n<div class=\"wp-block-group has-global-padding is-content-justification-center is-layout-constrained wp-container-core-group-is-layout-5eac0670 wp-block-group-is-layout-constrained\" style=\"padding-top:var(--wp--preset--spacing--70);padding-bottom:var(--wp--preset--spacing--70)\">\n<h2 class=\"wp-block-heading has-foreground-color has-text-color has-link-color has-xx-large-font-size wp-elements-33626dd7005b8c07c747f091a60c96bf\" style=\"padding-bottom:var(--wp--preset--spacing--50);font-style:normal;font-weight:500\">\u00c0 propos de Dover<\/h2>\n\n\n\n<p>Dover est un fabricant et fournisseur de solutions qui exerce des activit\u00e9s diversifi\u00e9es sur le plan mondial et r\u00e9alise des revenus annuels de pr\u00e8s de 8 milliards USD. La soci\u00e9t\u00e9 fournit des \u00e9quipements et des composants innovants, des fournitures consommables, des pi\u00e8ces de rechange, des logiciels, des solutions num\u00e9riques et des services d\u2019assistance \u00e0 travers cinq segments op\u00e9rationnels : Produits d\u2019ing\u00e9nierie, \u00c9nergie et carburant propres, Imagerie et identification, Pompes et solutions de processus, ainsi que Technologies climatiques et de durabilit\u00e9. Dover met \u00e0 profit son empreinte mondiale et son agilit\u00e9 op\u00e9rationnelle pour \u00eatre leader sur les march\u00e9s que nous desservons. Reconnue depuis plus de 65 ans pour son approche entrepreneuriale, son effectif de 25 000 salari\u00e9s se met \u00e0 la place des entreprises et collabore avec ses clients pour red\u00e9finir le champ des possibles. Le si\u00e8ge social de Dover se trouve \u00e0 Downers Grove, Illinois, et la soci\u00e9t\u00e9 est cot\u00e9e \u00e0 la bourse de New York sous le symbole \u00ab DOV \u00bb. De plus amples informations sont disponibles sur le site dovercorporation.com.<\/p>\n\n\n\n<div class=\"wp-block-button is-style-outline is-style-outline--3\"><a class=\"wp-block-button__link has-border-color has-foreground-border-color has-text-align-left wp-element-button\" href=\"https:\/\/www.dovercorporation.com\/\" target=\"_blank\" rel=\"noreferrer noopener\">EN SAVOIR PLUS<\/a><\/div>\n<\/div>\n<\/div><\/div>\n\n\n\n<div class=\"wp-block-cover\" style=\"min-height:100vh;aspect-ratio:unset;\"><span aria-hidden=\"true\" class=\"wp-block-cover__background has-foreground-background-color has-background-dim-40 has-background-dim\"><\/span><img loading=\"lazy\" decoding=\"async\" width=\"1920\" height=\"1080\" class=\"wp-block-cover__image-background wp-image-314859\" alt=\"\" src=\"https:\/\/dev.codekraft.it\/rotary-2024\/wp-content\/uploads\/2024\/05\/rotary-certificate-hero.jpg\" data-object-fit=\"cover\" srcset=\"https:\/\/dev.codekraft.it\/rotary-2024\/wp-content\/uploads\/2024\/05\/rotary-certificate-hero.jpg 1920w, https:\/\/dev.codekraft.it\/rotary-2024\/wp-content\/uploads\/2024\/05\/rotary-certificate-hero-570x321.jpg 570w, https:\/\/dev.codekraft.it\/rotary-2024\/wp-content\/uploads\/2024\/05\/rotary-certificate-hero-722x406.jpg 722w\" sizes=\"auto, (max-width: 1920px) 100vw, 1920px\" \/><div class=\"wp-block-cover__inner-container is-layout-flow wp-block-cover-is-layout-flow\">\n<div class=\"wp-block-group has-global-padding is-layout-constrained wp-container-core-group-is-layout-1e85fed4 wp-block-group-is-layout-constrained\" style=\"padding-top:var(--wp--preset--spacing--80);padding-right:var(--wp--preset--spacing--70);padding-bottom:var(--wp--preset--spacing--80);padding-left:var(--wp--preset--spacing--70)\">\n<h3 class=\"wp-block-heading has-text-align-center has-background-color has-text-color has-link-color has-extra-large-font-size wp-elements-77ec14c1794123d57deabcad33472865\"><strong>Certifications<\/strong><\/h3>\n\n\n\n<div style=\"height:var(--wp--preset--spacing--70)\" aria-hidden=\"true\" class=\"wp-block-spacer\"><\/div>\n\n\n\n<div class=\"wp-block-columns alignwide is-layout-flex wp-container-core-columns-is-layout-28f84493 wp-block-columns-is-layout-flex\">\n<div class=\"wp-block-column is-layout-flow wp-block-column-is-layout-flow\" style=\"padding-right:var(--wp--preset--spacing--50);padding-bottom:var(--wp--preset--spacing--50);padding-left:var(--wp--preset--spacing--50)\">\n<figure class=\"wp-block-image size-full\"><a href=\"https:\/\/dev.codekraft.it\/rotary-2024\/wp-content\/uploads\/2024\/05\/tuv-certificate-9001_2015-fr-04-2024.pdf\" target=\"_blank\" rel=\"noreferrer noopener\"><img loading=\"lazy\" decoding=\"async\" width=\"600\" height=\"600\" src=\"https:\/\/dev.codekraft.it\/rotary-2024\/wp-content\/uploads\/2024\/05\/iso-9001-logo-tuv-mi.jpg\" alt=\"\" class=\"wp-image-314854\" srcset=\"https:\/\/dev.codekraft.it\/rotary-2024\/wp-content\/uploads\/2024\/05\/iso-9001-logo-tuv-mi.jpg 600w, https:\/\/dev.codekraft.it\/rotary-2024\/wp-content\/uploads\/2024\/05\/iso-9001-logo-tuv-mi-570x570.jpg 570w, https:\/\/dev.codekraft.it\/rotary-2024\/wp-content\/uploads\/2024\/05\/iso-9001-logo-tuv-mi-square-crop-150.jpg 150w, https:\/\/dev.codekraft.it\/rotary-2024\/wp-content\/uploads\/2024\/05\/iso-9001-logo-tuv-mi-square-crop-75.jpg 75w, https:\/\/dev.codekraft.it\/rotary-2024\/wp-content\/uploads\/2024\/05\/iso-9001-logo-tuv-mi-square-crop-385.jpg 385w, https:\/\/dev.codekraft.it\/rotary-2024\/wp-content\/uploads\/2024\/05\/iso-9001-logo-tuv-mi-square-crop-680.jpg 680w, https:\/\/dev.codekraft.it\/rotary-2024\/wp-content\/uploads\/2024\/05\/iso-9001-logo-tuv-mi-square-crop-1200.jpg 1200w\" sizes=\"auto, (max-width: 600px) 100vw, 600px\" \/><\/a><\/figure>\n\n\n\n<p style=\"padding-top:var(--wp--preset--spacing--30)\"><a href=\"https:\/\/dev.codekraft.it\/rotary-2024\/wp-content\/uploads\/2024\/05\/tuv-certificate-9001_2015-fr-04-2024.pdf\" target=\"_blank\" rel=\"noreferrer noopener\">Quality Management System ISO 9001:2015<\/a><\/p>\n<\/div>\n\n\n\n<div class=\"wp-block-column is-layout-flow wp-block-column-is-layout-flow\" style=\"padding-right:var(--wp--preset--spacing--50);padding-bottom:var(--wp--preset--spacing--50);padding-left:var(--wp--preset--spacing--50)\">\n<figure class=\"wp-block-image size-full\"><a href=\"https:\/\/dev.codekraft.it\/rotary-2024\/wp-content\/uploads\/2024\/05\/iso-14001-certificate-vsge-bra-br-en-2024-05.pdf\" target=\"_blank\" rel=\"noreferrer noopener\"><img loading=\"lazy\" decoding=\"async\" width=\"600\" height=\"600\" src=\"https:\/\/dev.codekraft.it\/rotary-2024\/wp-content\/uploads\/2024\/05\/iso-14001-certificate-en-2024-05.jpg\" alt=\"\" class=\"wp-image-314855\" srcset=\"https:\/\/dev.codekraft.it\/rotary-2024\/wp-content\/uploads\/2024\/05\/iso-14001-certificate-en-2024-05.jpg 600w, https:\/\/dev.codekraft.it\/rotary-2024\/wp-content\/uploads\/2024\/05\/iso-14001-certificate-en-2024-05-570x570.jpg 570w, https:\/\/dev.codekraft.it\/rotary-2024\/wp-content\/uploads\/2024\/05\/iso-14001-certificate-en-2024-05-square-crop-150.jpg 150w, https:\/\/dev.codekraft.it\/rotary-2024\/wp-content\/uploads\/2024\/05\/iso-14001-certificate-en-2024-05-square-crop-75.jpg 75w, https:\/\/dev.codekraft.it\/rotary-2024\/wp-content\/uploads\/2024\/05\/iso-14001-certificate-en-2024-05-square-crop-385.jpg 385w, https:\/\/dev.codekraft.it\/rotary-2024\/wp-content\/uploads\/2024\/05\/iso-14001-certificate-en-2024-05-square-crop-680.jpg 680w, https:\/\/dev.codekraft.it\/rotary-2024\/wp-content\/uploads\/2024\/05\/iso-14001-certificate-en-2024-05-square-crop-1200.jpg 1200w\" sizes=\"auto, (max-width: 600px) 100vw, 600px\" \/><\/a><\/figure>\n\n\n\n<p style=\"padding-top:var(--wp--preset--spacing--30)\"><a href=\"https:\/\/dev.codekraft.it\/rotary-2024\/wp-content\/uploads\/2024\/05\/iso-14001-certificate-vsge-bra-br-en-2024-05.pdf\" target=\"_blank\" rel=\"noreferrer noopener\">Environmental Management System ISO 14001:2015<\/a><\/p>\n<\/div>\n\n\n\n<div class=\"wp-block-column is-layout-flow wp-block-column-is-layout-flow\" style=\"padding-right:var(--wp--preset--spacing--50);padding-bottom:var(--wp--preset--spacing--50);padding-left:var(--wp--preset--spacing--50)\">\n<figure class=\"wp-block-image size-full\"><img loading=\"lazy\" decoding=\"async\" width=\"600\" height=\"600\" src=\"https:\/\/dev.codekraft.it\/rotary-2024\/wp-content\/uploads\/2024\/05\/gost-certificate-2019-05.jpg\" alt=\"\" class=\"wp-image-314856\" srcset=\"https:\/\/dev.codekraft.it\/rotary-2024\/wp-content\/uploads\/2024\/05\/gost-certificate-2019-05.jpg 600w, https:\/\/dev.codekraft.it\/rotary-2024\/wp-content\/uploads\/2024\/05\/gost-certificate-2019-05-570x570.jpg 570w, https:\/\/dev.codekraft.it\/rotary-2024\/wp-content\/uploads\/2024\/05\/gost-certificate-2019-05-square-crop-150.jpg 150w, https:\/\/dev.codekraft.it\/rotary-2024\/wp-content\/uploads\/2024\/05\/gost-certificate-2019-05-square-crop-75.jpg 75w, https:\/\/dev.codekraft.it\/rotary-2024\/wp-content\/uploads\/2024\/05\/gost-certificate-2019-05-square-crop-385.jpg 385w, https:\/\/dev.codekraft.it\/rotary-2024\/wp-content\/uploads\/2024\/05\/gost-certificate-2019-05-square-crop-680.jpg 680w, https:\/\/dev.codekraft.it\/rotary-2024\/wp-content\/uploads\/2024\/05\/gost-certificate-2019-05-square-crop-1200.jpg 1200w\" sizes=\"auto, (max-width: 600px) 100vw, 600px\" \/><\/figure>\n\n\n\n<p style=\"padding-top:var(--wp--preset--spacing--30);padding-bottom:0\"><a href=\"https:\/\/dev.codekraft.it\/rotary-2024\/wp-content\/uploads\/2024\/05\/gost-certificate-vsg-part-1-2019-05.pdf\" target=\"_blank\" rel=\"noreferrer noopener\">GOST Certificate part-1<\/a><\/p>\n\n\n\n<p><a href=\"https:\/\/dev.codekraft.it\/rotary-2024\/wp-content\/uploads\/2024\/05\/gost-certificate-vsg-part-2-2019-05.pdf\" target=\"_blank\" rel=\"noreferrer noopener\">GOST Certificate part-2<\/a><\/p>\n<\/div>\n<\/div>\n<\/div>\n<\/div><\/div>\n","protected":false},"excerpt":{"rendered":"<p>Avec nos produits de haute performance nous r\u00e9pondons aux exigences des durs travaux quotidiens de l&#8217;atelier.<\/p>\n","protected":false},"author":1,"featured_media":314795,"parent":0,"menu_order":0,"comment_status":"closed","ping_status":"closed","template":"","meta":{"footnotes":""},"class_list":["post-4694","page","type-page","status-publish","has-post-thumbnail","hentry"],"lang":"fr","translations":{"fr":4694,"it":4690,"en":1936,"de":4692,"es":4696,"ru":4698},"pll_sync_post":[],"_links":{"self":[{"href":"https:\/\/dev.codekraft.it\/rotary-2024\/wp-json\/wp\/v2\/pages\/4694","targetHints":{"allow":["GET"]}}],"collection":[{"href":"https:\/\/dev.codekraft.it\/rotary-2024\/wp-json\/wp\/v2\/pages"}],"about":[{"href":"https:\/\/dev.codekraft.it\/rotary-2024\/wp-json\/wp\/v2\/types\/page"}],"author":[{"embeddable":true,"href":"https:\/\/dev.codekraft.it\/rotary-2024\/wp-json\/wp\/v2\/users\/1"}],"replies":[{"embeddable":true,"href":"https:\/\/dev.codekraft.it\/rotary-2024\/wp-json\/wp\/v2\/comments?post=4694"}],"version-history":[{"count":10,"href":"https:\/\/dev.codekraft.it\/rotary-2024\/wp-json\/wp\/v2\/pages\/4694\/revisions"}],"predecessor-version":[{"id":373095,"href":"https:\/\/dev.codekraft.it\/rotary-2024\/wp-json\/wp\/v2\/pages\/4694\/revisions\/373095"}],"wp:featuredmedia":[{"embeddable":true,"href":"https:\/\/dev.codekraft.it\/rotary-2024\/wp-json\/wp\/v2\/media\/314795"}],"wp:attachment":[{"href":"https:\/\/dev.codekraft.it\/rotary-2024\/wp-json\/wp\/v2\/media?parent=4694"}],"curies":[{"name":"wp","href":"https:\/\/api.w.org\/{rel}","templated":true}]}}