{"id":30758,"date":"2020-12-02T15:39:39","date_gmt":"2020-12-02T15:39:39","guid":{"rendered":"http:\/\/dev.codekraft.it\/rotary\/?page_id=30758"},"modified":"2024-05-28T14:21:58","modified_gmt":"2024-05-28T14:21:58","slug":"aplicacion-de-inicio-de-sesion","status":"publish","type":"page","link":"https:\/\/dev.codekraft.it\/rotary-2024\/es\/aplicacion-de-inicio-de-sesion\/","title":{"rendered":"Aplicaci\u00f3n de inicio de sesi\u00f3n"},"content":{"rendered":"<div class=\"wp-block-cover\" style=\"min-height:60vh;aspect-ratio:unset;\"><span aria-hidden=\"true\" class=\"wp-block-cover__background has-background-dim-10 has-background-dim\"><\/span><img loading=\"lazy\" decoding=\"async\" width=\"1920\" height=\"853\" src=\"https:\/\/dev.codekraft.it\/rotary-2024\/wp-content\/uploads\/2022\/08\/Rotary-hero-default-2022.jpeg\" class=\"wp-block-cover__image-background wp-post-image\" alt=\"\" data-object-fit=\"cover\" data-object-position=\"50% 60%\" style=\"object-position:50% 60%;\" srcset=\"https:\/\/dev.codekraft.it\/rotary-2024\/wp-content\/uploads\/2022\/08\/Rotary-hero-default-2022.jpeg 1920w, https:\/\/dev.codekraft.it\/rotary-2024\/wp-content\/uploads\/2022\/08\/Rotary-hero-default-2022-570x253.jpeg 570w, https:\/\/dev.codekraft.it\/rotary-2024\/wp-content\/uploads\/2022\/08\/Rotary-hero-default-2022-722x321.jpeg 722w\" sizes=\"auto, (max-width: 1920px) 100vw, 1920px\" \/><div class=\"wp-block-cover__inner-container has-global-padding is-layout-constrained wp-block-cover-is-layout-constrained\"><h2 style=\"font-style:normal;font-weight:700;\" class=\"has-text-align-center has-link-color alignwide wp-elements-d0c32d95ca02bbb2e7309397a916df3e wp-block-post-title has-text-color has-background-color has-xxx-large-font-size\">Aplicaci\u00f3n de inicio de sesi\u00f3n<\/h2><\/div><\/div><div class=\"wp-block-group alignclose has-global-padding is-layout-constrained wp-container-core-group-is-layout-a2ef9980 wp-block-group-is-layout-constrained\" style=\"padding-top:var(--wp--preset--spacing--80);padding-right:var(--wp--preset--spacing--60);padding-bottom:var(--wp--preset--spacing--80);padding-left:var(--wp--preset--spacing--60)\"><p>El Inicio de sesi\u00f3n de Marketing que permite acceder a nuestros portales dedicados a las marcas contiene numerosos materiales con informaci\u00f3n valiosa de nuestras ofertas exclusivas para usted en su calidad de socio comercial.<\/p>\n\n<p>Para poder acceder a ella, es necesario disponer de los datos espec\u00edficos para iniciar sesi\u00f3n. Estaremos encantados de ponerlos a su disposici\u00f3n si as\u00ed lo solicita.<\/p><\/div><div class=\"wp-block-group alignclose has-global-padding is-layout-constrained wp-container-core-group-is-layout-8c9c06ee wp-block-group-is-layout-constrained\" style=\"padding-right:var(--wp--preset--spacing--60);padding-bottom:var(--wp--preset--spacing--80);padding-left:var(--wp--preset--spacing--60)\"><h3 class=\"wp-block-heading has-text-align-center has-foreground-color has-text-color has-link-color has-large-font-size wp-elements-4e585a269f19ad89942aade788dfe42d\" style=\"padding-bottom:var(--wp--preset--spacing--50);font-style:normal;font-weight:500\">Informaci\u00f3n de contacto<\/h3>\n\n<div style=\"height:var(--wp--preset--spacing--50)\" aria-hidden=\"true\" class=\"wp-block-spacer\"><\/div>\n\n<div class=\"wp-block-contact-form-7-contact-form-selector\">\n<div class=\"wpcf7 no-js\" id=\"wpcf7-f31489-o1\" lang=\"en-US\" dir=\"ltr\" data-wpcf7-id=\"31489\">\n<div class=\"screen-reader-response\"><p role=\"status\" aria-live=\"polite\" aria-atomic=\"true\"><\/p> <ul><\/ul><\/div>\n<form action=\"\/rotary-2024\/wp-json\/wp\/v2\/pages\/30758#wpcf7-f31489-o1\" method=\"post\" class=\"wpcf7-form init\" aria-label=\"Contact form\" novalidate=\"novalidate\" data-status=\"init\">\n<fieldset class=\"hidden-fields-container\"><input type=\"hidden\" name=\"_wpcf7\" value=\"31489\" \/><input type=\"hidden\" name=\"_wpcf7_version\" value=\"6.1.4\" \/><input type=\"hidden\" name=\"_wpcf7_locale\" value=\"en_US\" \/><input type=\"hidden\" name=\"_wpcf7_unit_tag\" value=\"wpcf7-f31489-o1\" \/><input type=\"hidden\" name=\"_wpcf7_container_post\" value=\"0\" \/><input type=\"hidden\" name=\"_wpcf7_posted_data_hash\" value=\"\" \/><input type=\"hidden\" name=\"_cf7a__timestamp\" value=\"raAQOorf24SRXMGMzs1p+A==\" \/><input type=\"hidden\" name=\"_cf7a_version\" value=\"1.0\" \/><input type=\"hidden\" name=\"_cf7a_address\" value=\"\" \/><input type=\"hidden\" name=\"_cf7a_referer\" value=\"\" \/><input type=\"hidden\" name=\"_cf7a_protocol\" value=\"\" \/><input type=\"hidden\" name=\"_cf7a_bot_fingerprint\" value=\"raAQOorf24SRXMGMzs1p+A==\" \/><input type=\"hidden\" name=\"_cf7a_bot_fingerprint_extras\" \/><input type=\"hidden\" name=\"_cf7a_append_on_submit\" \/>\n<\/fieldset>\n<div class=\"two-columns\">\n\t<p><label> <span class=\"wpcf7-form-control-wrap\" data-name=\"fname\"><input size=\"40\" maxlength=\"400\" class=\"wpcf7-form-control wpcf7-text wpcf7-validates-as-required\" aria-required=\"true\" aria-invalid=\"false\" placeholder=\"Nombre*\" value=\"\" type=\"text\" name=\"fname\" \/><input type=\"text\" name=\"name\" value=\"\" autocomplete=\"fill\" class=\"fit-the-fullspace\" aria-hidden=\"true\" tabindex=\"-1\" \/><\/span> <\/label><br \/>\n<label> <span class=\"wpcf7-form-control-wrap\" data-name=\"lname\"><input type=\"text\" name=\"email\" value=\"\" autocomplete=\"fill\" class=\"fit-the-fullspace\" aria-hidden=\"true\" tabindex=\"-1\" \/><input size=\"40\" maxlength=\"400\" class=\"wpcf7-form-control wpcf7-text wpcf7-validates-as-required\" aria-required=\"true\" aria-invalid=\"false\" placeholder=\"Apellidos*\" value=\"\" type=\"text\" name=\"lname\" \/><\/span> <\/label><br \/>\n<label> <span class=\"wpcf7-form-control-wrap\" data-name=\"company\"><input size=\"40\" maxlength=\"400\" class=\"wpcf7-form-control wpcf7-text wpcf7-validates-as-required\" aria-required=\"true\" aria-invalid=\"false\" placeholder=\"Empresa*\" value=\"\" type=\"text\" name=\"company\" \/><input type=\"text\" name=\"address\" value=\"\" autocomplete=\"fill\" class=\"fit-the-fullspace\" aria-hidden=\"true\" tabindex=\"-1\" \/><\/span> <\/label><br \/>\n<label> <span class=\"wpcf7-form-control-wrap\" data-name=\"country\"><select class=\"wpcf7-form-control wpcf7-select vsge_country_select\" aria-invalid=\"false\" name=\"country\"><option value=\"Pa\u00eds*\">Pa\u00eds*<\/option><\/select><\/span> <\/label><br \/>\n<label> <span class=\"wpcf7-form-control-wrap\" data-name=\"region\"><select class=\"wpcf7-form-control wpcf7-select vsge_region_select\" aria-invalid=\"false\" name=\"region\"><option value=\"Regi\u00f3n*\">Regi\u00f3n*<\/option><\/select><\/span> <\/label><br \/>\n<label> <span class=\"wpcf7-form-control-wrap\" data-name=\"street\"><input size=\"40\" maxlength=\"400\" class=\"wpcf7-form-control wpcf7-text wpcf7-validates-as-required\" aria-required=\"true\" aria-invalid=\"false\" placeholder=\"Calle*\" value=\"\" type=\"text\" name=\"street\" \/><input type=\"text\" name=\"zip\" value=\"\" autocomplete=\"fill\" class=\"fit-the-fullspace\" aria-hidden=\"true\" tabindex=\"-1\" \/><\/span> <\/label><br \/>\n<label> <span class=\"wpcf7-form-control-wrap\" data-name=\"zip\"><input size=\"40\" maxlength=\"400\" class=\"wpcf7-form-control wpcf7-text wpcf7-validates-as-required\" aria-required=\"true\" aria-invalid=\"false\" placeholder=\"C\u00f3digo postal*\" value=\"\" type=\"text\" name=\"zip\" \/><input type=\"text\" name=\"town\" value=\"\" autocomplete=\"fill\" class=\"fit-the-fullspace\" aria-hidden=\"true\" tabindex=\"-1\" \/><\/span> <\/label><br \/>\n<label> <span class=\"wpcf7-form-control-wrap\" data-name=\"town\"><input type=\"text\" name=\"phone\" value=\"\" autocomplete=\"fill\" class=\"fit-the-fullspace\" aria-hidden=\"true\" tabindex=\"-1\" \/><input size=\"40\" maxlength=\"400\" class=\"wpcf7-form-control wpcf7-text wpcf7-validates-as-required\" aria-required=\"true\" aria-invalid=\"false\" placeholder=\"Localidad*\" value=\"\" type=\"text\" name=\"town\" \/><\/span> <\/label><br \/>\n<label> <span class=\"wpcf7-form-control-wrap\" data-name=\"email\"><input size=\"40\" maxlength=\"400\" class=\"wpcf7-form-control wpcf7-email wpcf7-validates-as-required wpcf7-text wpcf7-validates-as-email\" aria-required=\"true\" aria-invalid=\"false\" placeholder=\"Correo electr\u00f3nico*\" value=\"\" type=\"email\" name=\"email\" \/><\/span> <\/label><br \/>\n<label> <span class=\"wpcf7-form-control-wrap\" data-name=\"telephone\"><input size=\"40\" maxlength=\"400\" class=\"wpcf7-form-control wpcf7-tel wpcf7-validates-as-required wpcf7-text wpcf7-validates-as-tel\" aria-required=\"true\" aria-invalid=\"false\" placeholder=\"Tel\u00e9fono*\" value=\"\" type=\"tel\" name=\"telephone\" \/><\/span> <\/label>\n\t<\/p>\n\t<p><span class=\"wpcf7-form-control-wrap\" data-name=\"customer-type\"><select class=\"wpcf7-form-control wpcf7-select wpcf7-validates-as-required\" aria-required=\"true\" aria-invalid=\"false\" name=\"customer-type\"><option value=\"\">Tipo de cliente*<\/option><option value=\"Usuario final\">Usuario final<\/option><option value=\"Distribuidor\">Distribuidor<\/option><\/select><\/span>\n\t<\/p>\n<\/div>\n<h3>De acceso deseado\n<\/h3>\n<p><span class=\"wpcf7-form-control-wrap\" data-name=\"desired-access\"><span class=\"wpcf7-form-control wpcf7-checkbox wpcf7-validates-as-required\"><span class=\"wpcf7-list-item first\"><label><input type=\"checkbox\" name=\"desired-access[]\" value=\"Rotary\" \/><span class=\"wpcf7-list-item-label\">Rotary<\/span><\/label><\/span><span class=\"wpcf7-list-item last\"><label><input type=\"checkbox\" name=\"desired-access[]\" value=\"VSG\" \/><span class=\"wpcf7-list-item-label\">VSG<\/span><\/label><\/span><\/span><\/span>\n<\/p>\n<h3>Consentimiento para el estudio de mercado\n<\/h3>\n<p>Una solicitud adicional. Dado que desarrollamos continuamente nuestros productos y servicios, queremos incluirle en este proceso como nuestro socio comercial. Estaremos encantados de recibir su respaldo en este sentido.\n<\/p>\n<p><span class=\"wpcf7-form-control-wrap\" data-name=\"market-research\"><span class=\"wpcf7-form-control wpcf7-checkbox\"><span class=\"wpcf7-list-item first last\"><label><input type=\"checkbox\" name=\"market-research[]\" value=\"Consentimiento para el estudio de mercado\" \/><span class=\"wpcf7-list-item-label\">Consentimiento para el estudio de mercado<\/span><\/label><\/span><\/span><\/span>\n<\/p>\n<p>Sus datos se utilizar\u00e1n de forma estrictamente confidencial y no se transmitir\u00e1n a terceros.\n<\/p>\n<p><label> <span class=\"wpcf7-form-control-wrap\" data-name=\"accepted\"><span class=\"wpcf7-form-control wpcf7-acceptance\"><span class=\"wpcf7-list-item\"><input type=\"checkbox\" name=\"accepted\" value=\"1\" aria-invalid=\"false\" \/><\/span><\/span><\/span>He le\u00eddo la <a href=\"politica-de-privacidad\/\"><b>pol\u00edtica de privacidad<\/b><\/a>*<\/label><br \/>\n<input class=\"wpcf7-form-control wpcf7-submit has-spinner\" type=\"submit\" value=\"Enviar\" \/>\n<\/p><div class=\"wpcf7-response-output\" aria-hidden=\"true\"><\/div>\n<\/form>\n<\/div>\n<\/div><\/div>","protected":false},"excerpt":{"rendered":"<p>El Inicio de sesi\u00f3n de Marketing que permite acceder a nuestros portales dedicados a las marcas contiene numerosos materiales con informaci\u00f3n valiosa de nuestras ofertas exclusivas para usted en su calidad de socio comercial. Para poder acceder a ella, es necesario disponer de los datos espec\u00edficos para iniciar sesi\u00f3n. Estaremos encantados de ponerlos a su [&hellip;]<\/p>\n","protected":false},"author":1,"featured_media":202496,"parent":0,"menu_order":0,"comment_status":"closed","ping_status":"closed","template":"","meta":{"footnotes":""},"class_list":["post-30758","page","type-page","status-publish","has-post-thumbnail","hentry"],"lang":"es","translations":{"es":30758,"de":30731,"en":30109,"fr":30741,"it":30755,"ru":30766},"pll_sync_post":[],"_links":{"self":[{"href":"https:\/\/dev.codekraft.it\/rotary-2024\/wp-json\/wp\/v2\/pages\/30758","targetHints":{"allow":["GET"]}}],"collection":[{"href":"https:\/\/dev.codekraft.it\/rotary-2024\/wp-json\/wp\/v2\/pages"}],"about":[{"href":"https:\/\/dev.codekraft.it\/rotary-2024\/wp-json\/wp\/v2\/types\/page"}],"author":[{"embeddable":true,"href":"https:\/\/dev.codekraft.it\/rotary-2024\/wp-json\/wp\/v2\/users\/1"}],"replies":[{"embeddable":true,"href":"https:\/\/dev.codekraft.it\/rotary-2024\/wp-json\/wp\/v2\/comments?post=30758"}],"version-history":[{"count":5,"href":"https:\/\/dev.codekraft.it\/rotary-2024\/wp-json\/wp\/v2\/pages\/30758\/revisions"}],"predecessor-version":[{"id":315851,"href":"https:\/\/dev.codekraft.it\/rotary-2024\/wp-json\/wp\/v2\/pages\/30758\/revisions\/315851"}],"wp:featuredmedia":[{"embeddable":true,"href":"https:\/\/dev.codekraft.it\/rotary-2024\/wp-json\/wp\/v2\/media\/202496"}],"wp:attachment":[{"href":"https:\/\/dev.codekraft.it\/rotary-2024\/wp-json\/wp\/v2\/media?parent=30758"}],"curies":[{"name":"wp","href":"https:\/\/api.w.org\/{rel}","templated":true}]}}