{"id":157445,"date":"2025-12-04T08:10:02","date_gmt":"2025-12-04T08:10:02","guid":{"rendered":"https:\/\/dev.codekraft.it\/ravaglioli.it\/product\/pont-elevateur-a-2-colonnes-kpx40av\/"},"modified":"2025-12-04T08:10:02","modified_gmt":"2025-12-04T08:10:02","slug":"pont-elevateur-a-2-colonnes-kpx40av","status":"publish","type":"product","link":"https:\/\/dev.codekraft.it\/ravaglioli.it\/fr\/product\/pont-elevateur-a-2-colonnes-kpx40av\/","title":{"rendered":"Pont \u00e9l\u00e9vateur \u00e0 2 colonnes KPX40AV"},"content":{"rendered":"<p>Legend Series &#8211; From History to the Future<\/p>\n<ul>\n<li>Design actualis\u00e9\u00a0: un contour moderne qui apporte modernit\u00e9 et facilit\u00e9 d\u2019utilisation \u00e0 l\u2019atelier<\/li>\n<li>ADN innovant\u00a0: des composants durables de haute qualit\u00e9, test\u00e9s pour 20000 cycles<\/li>\n<li>\u00c9volutivit\u00e9\u00a0: les ponts \u00e9l\u00e9vateurs sont con\u00e7us pour le syst\u00e8me de connectivit\u00e9 en atelier TEq-Link<\/li>\n<\/ul>\n<p>Issue des ponts \u00e9l\u00e9vateurs \u00e0 2 colonnes les plus vendus, la Legend Series consolide les connaissances en ing\u00e9nierie de Ravaglioli et les transforme en un ensemble innovant. Tourn\u00e9e vers l\u2019avenir tout en honorant le pass\u00e9, Ravaglioli s\u2019est fix\u00e9 un objectif important : unir performances et design.<\/p>\n<ul>\n<li>La g\u00e9om\u00e9trie des bras est con\u00e7ue pour soulever tous les types de v\u00e9hicules, des citadines classiques aux camionnettes.<\/li>\n<li>Les bras AV (\u00ab\u00a0All Vehicls\u00a0\u00bb) innovants s\u2019\u00e9tendent 20 % plus loin que les bras conventionnels, ce qui leur permet d\u2019atteindre les points de pr\u00e9hension d\u2019une large gamme de v\u00e9hicules.<\/li>\n<\/ul>\n<ul>\n<li>Moteurs haute performance.<\/li>\n<li>Blocage et deverrouillage automatique des bras en position basse : engrenages coniques avec effet autobloquant.<\/li>\n<li>Lubrification permanente et automatique des \u00e9crous pour garantir un bon fonctionnement pendant les phases de mont\u00e9e et de descente.<\/li>\n<li>Vis en acier lamin\u00e9 \u00e0 haute r\u00e9sistance pour une durabilit\u00e9 maximale.<\/li>\n<li>Bras r\u00e9alis\u00e9s en acier sp\u00e9cial, avec hauteur de la premi\u00e8re section d\u2019\u00e0 peine 70 mm et hauteur de la deuxi\u00e8me section de 85 mm.<\/li>\n<li>\u00c9quip\u00e9 d\u2019un syst\u00e8me sonore anti\u00e9crasement des pieds &#8211; Sans gardepieds m\u00e9caniques.<\/li>\n<li>Qualit\u00e9 sup\u00e9rieure des composants\u00a0:\n<ul>\n<li>Poulie en aluminium avec fonction de refroidissement.<\/li>\n<li>Roulements \u00e0 longue dur\u00e9e de vie.<\/li>\n<li>\u00c9crou porteur en bronze 50 % plus long.<\/li>\n<li>Moteurs avec carter de refroidissement renforc\u00e9.<\/li>\n<li>Robuste verrouillage automatique des bras.<\/li>\n<\/ul>\n<\/li>\n<\/ul>\n","protected":false},"excerpt":{"rendered":"<p>4,0 t, \u00e9lectrom\u00e9canique, contr\u00f4le par bouton-poussoir, colonnes sym\u00e9triques, bras AV asym\u00e9trique, bras longs \u00e0 3 sections, bras courts \u00e0 3 sections, TEq-Link<\/p>\n","protected":false},"featured_media":157429,"template":"","meta":[],"product_brand":[],"product_cat":[57874],"product_tag":[63157,58326,58290],"product_approvals":[],"product_application":[],"class_list":{"0":"post-157445","1":"product","2":"type-product","3":"status-publish","4":"has-post-thumbnail","6":"product_cat-ponts-elevateurs-a-2-colonnes-fr","7":"product_tag-quickship-fr","8":"product_tag-light-commercial-fr","9":"product_tag-passenger-cars-fr","11":"first","12":"instock","13":"shipping-taxable","14":"product-type-simple"},"approvals":[],"application":[],"brb_media_brochure":[{"id":157430,"url":"https:\/\/dev.codekraft.it\/ravaglioli.it\/wp-content\/uploads\/brb_media\/00531807_2-post-lift-kpx40av-br-de-2024-08-screen.pdf","title":"2 post lift kpx40av br de 2024 08 screen","mpn":"","thumbnail":"https:\/\/dev.codekraft.it\/ravaglioli.it\/wp-content\/uploads\/brb_media\/00531807_2-post-lift-kpx40av-br-de-2024-08-screen-pdf-106x150.png","description":""},{"id":157431,"url":"https:\/\/dev.codekraft.it\/ravaglioli.it\/wp-content\/uploads\/brb_media\/00531808_2-post-lift-kpx40av-br-en-2024-08-screen.pdf","title":"2 post lift kpx40av br en 2024 08 screen","mpn":"","thumbnail":"https:\/\/dev.codekraft.it\/ravaglioli.it\/wp-content\/uploads\/brb_media\/00531808_2-post-lift-kpx40av-br-en-2024-08-screen-pdf-106x150.png","description":""},{"id":157432,"url":"https:\/\/dev.codekraft.it\/ravaglioli.it\/wp-content\/uploads\/brb_media\/00531809_2-post-lift-kpx40av-br-fr-2024-08-screen.pdf","title":"2 post lift kpx40av br fr 2024 08 screen","mpn":"","thumbnail":"https:\/\/dev.codekraft.it\/ravaglioli.it\/wp-content\/uploads\/brb_media\/00531809_2-post-lift-kpx40av-br-fr-2024-08-screen-pdf-106x150.png","description":""},{"id":157433,"url":"https:\/\/dev.codekraft.it\/ravaglioli.it\/wp-content\/uploads\/brb_media\/00531810_2-post-lift-kpx40av-br-it-2024-08-screen.pdf","title":"2 post lift kpx40av br it 2024 08 screen","mpn":"","thumbnail":"https:\/\/dev.codekraft.it\/ravaglioli.it\/wp-content\/uploads\/brb_media\/00531810_2-post-lift-kpx40av-br-it-2024-08-screen-pdf-106x150.png","description":""},{"id":157434,"url":"https:\/\/dev.codekraft.it\/ravaglioli.it\/wp-content\/uploads\/brb_media\/00531811_2-post-lift-kpx40av-br-es-2024-08-screen.pdf","title":"2 post lift kpx40av br es 2024 08 screen","mpn":"","thumbnail":"https:\/\/dev.codekraft.it\/ravaglioli.it\/wp-content\/uploads\/brb_media\/00531811_2-post-lift-kpx40av-br-es-2024-08-screen-pdf-106x150.png","description":""},{"id":157435,"url":"https:\/\/dev.codekraft.it\/ravaglioli.it\/wp-content\/uploads\/brb_media\/00531812_2-post-lift-kpx40av-br-ru-2024-08-screen.pdf","title":"2 post lift kpx40av br ru 2024 08 screen","mpn":"","thumbnail":"https:\/\/dev.codekraft.it\/ravaglioli.it\/wp-content\/uploads\/brb_media\/00531812_2-post-lift-kpx40av-br-ru-2024-08-screen-pdf-106x150.png","description":""}],"brb_media_drawing":[{"id":157439,"url":"https:\/\/dev.codekraft.it\/ravaglioli.it\/wp-content\/uploads\/brb_media\/00553149_2-post-lifts-kpx40av-td-04730739_01.pdf","title":"2 Post Lifts KPX40AV TD 04730739 01","mpn":"","thumbnail":"https:\/\/dev.codekraft.it\/ravaglioli.it\/wp-content\/uploads\/brb_media\/00553149_2-post-lifts-kpx40av-td-04730739_01-pdf-150x106.png","description":""}],"brb_media_manuals":[{"id":149933,"url":"https:\/\/dev.codekraft.it\/ravaglioli.it\/wp-content\/uploads\/brb_media\/00535682_2-post-lifts-symmetrical_lifts-p-united_im-0473m0120-rev2-zuffa-multi-2024-12.pdf","title":"2 post lifts symmetrical lifts p united im 0473m0120 rev2 zuffa multi 2024 12","mpn":"","thumbnail":"https:\/\/dev.codekraft.it\/ravaglioli.it\/wp-content\/uploads\/brb_media\/00535682_2-post-lifts-symmetrical_lifts-p-united_im-0473m0120-rev2-zuffa-multi-2024-12-pdf-106x150.png","description":""}],"brb_media_safety_datasheets":"","brb_media_spare_parts":[],"_cdmm_p_id":"504744","_company":"Ravaglioli","_gtin":"5063084198204","accessories":[{"id":155999,"mpn":"VSG.2CELM.901927","name":"Anneau pour le d\u00e9placement des colonnes","description":"3,5 t - 4,2 t | Facilite l'installation du pont \u00e9l\u00e9vateur ; r\u00e9utilisable pour d'autres installations | 1 jeu","thumbnail":"https:\/\/dev.codekraft.it\/ravaglioli.it\/wp-content\/uploads\/brb_media\/00512726_2-post-lift-vsg2celm901927-mi-01-150x150.png","url":"https:\/\/dev.codekraft.it\/ravaglioli.it\/fr\/product\/anneau-pour-le-deplacement-des-colonnes-2\/"},{"id":152179,"mpn":"VSG.2CELM.902498","name":"Passage des c\u00e2bles au sol","description":"Permet d'enterrer les c\u00e2bles de connexion | 1 pi\u00e8ce","thumbnail":"https:\/\/dev.codekraft.it\/ravaglioli.it\/wp-content\/uploads\/brb_media\/00507202_2-post-lift-vsg2celm902498-mi-150x150.png","url":"https:\/\/dev.codekraft.it\/ravaglioli.it\/fr\/product\/passage-des-cables-au-sol\/"},{"id":152173,"mpn":"VSG.2CALL.901453","name":"Plaques de r\u00e9partition","description":"4 \/ 4,2 \/ 4,5 t | permet d'installer le pont \u00e9l\u00e9vateur m\u00eame sur de dalle de faible \u00e9paisseur| 1 jeu \/ 2 pi\u00e8ces","thumbnail":"https:\/\/dev.codekraft.it\/ravaglioli.it\/wp-content\/uploads\/brb_media\/00535984_2-post-lift-vsg2call901453-mi-150x150.png","url":"https:\/\/dev.codekraft.it\/ravaglioli.it\/fr\/product\/plaques-de-repartition\/"},{"id":154688,"mpn":"VSG.2CALL.902818","name":"Kit de supports pour rehausser les v\u00e9hicules","description":"Hauteur de rampe 60 mm, pour v\u00e9hicules extr\u00eamement bas | 1 jeu \/ 2 pi\u00e8ces","thumbnail":"https:\/\/dev.codekraft.it\/ravaglioli.it\/wp-content\/uploads\/brb_media\/00509501_2-post-lift-vsg2call902818-mi-150x150.png","url":"https:\/\/dev.codekraft.it\/ravaglioli.it\/fr\/product\/kit-de-supports-pour-rehausser-les-vehicules\/"},{"id":154694,"mpn":"VSG.2CALL.902085","name":"Kit de supports pour le contr\u00f4le de g\u00e9om\u00e9trie","description":"1 jeu \/ 4 pi\u00e8ces","thumbnail":"https:\/\/dev.codekraft.it\/ravaglioli.it\/wp-content\/uploads\/brb_media\/00509503_2-post-lift-vsg2call902085-mi-150x150.png","url":"https:\/\/dev.codekraft.it\/ravaglioli.it\/fr\/product\/kit-de-supports-pour-le-controle-de-geometrie\/"},{"id":154700,"mpn":"VSG.2CALL.902641","name":"Bac pour les outils","description":"Aimant\u00e9es | ensemble de plateaux | 1 jeu \/ 4 pi\u00e8ces","thumbnail":"https:\/\/dev.codekraft.it\/ravaglioli.it\/wp-content\/uploads\/brb_media\/00509504_2-post-lift-vsg2call902641-mi-150x150.png","url":"https:\/\/dev.codekraft.it\/ravaglioli.it\/fr\/product\/bac-pour-les-outils\/"}],"components":[],"delivery":[],"package":[],"related":[],"similar":[],"page_logo_src":"https:\/\/dev.codekraft.it\/ravaglioli.it\/wp-content\/uploads\/2026\/04\/rav-negative-logo-1.png","lang":"fr","translations":{"fr":157445,"en":157428,"de":157444,"it":157446,"es":157447,"ru":157448},"pll_sync_post":[],"_links":{"self":[{"href":"https:\/\/dev.codekraft.it\/ravaglioli.it\/wp-json\/wp\/v2\/product\/157445","targetHints":{"allow":["GET"]}}],"collection":[{"href":"https:\/\/dev.codekraft.it\/ravaglioli.it\/wp-json\/wp\/v2\/product"}],"about":[{"href":"https:\/\/dev.codekraft.it\/ravaglioli.it\/wp-json\/wp\/v2\/types\/product"}],"wp:featuredmedia":[{"embeddable":true,"href":"https:\/\/dev.codekraft.it\/ravaglioli.it\/wp-json\/wp\/v2\/media\/157429"}],"wp:attachment":[{"href":"https:\/\/dev.codekraft.it\/ravaglioli.it\/wp-json\/wp\/v2\/media?parent=157445"}],"wp:term":[{"taxonomy":"product_brand","embeddable":true,"href":"https:\/\/dev.codekraft.it\/ravaglioli.it\/wp-json\/wp\/v2\/product_brand?post=157445"},{"taxonomy":"product_cat","embeddable":true,"href":"https:\/\/dev.codekraft.it\/ravaglioli.it\/wp-json\/wp\/v2\/product_cat?post=157445"},{"taxonomy":"product_tag","embeddable":true,"href":"https:\/\/dev.codekraft.it\/ravaglioli.it\/wp-json\/wp\/v2\/product_tag?post=157445"},{"taxonomy":"product_approvals","embeddable":true,"href":"https:\/\/dev.codekraft.it\/ravaglioli.it\/wp-json\/wp\/v2\/product_approvals?post=157445"},{"taxonomy":"product_application","embeddable":true,"href":"https:\/\/dev.codekraft.it\/ravaglioli.it\/wp-json\/wp\/v2\/product_application?post=157445"}],"curies":[{"name":"wp","href":"https:\/\/api.w.org\/{rel}","templated":true}]}}