{"id":157281,"date":"2025-10-30T14:31:21","date_gmt":"2025-10-30T14:31:21","guid":{"rendered":"https:\/\/dev.codekraft.it\/ravaglioli.it\/product\/alineador-de-ruedas-ccd-ravtd-8080p-twsr-3-gris\/"},"modified":"2025-10-30T14:31:21","modified_gmt":"2025-10-30T14:31:21","slug":"alineador-de-ruedas-ccd-ravtd-8080p-twsr-3-gris","status":"publish","type":"product","link":"https:\/\/dev.codekraft.it\/ravaglioli.it\/es\/product\/alineador-de-ruedas-ccd-ravtd-8080p-twsr-3-gris\/","title":{"rendered":"Alineador de ruedas CCD RAVTD 8080P TWSR.3 (gris)"},"content":{"rendered":"<p>Alineadores de ruedas equipados con sensores CCD con transmisi\u00f3n de datos Bluetooth y alimentados por bater\u00edas de carga r\u00e1pida. El armario con ruedas permite una gran movilidad entre varios puestos de trabajo gracias a la ausencia de cables.<\/p>\n<ul>\n<li>Eco Cabinet: armario realizado con material respetuoso con el medio ambiente<\/li>\n<li>Movilidad sin concesiones: los nuevos detectores CCD, ligeros y compactos, ofrecen lo \u00faltimo en comodidad<\/li>\n<li>Tecnolog\u00eda inteligente: software con gr\u00e1ficos actualizados, interfaz de usuario intuitiva, animaciones y ayudas para el ajuste que permiten un trabajo r\u00e1pido y eficaz.<\/li>\n<\/ul>\n<ul>\n<li>Los detectores provistos con teclado permiten un control remoto sencillo e intuitivo, sin necesidad de acceder a un PC u otro dispositivo.<\/li>\n<li>Las bases de carga r\u00e1pida para los detectores est\u00e1n situadas en los laterales del armario, lo que hace que sean accesibles y f\u00e1ciles de usar.<\/li>\n<li>La consola sobre ruedas contiene el PC, la impresora y el monitor.<\/li>\n<li>Transmisi\u00f3n por infrarrojos entre detectores; eficaz incluso en condiciones de poca luz.<\/li>\n<li>Pr\u00e1ctico compartimento para las garras y accesorios.<\/li>\n<li>Las garras de 3 puntos STDA92 permiten suprimir el procedimiento de alabeo.<\/li>\n<li>Los 3 LEDs situados en los detectores indican claramente al operador cu\u00e1ndo los \u00e1ngulos coinciden con los valores requeridos. Los nuevos detectores garantizan lecturas angulares de hasta 18 metros.<\/li>\n<li>Transmisi\u00f3n Bluetooth entre detectores CCD y consola PC.<\/li>\n<li>Programa de gesti\u00f3n y visualizaci\u00f3n de datos en entorno Microsoft Windows.<\/li>\n<li>Base de datos internacional con fichas t\u00e9cnicas propias de veh\u00edculos y con la posibilidad de crear una propia base de datos de clientes para el registro de los alineados.<\/li>\n<li>Permite la medici\u00f3n r\u00e1pida y sencilla de veh\u00edculos con varios ejes. El procedimiento est\u00e1 guiado y es f\u00e1cil de seguir, incluso para los operadores menos experimentados.<\/li>\n<\/ul>\n<ul>\n<li>Versi\u00f3n R: la soluci\u00f3n m\u00e1s r\u00e1pida para veh\u00edculos de altura rebajada. Detectores rebajados ideales para camiones y autobuses.<\/li>\n<li>El programa Movie simplifica la fase de registro, gracias a gr\u00e1ficos animados en 3D que gu\u00edan al operador a lo largo del procedimiento.<\/li>\n<\/ul>\n","protected":false},"excerpt":{"rendered":"<p>Dispositivo de alineaci\u00f3n de ruedas 8-CCD para camiones, con sensores rebajados | incl. garras de 3 puntos, consola cerrada, platos giratorios y LCD pantalla 24\u2033 | Gris (RAL 7040) | 1 x 230 V \/ 50 &#8211; 60 Hz<\/p>\n","protected":false},"featured_media":157276,"template":"","meta":[],"product_brand":[],"product_cat":[57906],"product_tag":[58383,58366,58349,63081],"product_approvals":[],"product_application":[],"class_list":{"0":"post-157281","1":"product","2":"type-product","3":"status-publish","4":"has-post-thumbnail","6":"product_cat-alineadores-de-ruedas-es","7":"product_tag-buses-es","8":"product_tag-trucks-es","9":"product_tag-motor-homes-es","10":"product_tag-remolques-es","12":"first","13":"instock","14":"shipping-taxable","15":"product-type-simple"},"approvals":[],"application":[],"brb_media_brochure":[{"id":157228,"url":"https:\/\/dev.codekraft.it\/ravaglioli.it\/wp-content\/uploads\/brb_media\/00528195_wheel-aligner-ravtd8080-8060-br-de-2024-04-screen.pdf","title":"wheel aligner ravtd8080 8060 br de 2024 04 screen","mpn":"","thumbnail":"https:\/\/dev.codekraft.it\/ravaglioli.it\/wp-content\/uploads\/brb_media\/00528195_wheel-aligner-ravtd8080-8060-br-de-2024-04-screen-pdf-106x150.png","description":""},{"id":157229,"url":"https:\/\/dev.codekraft.it\/ravaglioli.it\/wp-content\/uploads\/brb_media\/00528196_wheel-aligner-ravtd8080-8060-br-en-2024-04-screen.pdf","title":"wheel aligner ravtd8080 8060 br en 2024 04 screen","mpn":"","thumbnail":"https:\/\/dev.codekraft.it\/ravaglioli.it\/wp-content\/uploads\/brb_media\/00528196_wheel-aligner-ravtd8080-8060-br-en-2024-04-screen-pdf-106x150.png","description":""},{"id":157230,"url":"https:\/\/dev.codekraft.it\/ravaglioli.it\/wp-content\/uploads\/brb_media\/00528197_wheel-aligner-ravtd8080-8060-br-fr-2024-04-screen.pdf","title":"wheel aligner ravtd8080 8060 br fr 2024 04 screen","mpn":"","thumbnail":"https:\/\/dev.codekraft.it\/ravaglioli.it\/wp-content\/uploads\/brb_media\/00528197_wheel-aligner-ravtd8080-8060-br-fr-2024-04-screen-pdf-106x150.png","description":""},{"id":157231,"url":"https:\/\/dev.codekraft.it\/ravaglioli.it\/wp-content\/uploads\/brb_media\/00528198_wheel-aligner-ravtd8080-8060-br-it-2024-04-screen.pdf","title":"wheel aligner ravtd8080 8060 br it 2024 04 screen","mpn":"","thumbnail":"https:\/\/dev.codekraft.it\/ravaglioli.it\/wp-content\/uploads\/brb_media\/00528198_wheel-aligner-ravtd8080-8060-br-it-2024-04-screen-pdf-106x150.png","description":""},{"id":157232,"url":"https:\/\/dev.codekraft.it\/ravaglioli.it\/wp-content\/uploads\/brb_media\/00528199_wheel-aligner-ravtd8080-8060-br-es-2024-04-screen.pdf","title":"wheel aligner ravtd8080 8060 br es 2024 04 screen","mpn":"","thumbnail":"https:\/\/dev.codekraft.it\/ravaglioli.it\/wp-content\/uploads\/brb_media\/00528199_wheel-aligner-ravtd8080-8060-br-es-2024-04-screen-pdf-106x150.png","description":""},{"id":157233,"url":"https:\/\/dev.codekraft.it\/ravaglioli.it\/wp-content\/uploads\/brb_media\/00528200_wheel-aligner-ravtd8080-8060-br-ru-2024-04-screen.pdf","title":"wheel aligner ravtd8080 8060 br ru 2024 04 screen","mpn":"","thumbnail":"https:\/\/dev.codekraft.it\/ravaglioli.it\/wp-content\/uploads\/brb_media\/00528200_wheel-aligner-ravtd8080-8060-br-ru-2024-04-screen-pdf-106x150.png","description":""},{"id":157234,"url":"https:\/\/dev.codekraft.it\/ravaglioli.it\/wp-content\/uploads\/brb_media\/00528375_wheel-aligner-ccd-accessories-ravtd8080-de-screen.pdf","title":"wheel aligner ccd accessories ravtd8080 de screen","mpn":"","thumbnail":"https:\/\/dev.codekraft.it\/ravaglioli.it\/wp-content\/uploads\/brb_media\/00528375_wheel-aligner-ccd-accessories-ravtd8080-de-screen-pdf-106x150.png","description":""},{"id":157235,"url":"https:\/\/dev.codekraft.it\/ravaglioli.it\/wp-content\/uploads\/brb_media\/00528376_wheel-aligner-ccd-accessories-ravtd8080-en-screen.pdf","title":"wheel aligner ccd accessories ravtd8080 en screen","mpn":"","thumbnail":"https:\/\/dev.codekraft.it\/ravaglioli.it\/wp-content\/uploads\/brb_media\/00528376_wheel-aligner-ccd-accessories-ravtd8080-en-screen-pdf-106x150.png","description":""},{"id":157236,"url":"https:\/\/dev.codekraft.it\/ravaglioli.it\/wp-content\/uploads\/brb_media\/00528377_wheel-aligner-ccd-accessories-ravtd8080-fr-screen.pdf","title":"wheel aligner ccd accessories ravtd8080 fr screen","mpn":"","thumbnail":"https:\/\/dev.codekraft.it\/ravaglioli.it\/wp-content\/uploads\/brb_media\/00528377_wheel-aligner-ccd-accessories-ravtd8080-fr-screen-pdf-106x150.png","description":""},{"id":157237,"url":"https:\/\/dev.codekraft.it\/ravaglioli.it\/wp-content\/uploads\/brb_media\/00528378_wheel-aligner-ccd-accessories-ravtd8080-it-screen.pdf","title":"wheel aligner ccd accessories ravtd8080 it screen","mpn":"","thumbnail":"https:\/\/dev.codekraft.it\/ravaglioli.it\/wp-content\/uploads\/brb_media\/00528378_wheel-aligner-ccd-accessories-ravtd8080-it-screen-pdf-106x150.png","description":""},{"id":157238,"url":"https:\/\/dev.codekraft.it\/ravaglioli.it\/wp-content\/uploads\/brb_media\/00528379_wheel-aligner-ccd-accessories-ravtd8080-es-screen.pdf","title":"wheel aligner ccd accessories ravtd8080 es screen","mpn":"","thumbnail":"https:\/\/dev.codekraft.it\/ravaglioli.it\/wp-content\/uploads\/brb_media\/00528379_wheel-aligner-ccd-accessories-ravtd8080-es-screen-pdf-106x150.png","description":""},{"id":157239,"url":"https:\/\/dev.codekraft.it\/ravaglioli.it\/wp-content\/uploads\/brb_media\/00528380_wheel-aligner-ccd-accessories-ravtd8080-ru-screen.pdf","title":"wheel aligner ccd accessories ravtd8080 ru screen","mpn":"","thumbnail":"https:\/\/dev.codekraft.it\/ravaglioli.it\/wp-content\/uploads\/brb_media\/00528380_wheel-aligner-ccd-accessories-ravtd8080-ru-screen-pdf-106x150.png","description":""}],"brb_media_drawing":"","brb_media_manuals":[{"id":157240,"url":"https:\/\/dev.codekraft.it\/ravaglioli.it\/wp-content\/uploads\/brb_media\/00539875_wheel-aligner-ravtd808-ravtd806-rotsp808-rotsp806-spaart98-spaart86-im-2015-m362-00_vsg_00_rev00_multi-2024-04.pdf","title":"Wheel Aligner RAVTD808 RAVTD806 ROTSP808 ROTSP806 SPAART98 SPAART86 IM 2015 M362 00 VSG 00 rev00 multi 2024 04","mpn":"","thumbnail":"https:\/\/dev.codekraft.it\/ravaglioli.it\/wp-content\/uploads\/brb_media\/00539875_wheel-aligner-ravtd808-ravtd806-rotsp808-rotsp806-spaart98-spaart86-im-2015-m362-00_vsg_00_rev00_multi-2024-04-pdf-106x150.png","description":""}],"brb_media_safety_datasheets":"","brb_media_spare_parts":[],"_cdmm_p_id":"504034","_company":"Ravaglioli","_gtin":"5063084700544","accessories":[{"id":155202,"mpn":"STDA30E","name":"Garras de ruedas Cami\u00f3n | 4 puntos | \u00d8 llanta 12 &#8211; 28\u2033, \u00d8 neumatico min 700 mm","description":"Garras para camiones de 4 puntos con autocentrado, bloqueo r\u00e1pido y soporte movil | incl. u\u00f1as largas desmontables | 1 juego \/ 2 piezas","thumbnail":"https:\/\/dev.codekraft.it\/ravaglioli.it\/wp-content\/uploads\/brb_media\/00528314_wheel-aligner-stda30e-mi-150x150.png","url":"https:\/\/dev.codekraft.it\/ravaglioli.it\/es\/product\/garras-de-ruedas-camion-4-puntos-o-llanta-12-28%e2%80%b3-o-neumatico-min-700-mm\/"},{"id":152042,"mpn":"STDA48E","name":"Garras de ruedas Cami\u00f3n | 4 puntos | \u00d8 llanta 12 &#8211; 28\u2033, \u00d8 neumatico 780 &#8211; 1220 mm","description":"Garras para camiones autocentrantes a 4 puntos de apoyo, bloqueo r\u00e1pido y soporte movil | incl. u\u00f1as met\u00e1licas | 1 juego \/ 2 piezas","thumbnail":"https:\/\/dev.codekraft.it\/ravaglioli.it\/wp-content\/uploads\/brb_media\/00528313_wheel-aligners-stda48e-mi-150x150.png","url":"https:\/\/dev.codekraft.it\/ravaglioli.it\/es\/product\/garras-de-ruedas-camion-4-puntos-o-llanta-12-28%e2%80%b3-o-neumatico-780-1220-mm\/"},{"id":153476,"mpn":"STDA92A1","name":"Extensiones 200 mm","description":"Para garras de ruedas de cami\u00f3n STDA92 | 1 juego \/ 6 piezas","thumbnail":"https:\/\/dev.codekraft.it\/ravaglioli.it\/wp-content\/uploads\/brb_media\/00528329_wheel-aligner-stda92a1-mi-150x150.png","url":"https:\/\/dev.codekraft.it\/ravaglioli.it\/es\/product\/extensiones-200-mm\/"},{"id":154871,"mpn":"STDA23\/BTH","name":"Calibre de nivel y de altura","description":"Calibre de nivel y de altura (opci\u00f3n)","thumbnail":"https:\/\/dev.codekraft.it\/ravaglioli.it\/wp-content\/uploads\/brb_media\/00528316_wheel-aligner-stda23-bth-mi-150x150.png","url":"https:\/\/dev.codekraft.it\/ravaglioli.it\/es\/product\/calibre-de-nivel-y-de-altura\/"},{"id":153266,"mpn":"STDA44L","name":"Goni\u00f3metros para platos giratorios de camiones STDA29L","description":"Escala graduada para alineadores de ruedas | 1 juego \/ 2 unidades","thumbnail":"https:\/\/dev.codekraft.it\/ravaglioli.it\/wp-content\/uploads\/brb_media\/00528323_wheel-aligner-stda44l-mi-150x150.png","url":"https:\/\/dev.codekraft.it\/ravaglioli.it\/es\/product\/goniometros-para-platos-giratorios-de-camiones-stda29l\/"},{"id":155650,"mpn":"STDA49N","name":"Bastidor auxiliar para medici\u00f3n de remolques","description":"","thumbnail":"https:\/\/dev.codekraft.it\/ravaglioli.it\/wp-content\/uploads\/brb_media\/00528324_wheel-aligner-stda49n-mi-150x150.png","url":"https:\/\/dev.codekraft.it\/ravaglioli.it\/es\/product\/bastidor-auxiliar-para-medicion-de-remolques\/"},{"id":153530,"mpn":"STDA163","name":"Kit de calibraci\u00f3n Standard | para serie WS y WD","description":"Solo para serie WS y WD, reemplaza STDA14","thumbnail":"https:\/\/dev.codekraft.it\/ravaglioli.it\/wp-content\/uploads\/brb_media\/00513153_wheel-aligner-stda163-mi-150x150.png","url":"https:\/\/dev.codekraft.it\/ravaglioli.it\/es\/product\/kit-de-calibracion-standard-para-serie-ws-y-wd\/"},{"id":152608,"mpn":"STDA142","name":"Juego access point para utilizo APP desde control remoto","description":"Punto de acceso Wi-Fi | STDA141 requerido","thumbnail":"https:\/\/dev.codekraft.it\/ravaglioli.it\/wp-content\/uploads\/brb_media\/00528338_wheel-aligner-stda142-mi-150x150.png","url":"https:\/\/dev.codekraft.it\/ravaglioli.it\/es\/product\/juego-access-point-para-utilizo-app-desde-control-remoto\/"},{"id":155725,"mpn":"TEq-Link","name":"Software de conectividad del taller TEq-Link","description":"Software para conectar equipos en el taller y supervisar su uso, gestionar el mantenimiento preventivo, enviar informes por correo electr\u00f3nico y mucho m\u00e1s.","thumbnail":"https:\/\/dev.codekraft.it\/ravaglioli.it\/wp-content\/uploads\/brb_media\/00409445_teq-link-logo-01-mi-150x150.png","url":"https:\/\/dev.codekraft.it\/ravaglioli.it\/es\/product\/software-de-conectividad-del-taller-teq-link\/"},{"id":154877,"mpn":"STDA141","name":"Token Aligner Connect","description":"Pantalla remota en un dispositivo m\u00f3vil | utilizo APP desde control remoto","thumbnail":"https:\/\/dev.codekraft.it\/ravaglioli.it\/wp-content\/uploads\/brb_media\/00528337_wheel-aligner-stda141-mi-150x150.png","url":"https:\/\/dev.codekraft.it\/ravaglioli.it\/es\/product\/token-aligner-connect-5\/"},{"id":153566,"mpn":"STDAWISHBONE","name":"Token","description":"Activaci\u00f3n del programa de ajuste de la suspensi\u00f3n de doble horquilla \u00abDouble Wishbone\u00bb","thumbnail":"https:\/\/dev.codekraft.it\/ravaglioli.it\/wp-content\/uploads\/brb_media\/00528351_wheel-aligner-stdawishbone-mi-150x150.png","url":"https:\/\/dev.codekraft.it\/ravaglioli.it\/es\/product\/token-5\/"},{"id":155680,"mpn":"STDAShoot","name":"Token","description":"Clave virtual para la consulta de base de datos en l\u00ednea a trav\u00e9s de la consulta de la Oficina Federal de Veh\u00edculos Motorizados (KBA) de Alemania | incl. 200 consultas","thumbnail":"https:\/\/dev.codekraft.it\/ravaglioli.it\/wp-content\/uploads\/brb_media\/00510471_wheel-aligners-shootgo-mi-150x150.png","url":"https:\/\/dev.codekraft.it\/ravaglioli.it\/es\/product\/token-18\/"},{"id":154901,"mpn":"STDAS200","name":"Cr\u00e9dito de consulta de base de datos Shoot &amp; Go 200","description":"Paquete de cr\u00e9ditos para consultar la base de datos en l\u00ednea a trav\u00e9s de la consulta de la Oficina Federal de Veh\u00edculos Motorizados (KBA) de Alemania | 200 consultas","thumbnail":"https:\/\/dev.codekraft.it\/ravaglioli.it\/wp-content\/uploads\/brb_media\/00510471_wheel-aligners-shootgo-mi-150x150.png","url":"https:\/\/dev.codekraft.it\/ravaglioli.it\/es\/product\/credito-de-consulta-de-base-de-datos-shoot-go-200\/"},{"id":155238,"mpn":"STDAS500","name":"Cr\u00e9dito de consulta de base de datos Shoot &amp; Go 500","description":"Paquete de cr\u00e9ditos para consultar la base de datos en l\u00ednea a trav\u00e9s de la consulta de la Oficina Federal de Veh\u00edculos Motorizados (KBA) de Alemania | 500 consultas","thumbnail":"https:\/\/dev.codekraft.it\/ravaglioli.it\/wp-content\/uploads\/brb_media\/00510471_wheel-aligners-shootgo-mi-150x150.png","url":"https:\/\/dev.codekraft.it\/ravaglioli.it\/es\/product\/credito-de-consulta-de-base-de-datos-shoot-go-500\/"},{"id":157419,"mpn":"STDAS350","name":"Cr\u00e9dito de consulta de base de datos Shoot &amp; Go 350","description":"Paquete de cr\u00e9ditos para consultar la base de datos en l\u00ednea a trav\u00e9s de la consulta de la Oficina Federal de Veh\u00edculos Motorizados (KBA) de Alemania | 350 consultas","thumbnail":"https:\/\/dev.codekraft.it\/ravaglioli.it\/wp-content\/uploads\/brb_media\/00510471_wheel-aligners-shootgo-mi-150x150.png","url":"https:\/\/dev.codekraft.it\/ravaglioli.it\/es\/product\/credito-de-consulta-de-base-de-datos-shoot-go-350\/"}],"components":[],"delivery":[{"id":155226,"mpn":"STDA92","name":"Garras de ruedas Cami\u00f3n | 3 puntos | \u00d8 neumatico 890 &#8211; 1290 mm","description":"Garras para cami\u00f3n, con bloqueo r\u00e1pido, especiales para evitar la compensaci\u00f3n del alabeo, en apoyo sobre llanta | 1 juego \/ 2 piezas","thumbnail":"https:\/\/dev.codekraft.it\/ravaglioli.it\/wp-content\/uploads\/brb_media\/00528305_wheel-aligners-stda92-mi-01-150x150.png","url":"https:\/\/dev.codekraft.it\/ravaglioli.it\/es\/product\/garras-de-ruedas-camion-3-puntos-o-neumatico-890-1290-mm\/"},{"id":155196,"mpn":"STDA29L","name":"Platos giratorios para camiones","description":"Capacidad de carga 2 x 4500 kg | 1 juego \/ 2 unidades","thumbnail":"https:\/\/dev.codekraft.it\/ravaglioli.it\/wp-content\/uploads\/brb_media\/00528311_wheel-aligners-stda29l-mi-150x150.png","url":"https:\/\/dev.codekraft.it\/ravaglioli.it\/es\/product\/platos-giratorios-para-camiones\/"},{"id":155761,"mpn":"STDA158","name":"Antena para la conexi\u00f3n Wi-Fi","description":"Wheelalignment-On, incl. llave USB Wi-Fi","thumbnail":"https:\/\/dev.codekraft.it\/ravaglioli.it\/wp-content\/uploads\/brb_media\/00528348_wheel-aligner-stda158-mi-150x150.png","url":"https:\/\/dev.codekraft.it\/ravaglioli.it\/es\/product\/antena-para-la-conexion-wi-fi\/"},{"id":155749,"mpn":"STDA161","name":"Bloqueador del volante","description":"Bloqueador de volante de pl\u00e1stico con protectores de goma antideslizantes para volante y asiento","thumbnail":"https:\/\/dev.codekraft.it\/ravaglioli.it\/wp-content\/uploads\/brb_media\/00509908_wheel-aligner-stda161-mi-150x150.png","url":"https:\/\/dev.codekraft.it\/ravaglioli.it\/es\/product\/bloqueador-del-volante\/"},{"id":155755,"mpn":"10479","name":"Depresor del pedal del freno","description":"","thumbnail":"https:\/\/dev.codekraft.it\/ravaglioli.it\/wp-content\/uploads\/brb_media\/00509913_wheel-aligner-10479-mi-150x150.png","url":"https:\/\/dev.codekraft.it\/ravaglioli.it\/es\/product\/depresor-del-pedal-del-freno\/"}],"package":[],"related":[],"similar":[{"id":157245,"mpn":"RAV.TD808.700209","name":"Alineador de ruedas CCD RAVTD 8080P TWS.4","description":"Dispositivo de alineaci\u00f3n de ruedas 8-CCD para camiones, con sensores est\u00e1ndar | incl. garras de 4 puntos, consola cerrada, platos giratorios y LCD pantalla 24\u2033 | Azul (RAL 5005) | 1 x 230 V \/ 50 - 60 Hz","thumbnail":"https:\/\/dev.codekraft.it\/ravaglioli.it\/wp-content\/uploads\/brb_media\/00523792_wheel-aligner-ravtd8080ptws-side-mi-150x150.png","url":"https:\/\/dev.codekraft.it\/ravaglioli.it\/es\/product\/alineador-de-ruedas-ccd-ravtd-8080p-tws-4\/"},{"id":157251,"mpn":"RAV.TD808.700223","name":"Alineador de ruedas CCD RAVTD 8080P TWSR.4","description":"Dispositivo de alineaci\u00f3n de ruedas 8-CCD para camiones, con sensores rebajados | incl. garras de 4 puntos, consola cerrada, platos giratorios y LCD pantalla 24\u2033 | Azul (RAL 5005) | 1 x 230 V \/ 50 - 60 Hz","thumbnail":"https:\/\/dev.codekraft.it\/ravaglioli.it\/wp-content\/uploads\/brb_media\/00523992_wheel-aligner-ravtd8080ptwsr-side-mi-150x150.png","url":"https:\/\/dev.codekraft.it\/ravaglioli.it\/es\/product\/alineador-de-ruedas-ccd-ravtd-8080p-twsr-4\/"},{"id":157260,"mpn":"RAV.TD808.700551","name":"Alineador de ruedas CCD RAVTD 8080P TWS.3 (gris)","description":"Dispositivo de alineaci\u00f3n de ruedas 8-CCD para camiones, con sensores est\u00e1ndar | incl. garras de 3 puntos, consola cerrada, platos giratorios y LCD pantalla 24\u2033 | Gris (RAL 7040) | 1 x 230 V \/ 50 - 60 Hz","thumbnail":"https:\/\/dev.codekraft.it\/ravaglioli.it\/wp-content\/uploads\/brb_media\/00536589_wheel-aligner-ravtd8080ptws-side-mi-ral7040-150x150.png","url":"https:\/\/dev.codekraft.it\/ravaglioli.it\/es\/product\/alineador-de-ruedas-ccd-ravtd-8080p-tws-3-gris\/"},{"id":157266,"mpn":"RAV.TD808.700414","name":"Alineador de ruedas CCD RAVTD 8080P TWS.3","description":"Dispositivo de alineaci\u00f3n de ruedas 8-CCD para camiones, con sensores est\u00e1ndar | incl. garras de 3 puntos, consola cerrada, platos giratorios y LCD pantalla 24\u2033 | Azul (RAL 5005) | 1 x 230 V \/ 50 - 60 Hz","thumbnail":"https:\/\/dev.codekraft.it\/ravaglioli.it\/wp-content\/uploads\/brb_media\/00523792_wheel-aligner-ravtd8080ptws-side-mi-150x150.png","url":"https:\/\/dev.codekraft.it\/ravaglioli.it\/es\/product\/alineador-de-ruedas-ccd-ravtd-8080p-tws-3\/"},{"id":157273,"mpn":"RAV.TD808.700490","name":"Alineador de ruedas CCD RAVTD 8080P TWSR.3","description":"Dispositivo de alineaci\u00f3n de ruedas 8-CCD para camiones, con sensores rebajados | incl. garras de 3 puntos, consola cerrada, platos giratorios y LCD pantalla 24\u2033 | Azul (RAL 5005) | 1 x 230 V \/ 50 - 60 Hz","thumbnail":"https:\/\/dev.codekraft.it\/ravaglioli.it\/wp-content\/uploads\/brb_media\/00523992_wheel-aligner-ravtd8080ptwsr-side-mi-150x150.png","url":"https:\/\/dev.codekraft.it\/ravaglioli.it\/es\/product\/alineador-de-ruedas-ccd-ravtd-8080p-twsr-3\/"},{"id":157287,"mpn":"RAV.TD808.700513","name":"Alineador de ruedas CCD RAVTD 8080P TWS.4 (gris)","description":"Dispositivo de alineaci\u00f3n de ruedas 8-CCD para camiones, con sensores est\u00e1ndar | incl. garras de 4 puntos, consola cerrada, platos giratorios y LCD pantalla 24\u2033 | Gris (RAL 7040) | 1 x 230 V \/ 50 - 60 Hz","thumbnail":"https:\/\/dev.codekraft.it\/ravaglioli.it\/wp-content\/uploads\/brb_media\/00536589_wheel-aligner-ravtd8080ptws-side-mi-ral7040-150x150.png","url":"https:\/\/dev.codekraft.it\/ravaglioli.it\/es\/product\/alineador-de-ruedas-ccd-ravtd-8080p-tws-4-gris\/"},{"id":157293,"mpn":"RAV.TD808.700506","name":"Alineador de ruedas CCD RAVTD 8080P TWSR.4 (gris)","description":"Dispositivo de alineaci\u00f3n de ruedas 8-CCD para camiones, con sensores rebajados | incl. garras de 4 puntos, consola cerrada, platos giratorios y LCD pantalla 24\u2033 | Gris (RAL 7040) | 1 x 230 V \/ 50 - 60 Hz","thumbnail":"https:\/\/dev.codekraft.it\/ravaglioli.it\/wp-content\/uploads\/brb_media\/00536591_wheel-aligner-ravtd8080ptwsr-side-mi-ral7040-150x150.png","url":"https:\/\/dev.codekraft.it\/ravaglioli.it\/es\/product\/alineador-de-ruedas-ccd-ravtd-8080p-twsr-4-gris\/"}],"page_logo_src":"https:\/\/dev.codekraft.it\/ravaglioli.it\/wp-content\/uploads\/2026\/04\/rav-negative-logo-1.png","lang":"es","translations":{"es":157281,"en":157275,"de":157278,"fr":157279,"it":157280,"ru":157282},"pll_sync_post":[],"_links":{"self":[{"href":"https:\/\/dev.codekraft.it\/ravaglioli.it\/wp-json\/wp\/v2\/product\/157281","targetHints":{"allow":["GET"]}}],"collection":[{"href":"https:\/\/dev.codekraft.it\/ravaglioli.it\/wp-json\/wp\/v2\/product"}],"about":[{"href":"https:\/\/dev.codekraft.it\/ravaglioli.it\/wp-json\/wp\/v2\/types\/product"}],"wp:featuredmedia":[{"embeddable":true,"href":"https:\/\/dev.codekraft.it\/ravaglioli.it\/wp-json\/wp\/v2\/media\/157276"}],"wp:attachment":[{"href":"https:\/\/dev.codekraft.it\/ravaglioli.it\/wp-json\/wp\/v2\/media?parent=157281"}],"wp:term":[{"taxonomy":"product_brand","embeddable":true,"href":"https:\/\/dev.codekraft.it\/ravaglioli.it\/wp-json\/wp\/v2\/product_brand?post=157281"},{"taxonomy":"product_cat","embeddable":true,"href":"https:\/\/dev.codekraft.it\/ravaglioli.it\/wp-json\/wp\/v2\/product_cat?post=157281"},{"taxonomy":"product_tag","embeddable":true,"href":"https:\/\/dev.codekraft.it\/ravaglioli.it\/wp-json\/wp\/v2\/product_tag?post=157281"},{"taxonomy":"product_approvals","embeddable":true,"href":"https:\/\/dev.codekraft.it\/ravaglioli.it\/wp-json\/wp\/v2\/product_approvals?post=157281"},{"taxonomy":"product_application","embeddable":true,"href":"https:\/\/dev.codekraft.it\/ravaglioli.it\/wp-json\/wp\/v2\/product_application?post=157281"}],"curies":[{"name":"wp","href":"https:\/\/api.w.org\/{rel}","templated":true}]}}