{"id":157037,"date":"2025-09-08T09:00:24","date_gmt":"2025-09-08T08:00:24","guid":{"rendered":"https:\/\/dev.codekraft.it\/ravaglioli.it\/product\/mesureur-de-la-sculpture-du-pneu-ravws102i\/"},"modified":"2025-09-08T09:00:24","modified_gmt":"2025-09-08T08:00:24","slug":"mesureur-de-la-sculpture-du-pneu-ravws102i","status":"publish","type":"product","link":"https:\/\/dev.codekraft.it\/ravaglioli.it\/fr\/product\/mesureur-de-la-sculpture-du-pneu-ravws102i\/","title":{"rendered":"Mesureur de la sculpture du pneu RAVWS102I"},"content":{"rendered":"<ul>\n<li>La profondeur de la sculpture est mesur\u00e9e au passage \u00e0 une vitesse jusqu\u2019au 8 km\/h.<\/li>\n<li>Syst\u00e8me de d\u00e9tection\u00a0: cam\u00e9ras stereo et projecteurs \u00e0 lame laser.<\/li>\n<li>La mesuration est disponible en quelques secondes.<\/li>\n<li>Dans l\u2019appareil il n\u2019y a pas des pi\u00e8ces mobiles pour resister \u00e0 l\u2019environnement de l\u2019atelier.<\/li>\n<li>Capacit\u00e9 max. 4 tons par axe.<\/li>\n<\/ul>\n<ul>\n<li>Profiler est un instrument important pour la zone r\u00e9ception de l\u2019atelier &#8211;\u00a0La sculpture du pneu est mesur\u00e9e rapidement : avant que l\u2019operateur sort du vehicule tous les valeurs sont d\u00e9j\u00e0 disponibles.<\/li>\n<li>On n\u2019a pas besoin d\u2019une connexion internet.<\/li>\n<li>Il est possible l\u2019installation \u00e0 l\u2019exterieur (prevoir une couverture toit).<\/li>\n<\/ul>\n<ul>\n<li>RAVWS102 &#8211; Workshop reception kit: Kit Profiler pour la connexion au reseau de l\u2019atelier<\/li>\n<li>Il inclue un tableau \u00e9lectrique contenant l\u2019ordinateur<\/li>\n<\/ul>\n<ul>\n<li>TEST RESULT &#8211;\u00a0Deux options disponibles\u00a0: moyenne centrale et lat\u00e9rale ou indication des valeurs maximaux ou minimaux.<\/li>\n<li>ZOOM FUNCTION &#8211;\u00a0Fonction zoom\u00a0: Il permet de s\u00e9lectionner chaque pneu pour une analyse plus d\u00e9taill\u00e9.<\/li>\n<li>AUTOMATIC TEST MEMORY &#8211;\u00a0Le mesurer de pneus peut \u00e9tre programm\u00e9 pour travailler en automatique sans la presence de l\u2019operateur.<\/li>\n<li>VEHICLE DIAGNOSIS &#8211;\u00a0Une usure anormale du pneu confirme le besoin de v\u00e8rifier la g\u00e9ometrie du vehicule et analyser les suspensions.<\/li>\n<li>WEB PAGE VISUALIZATION &#8211;\u00a0Il est possible d\u2019acc\u00e9der \u00e0 tous les r\u00e9sultats des tests par le logicielle, mais aussi par une page web par un dispositif mobile ou d\u2019un autre PC en r\u00e9seau dans le garage.<\/li>\n<\/ul>\n","protected":false},"excerpt":{"rendered":"<p>Version Quick-check, avec panneau de contr\u00f4le mural, sans moniteur, sous le sol<\/p>\n","protected":false},"featured_media":147843,"template":"","meta":[],"product_brand":[],"product_cat":[58208],"product_tag":[58290],"product_approvals":[],"product_application":[],"class_list":{"0":"post-157037","1":"product","2":"type-product","3":"status-publish","4":"has-post-thumbnail","6":"product_cat-mesureurs-de-la-sculpture-du-pneu-fr","7":"product_tag-passenger-cars-fr","9":"first","10":"instock","11":"shipping-taxable","12":"product-type-simple"},"approvals":[],"application":[],"brb_media_brochure":[{"id":147820,"url":"https:\/\/dev.codekraft.it\/ravaglioli.it\/wp-content\/uploads\/brb_media\/00522228_tyre-tread-measuring-system-ravws101_102-br-multi-2024-02.pdf","title":"Tyre tread measuring system RAVWS101 102 BR multi 2024 02","mpn":"","thumbnail":"https:\/\/dev.codekraft.it\/ravaglioli.it\/wp-content\/uploads\/brb_media\/00522228_tyre-tread-measuring-system-ravws101_102-br-multi-2024-02-pdf-106x150.png","description":""}],"brb_media_drawing":[{"id":147826,"url":"https:\/\/dev.codekraft.it\/ravaglioli.it\/wp-content\/uploads\/brb_media\/00522229_tyre-tread-measuring-system-ravws101_102-td-251090431-it-2024-02.pdf","title":"Tyre tread measuring system RAVWS101 102 TD 251090431 it 2024 02","mpn":"","thumbnail":"https:\/\/dev.codekraft.it\/ravaglioli.it\/wp-content\/uploads\/brb_media\/00522229_tyre-tread-measuring-system-ravws101_102-td-251090431-it-2024-02-pdf-150x106.png","description":""}],"brb_media_manuals":[{"id":147821,"url":"https:\/\/dev.codekraft.it\/ravaglioli.it\/wp-content\/uploads\/brb_media\/00522213_tyre-tread-measuring-system-ravws101_102-im-2510-m001-04-de-2024-01.pdf","title":"Tyre tread measuring system RAVWS101 102 IM 2510 M001 04 de 2024 01","mpn":"","thumbnail":"https:\/\/dev.codekraft.it\/ravaglioli.it\/wp-content\/uploads\/brb_media\/00522213_tyre-tread-measuring-system-ravws101_102-im-2510-m001-04-de-2024-01-pdf-106x150.png","description":""},{"id":147822,"url":"https:\/\/dev.codekraft.it\/ravaglioli.it\/wp-content\/uploads\/brb_media\/00522214_tyre-tread-measuring-system-ravws101_102-im-2510-m001-04-en-2024-01.pdf","title":"Tyre tread measuring system RAVWS101 102 IM 2510 M001 04 en 2024 01","mpn":"","thumbnail":"https:\/\/dev.codekraft.it\/ravaglioli.it\/wp-content\/uploads\/brb_media\/00522214_tyre-tread-measuring-system-ravws101_102-im-2510-m001-04-en-2024-01-pdf-106x150.png","description":""},{"id":147823,"url":"https:\/\/dev.codekraft.it\/ravaglioli.it\/wp-content\/uploads\/brb_media\/00522216_tyre-tread-measuring-system-ravws101_102-im-2510-m001-04-fr-2024-01.pdf","title":"Tyre tread measuring system RAVWS101 102 IM 2510 M001 04 fr 2024 01","mpn":"","thumbnail":"https:\/\/dev.codekraft.it\/ravaglioli.it\/wp-content\/uploads\/brb_media\/00522216_tyre-tread-measuring-system-ravws101_102-im-2510-m001-04-fr-2024-01-pdf-106x150.png","description":""},{"id":147824,"url":"https:\/\/dev.codekraft.it\/ravaglioli.it\/wp-content\/uploads\/brb_media\/00522217_tyre-tread-measuring-system-ravws101_102-im-2510-m001-04-it-2024-01.pdf","title":"Tyre tread measuring system RAVWS101 102 IM 2510 M001 04 it 2024 01","mpn":"","thumbnail":"https:\/\/dev.codekraft.it\/ravaglioli.it\/wp-content\/uploads\/brb_media\/00522217_tyre-tread-measuring-system-ravws101_102-im-2510-m001-04-it-2024-01-pdf-106x150.png","description":""},{"id":147825,"url":"https:\/\/dev.codekraft.it\/ravaglioli.it\/wp-content\/uploads\/brb_media\/00522215_tyre-tread-measuring-system-ravws101_102-im-2510-m001-04-es-2024-01.pdf","title":"Tyre tread measuring system RAVWS101 102 IM 2510 M001 04 es 2024 01","mpn":"","thumbnail":"https:\/\/dev.codekraft.it\/ravaglioli.it\/wp-content\/uploads\/brb_media\/00522215_tyre-tread-measuring-system-ravws101_102-im-2510-m001-04-es-2024-01-pdf-106x150.png","description":""}],"brb_media_safety_datasheets":"","brb_media_spare_parts":[],"_cdmm_p_id":"503660","_company":"Ravaglioli","_gtin":"4057612819373","accessories":[{"id":152594,"mpn":"SWS102A2","name":"Cam\u00e9ra","description":"Avec reconnaissance automatique du v\u00e9hicule et plaque d'immatriculation, compl\u00e8te avec feux gestion des acc\u00e8s | connexion par c\u00e2ble","thumbnail":"https:\/\/dev.codekraft.it\/ravaglioli.it\/wp-content\/uploads\/brb_media\/00522208_tyre-tread-measuring-system-sws102a2-camera-set-di-150x150.png","url":"https:\/\/dev.codekraft.it\/ravaglioli.it\/fr\/product\/camera-2\/"},{"id":152438,"mpn":"SWS102A3","name":"Feux gestion des acc\u00e8s","description":"Connexion par c\u00e2ble","thumbnail":"","url":"https:\/\/dev.codekraft.it\/ravaglioli.it\/fr\/product\/feux-gestion-des-acces\/"},{"id":152735,"mpn":"SWS101PULAUTO","name":"Groupe de filtration de l\u2019air en entr\u00e9","description":"","thumbnail":"","url":"https:\/\/dev.codekraft.it\/ravaglioli.it\/fr\/product\/groupe-de-filtration-de-lair-en-entre\/"},{"id":152600,"mpn":"SWS102A2UA","name":"Cam\u00e9ra","description":"Avec reconnaissance automatique du v\u00e9hicule et plaque d'immatriculation (USA-CANADA-UAE-CINA)","thumbnail":"https:\/\/dev.codekraft.it\/ravaglioli.it\/wp-content\/uploads\/brb_media\/00506616_sws102a2-150x150.png","url":"https:\/\/dev.codekraft.it\/ravaglioli.it\/fr\/product\/camera-4\/"},{"id":152588,"mpn":"SWS101TARATORE","name":"Outil d&#039;\u00e9talonnage","description":"Kit de calibration pour mesurer pneus","thumbnail":"","url":"https:\/\/dev.codekraft.it\/ravaglioli.it\/fr\/product\/outil-detalonnage\/"},{"id":155723,"mpn":"TEq-Link","name":"Logiciel de connectivit\u00e9 interne atelier TEq-Link","description":"Logiciel permettant de connecter des \u00e9quipements dans l'atelier et de surveiller leur utilisation, de g\u00e9rer la maintenance pr\u00e9ventive, d'envoyer des rapports par courrier \u00e9lectronique et bien plus encore.","thumbnail":"https:\/\/dev.codekraft.it\/ravaglioli.it\/wp-content\/uploads\/brb_media\/00409445_teq-link-logo-01-mi-150x150.png","url":"https:\/\/dev.codekraft.it\/ravaglioli.it\/fr\/product\/logiciel-de-connectivite-interne-atelier-teq-link\/"},{"id":155759,"mpn":"STDA158","name":"Antenne de connexion Wi-Fi","description":"Wheelalignment-On, incl. Wi-Fi USB","thumbnail":"https:\/\/dev.codekraft.it\/ravaglioli.it\/wp-content\/uploads\/brb_media\/00528348_wheel-aligner-stda158-mi-150x150.png","url":"https:\/\/dev.codekraft.it\/ravaglioli.it\/fr\/product\/antenne-de-connexion-wi-fi\/"}],"components":[],"delivery":[],"package":[],"related":[],"similar":[{"id":157025,"mpn":"RAVWS101I","name":"Mesureur de la sculpture du pneu RAVWS101I","description":"Version autonome compl\u00e8te, incl. console, sous le sol","thumbnail":"https:\/\/dev.codekraft.it\/ravaglioli.it\/wp-content\/uploads\/brb_media\/00522224_tyre-tread-measuring-system-ws101i_102i-mi-02-150x150.png","url":"https:\/\/dev.codekraft.it\/ravaglioli.it\/fr\/product\/mesureur-de-la-sculpture-du-pneu-ravws101i\/"}],"page_logo_src":"https:\/\/dev.codekraft.it\/ravaglioli.it\/wp-content\/uploads\/2026\/04\/rav-negative-logo-1.png","lang":"fr","translations":{"fr":157037,"en":157035,"de":157036,"it":157038,"es":157039,"ru":157040},"pll_sync_post":[],"_links":{"self":[{"href":"https:\/\/dev.codekraft.it\/ravaglioli.it\/wp-json\/wp\/v2\/product\/157037","targetHints":{"allow":["GET"]}}],"collection":[{"href":"https:\/\/dev.codekraft.it\/ravaglioli.it\/wp-json\/wp\/v2\/product"}],"about":[{"href":"https:\/\/dev.codekraft.it\/ravaglioli.it\/wp-json\/wp\/v2\/types\/product"}],"wp:featuredmedia":[{"embeddable":true,"href":"https:\/\/dev.codekraft.it\/ravaglioli.it\/wp-json\/wp\/v2\/media\/147843"}],"wp:attachment":[{"href":"https:\/\/dev.codekraft.it\/ravaglioli.it\/wp-json\/wp\/v2\/media?parent=157037"}],"wp:term":[{"taxonomy":"product_brand","embeddable":true,"href":"https:\/\/dev.codekraft.it\/ravaglioli.it\/wp-json\/wp\/v2\/product_brand?post=157037"},{"taxonomy":"product_cat","embeddable":true,"href":"https:\/\/dev.codekraft.it\/ravaglioli.it\/wp-json\/wp\/v2\/product_cat?post=157037"},{"taxonomy":"product_tag","embeddable":true,"href":"https:\/\/dev.codekraft.it\/ravaglioli.it\/wp-json\/wp\/v2\/product_tag?post=157037"},{"taxonomy":"product_approvals","embeddable":true,"href":"https:\/\/dev.codekraft.it\/ravaglioli.it\/wp-json\/wp\/v2\/product_approvals?post=157037"},{"taxonomy":"product_application","embeddable":true,"href":"https:\/\/dev.codekraft.it\/ravaglioli.it\/wp-json\/wp\/v2\/product_application?post=157037"}],"curies":[{"name":"wp","href":"https:\/\/api.w.org\/{rel}","templated":true}]}}