{"id":156789,"date":"2025-10-30T14:31:24","date_gmt":"2025-10-30T14:31:24","guid":{"rendered":"https:\/\/dev.codekraft.it\/ravaglioli.it\/product\/pont-elevateur-a-colonne-mobile-rav308h-6ws\/"},"modified":"2026-01-14T23:15:31","modified_gmt":"2026-01-14T23:15:31","slug":"pont-elevateur-a-colonne-mobile-rav308h-6ws","status":"publish","type":"product","link":"https:\/\/dev.codekraft.it\/ravaglioli.it\/fr\/product\/pont-elevateur-a-colonne-mobile-rav308h-6ws\/","title":{"rendered":"Pont el\u00e9vateur \u00e0 colonne mobile RAV308H.6WS"},"content":{"rendered":"<p>Colonnes mobiles pour soulever diff\u00e9rents v\u00e9hicules &#8211;\u00a0Accessibilit\u00e9 parfaite au v\u00e9hicule.\u00a0Il permet le service pneus et freins.<\/p>\n<ul>\n<li>La double protection de charge garantit la s\u00e9curit\u00e9<\/li>\n<li>Fonctionnement intuitif<\/li>\n<li>Changement rapide de la position rendu possible gr\u00e2ce aux chariots \u00e9l\u00e9vateurs<\/li>\n<\/ul>\n<ul>\n<li>Fonctionnement possible \u00e0 partir de chaque colonne<\/li>\n<li>Toutes les colonnes sont les m\u00eames<\/li>\n<li>Configuration possible \u00e0 4-6-8 colonnes<\/li>\n<li>Dispositif de parking \/ arr\u00eat m\u00e9canique<\/li>\n<li>Communication entre les colonnes sans c\u00e2bles \u00e0 une fr\u00e9quence de 2,4 GHz<\/li>\n<li>S\u00e9lection automatique des fr\u00e9quences de communication avec affichage sur display<\/li>\n<\/ul>\n<ul>\n<li>Sans C\u00e2bles<\/li>\n<li>3 modes de fonctionnement :\n<ul>\n<li>All\u00a0: Fonctionnement simultan\u00e9 de toutes les colonnes<\/li>\n<li>Group\u00a0: Fonctionnement par couple<\/li>\n<li>Single\u00a0: Mouvement en single<\/li>\n<\/ul>\n<\/li>\n<li>Possibilit\u00e9 de s\u00e9lectionner des d\u00e9phasages pr\u00e9fix\u00e9s entre deux ou plusieurs paires de colonnes, en maintenant ensuite le contr\u00f4le successif de la synchronisation<\/li>\n<li>Installations \u00e9lectriques modulaires pour effectuer des modifications successives \u00e0 la configuration (par exemple\u00a0: passage de 4 \u00e0 6 ou 8 colonnes, utilisation de deux jeux de 4 colonnes obtenues par la s\u00e9paration d&#8217;un jeu de 8 colonnes)<\/li>\n<li>2 batteries gel sans entretien (2 x 12 V \/ 100,0 Ah) par colonne &#8211; Capables de 20 cycles \u00e0 la charge nominale<\/li>\n<li>Voyant \u00e9tat de charge\u00a0:\n<ul>\n<li>LED jaune : batterie \u00e0 charger, 5 cycles encore possibles<\/li>\n<li>LED rouge\u00a0: batterie \u00e0 charger, possible une seule descente<\/li>\n<\/ul>\n<\/li>\n<li>Chargeur de batteries\u00a0avec c\u00e2ble de charge de 10 m int\u00e9gr\u00e9 dans chaque colonne\n<ul>\n<li>Sans fonction d\u2019alimentation (seule la charge est possible)<\/li>\n<li>Possible la charge pendant le fonctionnement du pont<\/li>\n<li>Temps de recharge environ 10 heures<\/li>\n<\/ul>\n<\/li>\n<li>R\u00e9alignement \u00e0 une diff\u00e9rence maxime de 30 mm &#8211; Platine de contr\u00f4le selon la norme ISO13849<\/li>\n<\/ul>\n","protected":false},"excerpt":{"rendered":"<p>6 x 8,5 t, \u00e9lectrohydraulique, sans fil, fonctionnement \u00e0 batterie<\/p>\n","protected":false},"featured_media":156781,"template":"","meta":[],"product_brand":[],"product_cat":[58238],"product_tag":[58377,58360,58343,58326],"product_approvals":[],"product_application":[],"class_list":{"0":"post-156789","1":"product","2":"type-product","3":"status-publish","4":"has-post-thumbnail","6":"product_cat-ponts-elevateurs-a-colonnes-mobiles-fr","7":"product_tag-buses-fr","8":"product_tag-trucks-fr","9":"product_tag-motor-homes-fr","10":"product_tag-light-commercial-fr","12":"first","13":"instock","14":"shipping-taxable","15":"product-type-simple"},"approvals":[],"application":[],"brb_media_brochure":[{"id":147005,"url":"https:\/\/dev.codekraft.it\/ravaglioli.it\/wp-content\/uploads\/brb_media\/00511561_mobile-column-lifts-rav_305_307_308_hws-br-multi.pdf","title":"Mobile column lifts rav 305 307 308 hws br multi","mpn":"","thumbnail":"https:\/\/dev.codekraft.it\/ravaglioli.it\/wp-content\/uploads\/brb_media\/00511561_mobile-column-lifts-rav_305_307_308_hws-br-multi-pdf-106x150.png","description":""}],"brb_media_drawing":"","brb_media_manuals":[{"id":156768,"url":"https:\/\/dev.codekraft.it\/ravaglioli.it\/wp-content\/uploads\/brb_media\/00550009_mobile-column-lifts-rav307h_4_6_8ws_varsc-rav308h_4_6_8ws_varsc-rav307h_4_6_8ws_ls-rav308h_4_6_8ws_ls-rav307hl_4_6_8ws-rav308hl_4_6_8ws-im-0526-m002-4-rev3-multi-2024-06.pdf","title":"Mobile Column Lifts RAV307H 4 6 8WS VARSC RAV308H 4 6 8WS VARSC RAV307H 4 6 8WS LS RAV308H 4 6 8WS LS RAV307HL 4 6 8WS RAV308HL 4 6 8WS IM 0526 M002 4 REV3 multi 2024 06","mpn":"","thumbnail":"https:\/\/dev.codekraft.it\/ravaglioli.it\/wp-content\/uploads\/brb_media\/00550009_mobile-column-lifts-rav307h_4_6_8ws_varsc-rav308h_4_6_8ws_varsc-rav307h_4_6_8ws_ls-rav308h_4_6_8ws_ls-rav307hl_4_6_8ws-rav308hl_4_6_8ws-im-0526-m002-4-rev3-multi-2024-06-pdf-106x150.png","description":""}],"brb_media_safety_datasheets":"","brb_media_spare_parts":[],"_cdmm_p_id":"503204","_company":"Ravaglioli","_gtin":"4057612816136","accessories":[{"id":155432,"mpn":"S260A1","name":"Chevalet d&#039;appui","description":"7500 kg, 1330 - 2030 mm, r\u00e9glable en hauteur par paliers de 7 x 100 mm, 2 roulettes, support en U | Gris (RAL 7040)","thumbnail":"https:\/\/dev.codekraft.it\/ravaglioli.it\/wp-content\/uploads\/brb_media\/00535518_mobile-columns-s260a1-mi-150x150.png","url":"https:\/\/dev.codekraft.it\/ravaglioli.it\/fr\/product\/chevalet-dappui-3\/"},{"id":152046,"mpn":"S270A1","name":"Chevalet d&#039;appui","description":"10000 kg, 1235 - 2040 mm, r\u00e9glable en hauteur par pas de 6 x 100 mm, avec en plus partie sup\u00e9rieure r\u00e9glable en continu (115 mm), 2 roulettes, support en U et support en prisme (interchangeables) | Gris (RAL 7040)","thumbnail":"https:\/\/dev.codekraft.it\/ravaglioli.it\/wp-content\/uploads\/brb_media\/00535519_mobile-columns-s270a1-mi-150x150.png","url":"https:\/\/dev.codekraft.it\/ravaglioli.it\/fr\/product\/chevalet-dappui\/"},{"id":152276,"mpn":"S270A2","name":"Chevalet d&#039;appui","description":"10000 kg, 1235 - 2040 mm, r\u00e9glable en hauteur par pas de 6 x 100 mm, avec en plus partie sup\u00e9rieure r\u00e9glable en continu (115 mm), 3 roues r\u00e9tractables, support en U et support en prisme (interchangeables), pr\u00eat \u00e0 l'emploi | Gris (RAL 7040)","thumbnail":"https:\/\/dev.codekraft.it\/ravaglioli.it\/wp-content\/uploads\/brb_media\/00535520_mobile-columns-s270a2-mi-150x150.png","url":"https:\/\/dev.codekraft.it\/ravaglioli.it\/fr\/product\/chevalet-dappui-2\/"},{"id":153450,"mpn":"S270A9","name":"Extension de fourche de roue 150 mm","description":"Rallonges fourche r\u00e8glable (1 par colonne) | 1 jeu","thumbnail":"","url":"https:\/\/dev.codekraft.it\/ravaglioli.it\/fr\/product\/extension-de-fourche-de-roue-150-mm\/"}],"components":[],"delivery":[],"package":[],"related":[],"similar":[{"id":156783,"mpn":"RAV308H.4WS","name":"Pont el\u00e9vateur \u00e0 colonne mobile RAV308H.4WS","description":"4 x 8,5 t, \u00e9lectrohydraulique, sans fil, fonctionnement \u00e0 batterie","thumbnail":"https:\/\/dev.codekraft.it\/ravaglioli.it\/wp-content\/uploads\/brb_media\/00522570_mobile-column-lift-rav308h-mi-150x150.png","url":"https:\/\/dev.codekraft.it\/ravaglioli.it\/fr\/product\/pont-elevateur-a-colonne-mobile-rav308h-4ws\/"},{"id":156762,"mpn":"RAV305H.4WS","name":"Pont el\u00e9vateur \u00e0 colonne mobile RAV305H.4WS","description":"4 x 5,5 t, \u00e9lectrohydraulique, sans fil, fonctionnement \u00e0 batterie","thumbnail":"https:\/\/dev.codekraft.it\/ravaglioli.it\/wp-content\/uploads\/brb_media\/00511564_mobile-column-lift-rav305-307-bus-mi-150x150.png","url":"https:\/\/dev.codekraft.it\/ravaglioli.it\/fr\/product\/pont-elevateur-a-colonne-mobile-rav305h-4ws\/"},{"id":156770,"mpn":"RAV307H.4WS","name":"Pont el\u00e9vateur \u00e0 colonne mobile RAV307H.4WS","description":"4 x 7,5 t, \u00e9lectrohydraulique, sans fil, fonctionnement \u00e0 batterie","thumbnail":"https:\/\/dev.codekraft.it\/ravaglioli.it\/wp-content\/uploads\/brb_media\/00526503_mobile-column-lift-rav307h-mi-150x150.png","url":"https:\/\/dev.codekraft.it\/ravaglioli.it\/fr\/product\/pont-elevateur-a-colonne-mobile-rav307h-4ws\/"},{"id":156776,"mpn":"RAV307H.6WS","name":"Pont el\u00e9vateur \u00e0 colonne mobile RAV307H.6WS","description":"6 x 7,5 t, \u00e9lectrohydraulique, sans fil, fonctionnement \u00e0 batterie","thumbnail":"https:\/\/dev.codekraft.it\/ravaglioli.it\/wp-content\/uploads\/brb_media\/00526503_mobile-column-lift-rav307h-mi-150x150.png","url":"https:\/\/dev.codekraft.it\/ravaglioli.it\/fr\/product\/pont-elevateur-a-colonne-mobile-rav307h-6ws\/"}],"page_logo_src":"https:\/\/dev.codekraft.it\/ravaglioli.it\/wp-content\/uploads\/2026\/04\/rav-negative-logo-1.png","lang":"fr","translations":{"fr":156789,"en":156787,"de":156788,"it":156790,"es":156791,"ru":156792},"pll_sync_post":[],"_links":{"self":[{"href":"https:\/\/dev.codekraft.it\/ravaglioli.it\/wp-json\/wp\/v2\/product\/156789","targetHints":{"allow":["GET"]}}],"collection":[{"href":"https:\/\/dev.codekraft.it\/ravaglioli.it\/wp-json\/wp\/v2\/product"}],"about":[{"href":"https:\/\/dev.codekraft.it\/ravaglioli.it\/wp-json\/wp\/v2\/types\/product"}],"wp:featuredmedia":[{"embeddable":true,"href":"https:\/\/dev.codekraft.it\/ravaglioli.it\/wp-json\/wp\/v2\/media\/156781"}],"wp:attachment":[{"href":"https:\/\/dev.codekraft.it\/ravaglioli.it\/wp-json\/wp\/v2\/media?parent=156789"}],"wp:term":[{"taxonomy":"product_brand","embeddable":true,"href":"https:\/\/dev.codekraft.it\/ravaglioli.it\/wp-json\/wp\/v2\/product_brand?post=156789"},{"taxonomy":"product_cat","embeddable":true,"href":"https:\/\/dev.codekraft.it\/ravaglioli.it\/wp-json\/wp\/v2\/product_cat?post=156789"},{"taxonomy":"product_tag","embeddable":true,"href":"https:\/\/dev.codekraft.it\/ravaglioli.it\/wp-json\/wp\/v2\/product_tag?post=156789"},{"taxonomy":"product_approvals","embeddable":true,"href":"https:\/\/dev.codekraft.it\/ravaglioli.it\/wp-json\/wp\/v2\/product_approvals?post=156789"},{"taxonomy":"product_application","embeddable":true,"href":"https:\/\/dev.codekraft.it\/ravaglioli.it\/wp-json\/wp\/v2\/product_application?post=156789"}],"curies":[{"name":"wp","href":"https:\/\/api.w.org\/{rel}","templated":true}]}}