{"id":156718,"date":"2025-08-05T09:52:25","date_gmt":"2025-08-05T08:52:25","guid":{"rendered":"https:\/\/dev.codekraft.it\/ravaglioli.it\/product\/elevador-de-2-pistones-rav1110nk\/"},"modified":"2026-01-14T23:03:59","modified_gmt":"2026-01-14T23:03:59","slug":"elevador-de-2-pistones-rav1110nk","status":"publish","type":"product","link":"https:\/\/dev.codekraft.it\/ravaglioli.it\/es\/product\/elevador-de-2-pistones-rav1110nk\/","title":{"rendered":"Elevador de 2 pistones RAV1110NK"},"content":{"rendered":"<ul>\n<li>Perfecta sincronizaci\u00f3n de los\u00a0movimientos de los pistones\u00a0independientemente del reparto\u00a0de la carga.<\/li>\n<li>V\u00e1lvulas de seguridad contra\u00a0la sobrecarga y la rotura de los\u00a0tubos hidraulicos.<\/li>\n<li>V\u00e1lvula de control de la\u00a0velocidad de bajada.<\/li>\n<li>Dispositivos de seguridad\u00a0mec\u00e1nicos, hidr\u00e1ulicos y\u00a0el\u00e9ctricos conformes a las\u00a0Normas de Seguridad Europeas.<\/li>\n<\/ul>\n<ul>\n<li>Maintenance free cylinders:\u00a0En cada columna est\u00e1 presente un pist\u00f3n de\u00a0elevaci\u00f3n que no requiere mantenimiento alguno<\/li>\n<li>Double joint:\u00a0Travesa\u00f1o con junta central\u00a0doble anti vibraciones<\/li>\n<li>Safe &#8211; Mechanical lock:\u00a0Dispositivo de apoyo mec\u00e1nico de\u00a0funcionamiento autom\u00e1tico como garant\u00eda\u00a0de la m\u00e1xima seguridad durante la fase de\u00a0estacionamiento<\/li>\n<li>Hard chrome columns:\u00a0Columnas de acero cromado de larga\u00a0duraci\u00f3n<\/li>\n<li>Maintenance free guides:\u00a0Soportes de las columnas en ba\u00f1o de\u00a0aceite, sin mantenimiento<\/li>\n<\/ul>\n<ul>\n<li>Caja en acero con exterior impermeable de\u00a0pl\u00e1stico<\/li>\n<li>Tacos regulables en altura y predispuestos para el alojamiento\u00a0r\u00e1pido de extensiones<\/li>\n<li>Altura minima de los tacos del suelo\u00a0solamente de 95 mm<\/li>\n<li>Acceso al veh\u00edculo completamente libre<\/li>\n<li>Brazos extra bajos, con perfil paralelo al suelo<\/li>\n<\/ul>\n","protected":false},"excerpt":{"rendered":"<p>3,5 t, con brazos giratorios y sistema enchufable de plataforma giratoria regulable en altura, altura de giro inferior 95 mm<\/p>\n","protected":false},"featured_media":156710,"template":"","meta":[],"product_brand":[],"product_cat":[58218],"product_tag":[58296],"product_approvals":[],"product_application":[],"class_list":{"0":"post-156718","1":"product","2":"type-product","3":"status-publish","4":"has-post-thumbnail","6":"product_cat-elevadores-de-pistones-empotrados-es","7":"product_tag-passenger-cars-es","9":"first","10":"instock","11":"shipping-taxable","12":"product-type-simple"},"approvals":[],"application":[],"brb_media_brochure":[{"id":146957,"url":"https:\/\/dev.codekraft.it\/ravaglioli.it\/wp-content\/uploads\/brb_media\/00511154_in-ground-lifts-rav_1110_1125_1155-br.pdf","title":"In Ground Lifts RAV 1110 1125 1155 BR","mpn":"","thumbnail":"https:\/\/dev.codekraft.it\/ravaglioli.it\/wp-content\/uploads\/brb_media\/00511154_in-ground-lifts-rav_1110_1125_1155-br-pdf-106x150.png","description":""}],"brb_media_drawing":"","brb_media_manuals":"","brb_media_safety_datasheets":"","brb_media_spare_parts":[],"_cdmm_p_id":"503112","_company":"Ravaglioli","_gtin":"4057612815412","accessories":[{"id":152512,"mpn":"S224A3","name":"Espesores 80 mm","description":"Para Fiat Ducato, Peugeot Boxer y Citro\u00ebn Jumper | para tacos r\u00e1pidos de brazos K, \u00d8 45 mm | 1 juego \/ 4 piezas","thumbnail":"https:\/\/dev.codekraft.it\/ravaglioli.it\/wp-content\/uploads\/brb_media\/00508724_2-post-lift-s224a3-mi-150x150.png","url":"https:\/\/dev.codekraft.it\/ravaglioli.it\/es\/product\/espesores-80-mm\/"},{"id":152518,"mpn":"S224A4","name":"Espesores 140 mm","description":"Para Fiat Ducato, Peugeot Boxer y Citro\u00ebn Jumper | para tacos r\u00e1pidos de brazos K, \u00d8 45 mm | 1 juego \/ 4 piezas","thumbnail":"https:\/\/dev.codekraft.it\/ravaglioli.it\/wp-content\/uploads\/brb_media\/00508725_2-post-lift-s224a4-mi-150x150.png","url":"https:\/\/dev.codekraft.it\/ravaglioli.it\/es\/product\/espesores-140-mm\/"},{"id":153170,"mpn":"S370A18","name":"Espesores 200 mm","description":"Para Fiat Ducato, Peugeot Boxer y Citro\u00ebn Jumper | rosca \u00d8 45 mm | 1 juego \/ 4 piezas","thumbnail":"https:\/\/dev.codekraft.it\/ravaglioli.it\/wp-content\/uploads\/brb_media\/00508733_2-post-lift-s370a18-mi-150x150.png","url":"https:\/\/dev.codekraft.it\/ravaglioli.it\/es\/product\/espesores-200-mm\/"}],"components":[],"delivery":[],"package":[],"related":[],"similar":[{"id":156727,"mpn":"RAV1110LR","name":"Elevador de 2 pistones RAV1110LR","description":"3,5 t, con brazos giratorios muy planos y sistema enchufable de plataforma giratoria ajustable en altura, altura de giro inferior 80 mm","thumbnail":"https:\/\/dev.codekraft.it\/ravaglioli.it\/wp-content\/uploads\/brb_media\/00522235_inground-lift-rav1110lk_lr-mi-01-150x150.png","url":"https:\/\/dev.codekraft.it\/ravaglioli.it\/es\/product\/elevador-de-2-pistones-rav1110lr\/"},{"id":156750,"mpn":"RAV1125","name":"Elevador de 2 pistones RAV1125","description":"3,5 t, con soporte de viga plana, extensible en el sentido de la marcha","thumbnail":"https:\/\/dev.codekraft.it\/ravaglioli.it\/wp-content\/uploads\/brb_media\/00522240_inground-lift-rav1125-mi-01-150x150.png","url":"https:\/\/dev.codekraft.it\/ravaglioli.it\/es\/product\/elevador-de-2-pistones-rav1125\/"},{"id":156758,"mpn":"RAV1125M","name":"Elevador de 2 pistones RAV1125M","description":"3,5 t, con soporte de viga plana, extensible y desplazable transversalmente en el sentido de la marcha","thumbnail":"https:\/\/dev.codekraft.it\/ravaglioli.it\/wp-content\/uploads\/brb_media\/00522242_inground-lift-rav1125m-mi-01-150x150.png","url":"https:\/\/dev.codekraft.it\/ravaglioli.it\/es\/product\/elevador-de-2-pistones-rav1125m\/"},{"id":156736,"mpn":"RAV1155LIKTA","name":"Elevador de 2 pistones RAV1155LIKTA","description":"5,5 t, para turismos y furgonetas - tambi\u00e9n con batalla larga, con dos brazos largos extensibles de 2 y 3 pliegues","thumbnail":"https:\/\/dev.codekraft.it\/ravaglioli.it\/wp-content\/uploads\/brb_media\/00522254_inground-lift-rav1155likta-pi-01-150x150.png","url":"https:\/\/dev.codekraft.it\/ravaglioli.it\/es\/product\/elevador-de-2-pistones-rav1155likta\/"}],"page_logo_src":"https:\/\/dev.codekraft.it\/ravaglioli.it\/wp-content\/uploads\/2026\/04\/rav-negative-logo-1.png","lang":"es","translations":{"es":156718,"en":156709,"de":156715,"fr":156716,"it":156717,"ru":156719},"pll_sync_post":[],"_links":{"self":[{"href":"https:\/\/dev.codekraft.it\/ravaglioli.it\/wp-json\/wp\/v2\/product\/156718","targetHints":{"allow":["GET"]}}],"collection":[{"href":"https:\/\/dev.codekraft.it\/ravaglioli.it\/wp-json\/wp\/v2\/product"}],"about":[{"href":"https:\/\/dev.codekraft.it\/ravaglioli.it\/wp-json\/wp\/v2\/types\/product"}],"wp:featuredmedia":[{"embeddable":true,"href":"https:\/\/dev.codekraft.it\/ravaglioli.it\/wp-json\/wp\/v2\/media\/156710"}],"wp:attachment":[{"href":"https:\/\/dev.codekraft.it\/ravaglioli.it\/wp-json\/wp\/v2\/media?parent=156718"}],"wp:term":[{"taxonomy":"product_brand","embeddable":true,"href":"https:\/\/dev.codekraft.it\/ravaglioli.it\/wp-json\/wp\/v2\/product_brand?post=156718"},{"taxonomy":"product_cat","embeddable":true,"href":"https:\/\/dev.codekraft.it\/ravaglioli.it\/wp-json\/wp\/v2\/product_cat?post=156718"},{"taxonomy":"product_tag","embeddable":true,"href":"https:\/\/dev.codekraft.it\/ravaglioli.it\/wp-json\/wp\/v2\/product_tag?post=156718"},{"taxonomy":"product_approvals","embeddable":true,"href":"https:\/\/dev.codekraft.it\/ravaglioli.it\/wp-json\/wp\/v2\/product_approvals?post=156718"},{"taxonomy":"product_application","embeddable":true,"href":"https:\/\/dev.codekraft.it\/ravaglioli.it\/wp-json\/wp\/v2\/product_application?post=156718"}],"curies":[{"name":"wp","href":"https:\/\/api.w.org\/{rel}","templated":true}]}}